000
CDUS41 KOKX 170619
CLIBDR


CLIMATE REPORT
NATIONAL WEATHER SERVICE NEW YORK NY
219 AM EDT THU JUL 17 2014


...................................

...THE BRIDGEPORT CT CLIMATE SUMMARY FOR JULY 16 2014...

CLIMATE NORMAL PERIOD 1981 TO 2010
CLIMATE RECORD PERIOD 1948 TO 2014


WEATHER ITEM   OBSERVED TIME   RECORD YEAR NORMAL DEPARTURE LAST
                VALUE   (LST)  VALUE       VALUE  FROM      YEAR
                                                  NORMAL
..................................................................
TEMPERATURE (F)
 YESTERDAY
  MAXIMUM         81    425 PM  95    2013  83     -2       95
  MINIMUM         68    829 AM  57    1954  67      1       75
  AVERAGE         75                        75      0       85

PRECIPITATION (IN)
  YESTERDAY        T             0.93 1984   0.11  -0.11     0.00
  MONTH TO DATE    3.26                      1.62   1.64     0.64
  SINCE JUN 1      7.27                      5.23   2.04    10.12
  SINCE JAN 1     28.93                     23.10   5.83    23.72

SNOWFALL (IN)
  YESTERDAY        0.0           0.0  2002   0.0    0.0      0.0
                                      2001
  MONTH TO DATE    0.0                       0.0    0.0      0.0
  SINCE OCT 1     57.4                      27.6   29.8     64.3
  SINCE JUL 1      0.0                       0.0    0.0      0.0
  SNOW DEPTH       0

DEGREE DAYS
 HEATING
  YESTERDAY        0                         0      0        0
  MONTH TO DATE    0                         0      0        0
  SINCE JUN 1      4                        32    -28       18
  SINCE JUL 1      0                         0      0        0

 COOLING
  YESTERDAY       10                        10      0       20
  MONTH TO DATE  187                       142     45      239
  SINCE JUN 1    333                       285     48      414
  SINCE JAN 1    356                       309     47      452
..................................................................


WIND (MPH)
  HIGHEST WIND SPEED    16   HIGHEST WIND DIRECTION    NW (320)
  HIGHEST GUST SPEED    21   HIGHEST GUST DIRECTION    NW (320)
  AVERAGE WIND SPEED     5.4


SKY COVER
  AVERAGE SKY COVER 0.5


WEATHER CONDITIONS
 THE FOLLOWING WEATHER WAS RECORDED YESTERDAY.
  LIGHT RAIN


RELATIVE HUMIDITY (PERCENT)
 HIGHEST    93          1200 AM
 LOWEST     56           100 PM
 AVERAGE    75

..........................................................


THE BRIDGEPORT CT CLIMATE NORMALS FOR TODAY
                         NORMAL    RECORD    YEAR
 MAXIMUM TEMPERATURE (F)   83        95      1953
 MINIMUM TEMPERATURE (F)   67        56      1954


SUNRISE AND SUNSET
JULY 17 2014..........SUNRISE   534 AM EDT   SUNSET   823 PM EDT
JULY 18 2014..........SUNRISE   535 AM EDT   SUNSET   822 PM EDT


-  INDICATES NEGATIVE NUMBERS.
R  INDICATES RECORD WAS SET OR TIED.
MM INDICATES DATA IS MISSING.
T  INDICATES TRACE AMOUNT.




$$
