000
CDUS41 KOKX 310621
CLIBDR


CLIMATE REPORT
NATIONAL WEATHER SERVICE NEW YORK NY
221 AM EDT WED MAY 31 2017


...................................

...THE BRIDGEPORT CT CLIMATE SUMMARY FOR MAY 30 2017...

CLIMATE NORMAL PERIOD 1981 TO 2010
CLIMATE RECORD PERIOD 1948 TO 2017


WEATHER ITEM   OBSERVED TIME   RECORD YEAR NORMAL DEPARTURE LAST
                VALUE   (LST)  VALUE       VALUE  FROM      YEAR
                                                  NORMAL
..................................................................
TEMPERATURE (F)
 YESTERDAY
  MAXIMUM         61    452 PM  89    2013  72    -11       80
  MINIMUM         55    406 AM  42    1949  55      0       65
  AVERAGE         58                        64     -6       73

PRECIPITATION (IN)
  YESTERDAY        T             2.06 1984   0.14  -0.14     1.23
  MONTH TO DATE    5.13                      3.67   1.46     3.50
  SINCE MAR 1     14.29                     11.85   2.44     8.38
  SINCE JAN 1     19.48                     17.74   1.74    15.54

SNOWFALL (IN)
  YESTERDAY        0.0           0.0  2002   0.0    0.0      0.0
                                      2001
  MONTH TO DATE    0.0                       0.0    0.0      0.0
  SINCE OCT 1     40.9                      27.6   13.3     27.3
  SINCE JUL 1     40.9                      27.6   13.3     27.3
  SNOW DEPTH       0

DEGREE DAYS
 HEATING
  YESTERDAY        7                         3      4        0
  MONTH TO DATE  192                       202    -10      198
  SINCE MAR 1   1371                      1470    -99     1282
  SINCE JUL 1   4538                      5357   -819     4417

 COOLING
  YESTERDAY        0                         2     -2        8
  MONTH TO DATE   36                        19     17       48
  SINCE MAR 1     44                        21     23       48
  SINCE JAN 1     44                        21     23       48
..................................................................


WIND (MPH)
  HIGHEST WIND SPEED    13   HIGHEST WIND DIRECTION     E (110)
  HIGHEST GUST SPEED    16   HIGHEST GUST DIRECTION     E (110)
  AVERAGE WIND SPEED     7.5


SKY COVER
  AVERAGE SKY COVER 1.0


WEATHER CONDITIONS
 THE FOLLOWING WEATHER WAS RECORDED YESTERDAY.
  LIGHT RAIN
  FOG


RELATIVE HUMIDITY (PERCENT)
 HIGHEST    86          1200 AM
 LOWEST     78           200 PM
 AVERAGE    82

..........................................................


THE BRIDGEPORT CT CLIMATE NORMALS FOR TODAY
                         NORMAL    RECORD    YEAR
 MAXIMUM TEMPERATURE (F)   72        91      2013
                                             1987
 MINIMUM TEMPERATURE (F)   56        41      1961


SUNRISE AND SUNSET
MAY 31 2017...........SUNRISE   523 AM EDT   SUNSET   818 PM EDT
JUNE  1 2017..........SUNRISE   522 AM EDT   SUNSET   819 PM EDT


-  INDICATES NEGATIVE NUMBERS.
R  INDICATES RECORD WAS SET OR TIED.
MM INDICATES DATA IS MISSING.
T  INDICATES TRACE AMOUNT.




$$
