000
CDUS41 KOKX 190627
CLIBDR


CLIMATE REPORT
NATIONAL WEATHER SERVICE NEW YORK NY
227 AM EDT WED AUG 19 2015


...................................

...THE BRIDGEPORT CT CLIMATE SUMMARY FOR AUGUST 18 2015...

CLIMATE NORMAL PERIOD 1981 TO 2010
CLIMATE RECORD PERIOD 1948 TO 2015


WEATHER ITEM   OBSERVED TIME   RECORD YEAR NORMAL DEPARTURE LAST
                VALUE   (LST)  VALUE       VALUE  FROM      YEAR
                                                  NORMAL
..................................................................
TEMPERATURE (F)
 YESTERDAY
  MAXIMUM         88    245 PM  93    2002  81      7       80
                                      1956
  MINIMUM         76    615 AM  53    1981  66     10       58
  AVERAGE         82                        73      9       69

PRECIPITATION (IN)
  YESTERDAY        0.00          1.92 1955   0.13  -0.13     0.00
  MONTH TO DATE    1.51                      2.38  -0.87     1.90
  SINCE JUN 1      8.91                      9.45  -0.54     9.37
  SINCE JAN 1     23.21                     27.32  -4.11    31.03

SNOWFALL (IN)
  YESTERDAY        0.0           0.0  2002   0.0    0.0      0.0
                                      2001
  MONTH TO DATE    0.0                       0.0    0.0      0.0
  SINCE OCT 1     59.7                      27.6   32.1     57.4
  SINCE JUL 1      0.0                       0.0    0.0      0.0
  SNOW DEPTH       0

DEGREE DAYS
 HEATING
  YESTERDAY        0                         0      0        0
  MONTH TO DATE    0                         0      0        0
  SINCE JUN 1     52                        33     19        4
  SINCE JUL 1      0                         1     -1        0

 COOLING
  YESTERDAY       17                         8      9        4
  MONTH TO DATE  207                       166     41      147
  SINCE JUN 1    721                       598    123      616
  SINCE JAN 1    775                       622    153      639
..................................................................


WIND (MPH)
  HIGHEST WIND SPEED    17   HIGHEST WIND DIRECTION     S (200)
  HIGHEST GUST SPEED    20   HIGHEST GUST DIRECTION     S (180)
  AVERAGE WIND SPEED     8.8


SKY COVER
  AVERAGE SKY COVER 0.0


WEATHER CONDITIONS
 THE FOLLOWING WEATHER WAS RECORDED YESTERDAY.
  NO SIGNIFICANT WEATHER WAS OBSERVED.


RELATIVE HUMIDITY (PERCENT)
 HIGHEST    82          1100 PM
 LOWEST     51           300 PM
 AVERAGE    67

..........................................................


THE BRIDGEPORT CT CLIMATE NORMALS FOR TODAY
                         NORMAL    RECORD    YEAR
 MAXIMUM TEMPERATURE (F)   81        90      2002
                                             1966
                                             1956
 MINIMUM TEMPERATURE (F)   66        53      1953


SUNRISE AND SUNSET
AUGUST 19 2015........SUNRISE   606 AM EDT   SUNSET   746 PM EDT
AUGUST 20 2015........SUNRISE   607 AM EDT   SUNSET   744 PM EDT


-  INDICATES NEGATIVE NUMBERS.
R  INDICATES RECORD WAS SET OR TIED.
MM INDICATES DATA IS MISSING.
T  INDICATES TRACE AMOUNT.




$$
