000
CDUS41 KOKX 192037
CLIBDR


CLIMATE REPORT
NATIONAL WEATHER SERVICE NEW YORK NY
437 PM EDT FRI JUN 19 2015


...................................

...THE BRIDGEPORT CT CLIMATE SUMMARY FOR JUNE 19 2015...
VALID TODAY AS OF 0400 PM LOCAL TIME.

CLIMATE NORMAL PERIOD 1981 TO 2010
CLIMATE RECORD PERIOD 1948 TO 2015


WEATHER ITEM   OBSERVED TIME   RECORD YEAR NORMAL DEPARTURE LAST
                VALUE   (LST)  VALUE       VALUE  FROM      YEAR
                                                  NORMAL
..................................................................
TEMPERATURE (F)
 TODAY
  MAXIMUM         82    244 PM  96    1994  78      4       74
  MINIMUM         66    603 AM  51    1986  62      4       65
  AVERAGE         74                        70      4       70

PRECIPITATION (IN)
  TODAY            0.14          6.18 1972   0.12   0.02     0.66
  MONTH TO DATE    2.38                      2.55  -0.17     3.98
  SINCE JUN 1      2.38                      2.55  -0.17     3.98
  SINCE JAN 1     16.68                     20.42  -3.74    25.64

SNOWFALL (IN)
  TODAY            0.0           0.0  2002   0.0    0.0      0.0
                                      2001
  MONTH TO DATE    0.0                       0.0    0.0      0.0
  SINCE OCT 1     59.7                      27.6   32.1     57.4
  SINCE JUL 1     59.7                      27.6   32.1     57.4
  SNOW DEPTH       0

DEGREE DAYS
 HEATING
  TODAY            0                         1     -1        0
  MONTH TO DATE   52                        30     22        4
  SINCE JUN 1     52                        30     22        4
  SINCE JUL 1   5673                      5390    283     5618

 COOLING
  TODAY            9                         5      4        5
  MONTH TO DATE   82                        69     13       69
  SINCE JUN 1     82                        69     13       69
  SINCE JAN 1    136                        93     43       92
..................................................................


WIND (MPH)
  HIGHEST WIND SPEED    14   HIGHEST WIND DIRECTION    SW (210)
  HIGHEST GUST SPEED    15   HIGHEST GUST DIRECTION    SW (220)
  AVERAGE WIND SPEED     7.2


SKY COVER
  AVERAGE SKY COVER 0.6


WEATHER CONDITIONS
 THE FOLLOWING WEATHER WAS RECORDED TODAY.
  HEAVY RAIN
  LIGHT RAIN
  FOG


RELATIVE HUMIDITY (PERCENT)
 HIGHEST    90           700 AM
 LOWEST     67           200 PM
 AVERAGE    79

..........................................................


THE BRIDGEPORT CT CLIMATE NORMALS FOR TOMORROW
                         NORMAL    RECORD    YEAR
 MAXIMUM TEMPERATURE (F)   78        93      1953
 MINIMUM TEMPERATURE (F)   62        49      1959


SUNRISE AND SUNSET
JUNE 19 2015..........SUNRISE   520 AM EDT   SUNSET   828 PM EDT
JUNE 20 2015..........SUNRISE   520 AM EDT   SUNSET   828 PM EDT


-  INDICATES NEGATIVE NUMBERS.
R  INDICATES RECORD WAS SET OR TIED.
MM INDICATES DATA IS MISSING.
T  INDICATES TRACE AMOUNT.




$$
