000
CDUS41 KOKX 280618
CLIBDR


CLIMATE REPORT
NATIONAL WEATHER SERVICE NEW YORK NY
216 AM EDT THU SEP 28 2017


...................................

...THE BRIDGEPORT CT CLIMATE SUMMARY FOR SEPTEMBER 27 2017...

CLIMATE NORMAL PERIOD 1981 TO 2010
CLIMATE RECORD PERIOD 1948 TO 2017


WEATHER ITEM   OBSERVED TIME   RECORD YEAR NORMAL DEPARTURE LAST
                VALUE   (LST)  VALUE       VALUE  FROM      YEAR
                                                  NORMAL
..................................................................
TEMPERATURE (F)
 YESTERDAY
  MAXIMUM         78    400 PM  84    1998  70      8       73
  MINIMUM         67    515 AM  37    1957  54     13       62
  AVERAGE         73                        62     11       68

PRECIPITATION (IN)
  YESTERDAY        0.00          1.62 1962   0.13  -0.13     0.36
  MONTH TO DATE    1.73                      3.10  -1.37     2.68
  SINCE SEP 1      1.73                      3.10  -1.37     2.68
  SINCE JAN 1     30.32                     32.00  -1.68    27.44

SNOWFALL (IN)
  YESTERDAY        0.0           0.0  2002   0.0    0.0      0.0
                                      2001
  MONTH TO DATE    0.0                       0.0    0.0      0.0
  SINCE OCT 1     40.9                      27.6   13.3     27.3
  SINCE JUL 1      0.0                       0.0    0.0      0.0
  SNOW DEPTH       0

DEGREE DAYS
 HEATING
  YESTERDAY        0                         4     -4        0
  MONTH TO DATE   12                        49    -37        9
  SINCE SEP 1     12                        49    -37        9
  SINCE JUL 1     12                        53    -41        9

 COOLING
  YESTERDAY        8                         1      7        3
  MONTH TO DATE  154                        95     59      191
  SINCE SEP 1    154                        95     59      191
  SINCE JAN 1    991                       813    178     1243
..................................................................


WIND (MPH)
  HIGHEST WIND SPEED    14   HIGHEST WIND DIRECTION     E (110)
  HIGHEST GUST SPEED    16   HIGHEST GUST DIRECTION    SE (120)
  AVERAGE WIND SPEED     6.5


SKY COVER
  AVERAGE SKY COVER 0.5


WEATHER CONDITIONS
 THE FOLLOWING WEATHER WAS RECORDED YESTERDAY.
  FOG
  FOG W/VISIBILITY <= 1/4 MILE


RELATIVE HUMIDITY (PERCENT)
 HIGHEST   100           500 AM
 LOWEST     74          1100 AM
 AVERAGE    87

..........................................................


THE BRIDGEPORT CT CLIMATE NORMALS FOR TODAY
                         NORMAL    RECORD    YEAR
 MAXIMUM TEMPERATURE (F)   70        81      1959
 MINIMUM TEMPERATURE (F)   53        36      1957


SUNRISE AND SUNSET
SEPTEMBER 28 2017.....SUNRISE   646 AM EDT   SUNSET   639 PM EDT
SEPTEMBER 29 2017.....SUNRISE   647 AM EDT   SUNSET   637 PM EDT


-  INDICATES NEGATIVE NUMBERS.
R  INDICATES RECORD WAS SET OR TIED.
MM INDICATES DATA IS MISSING.
T  INDICATES TRACE AMOUNT.




$$
