000
CDUS41 KOKX 190640
CLIBDR


CLIMATE REPORT
NATIONAL WEATHER SERVICE NEW YORK NY
138 AM EST THU FEB 19 2015


...................................

...THE BRIDGEPORT CT CLIMATE SUMMARY FOR FEBRUARY 18 2015...

CLIMATE NORMAL PERIOD 1981 TO 2010
CLIMATE RECORD PERIOD 1948 TO 2015


WEATHER ITEM   OBSERVED TIME   RECORD YEAR NORMAL DEPARTURE LAST
                VALUE   (LST)  VALUE       VALUE  FROM      YEAR
                                                  NORMAL
..................................................................
TEMPERATURE (F)
 YESTERDAY
  MAXIMUM         28    756 PM  60    1981  40    -12       35
  MINIMUM          8    619 AM   0    1979  26    -18       19
  AVERAGE         18                        33    -15       27

PRECIPITATION (IN)
  YESTERDAY        T             1.95 1960   0.10  -0.10     0.27
  MONTH TO DATE    1.33                      1.69  -0.36     3.83
  SINCE DEC 1     11.09                      8.12   2.97    10.94
  SINCE JAN 1      5.44                      4.79   0.65     6.61

SNOWFALL (IN)
  YESTERDAY        T             4.0  1952   0.3   -0.3      2.7
  MONTH TO DATE   17.2                       5.2   12.0     32.1
  SINCE OCT 1     36.8                      18.7   18.1     56.5
  SINCE JUL 1     36.8                      18.7   18.1     56.5
  SNOW DEPTH      11

DEGREE DAYS
 HEATING
  YESTERDAY       47                        32     15       38
  MONTH TO DATE  798                       601    197      674
  SINCE DEC 1   2741                      2603    138     2765
  SINCE JUL 1   3647                      3577     70     3718

 COOLING
  YESTERDAY        0                         0      0        0
  MONTH TO DATE    0                         0      0        0
  SINCE DEC 1      0                         0      0        0
  SINCE JAN 1      0                         0      0        0
..................................................................


WIND (MPH)
  HIGHEST WIND SPEED    10   HIGHEST WIND DIRECTION     E (100)
  HIGHEST GUST SPEED    13   HIGHEST GUST DIRECTION    NE (30)
  AVERAGE WIND SPEED     4.2


SKY COVER
  AVERAGE SKY COVER 0.2


WEATHER CONDITIONS
 THE FOLLOWING WEATHER WAS RECORDED YESTERDAY.
  LIGHT SNOW


RELATIVE HUMIDITY (PERCENT)
 HIGHEST    92           100 AM
 LOWEST     55          1200 PM
 AVERAGE    74

..........................................................


THE BRIDGEPORT CT CLIMATE NORMALS FOR TODAY
                         NORMAL    RECORD    YEAR
 MAXIMUM TEMPERATURE (F)   40        61      1997
 MINIMUM TEMPERATURE (F)   26        10      1959


SUNRISE AND SUNSET
FEBRUARY 19 2015......SUNRISE   642 AM EST   SUNSET   531 PM EST
FEBRUARY 20 2015......SUNRISE   641 AM EST   SUNSET   532 PM EST


-  INDICATES NEGATIVE NUMBERS.
R  INDICATES RECORD WAS SET OR TIED.
MM INDICATES DATA IS MISSING.
T  INDICATES TRACE AMOUNT.




$$
