000
CDUS41 KOKX 070619
CLIBDR


CLIMATE REPORT
NATIONAL WEATHER SERVICE NEW YORK NY
218 AM EDT TUE OCT 7 2014


...................................

...THE BRIDGEPORT CT CLIMATE SUMMARY FOR OCTOBER 6 2014...

CLIMATE NORMAL PERIOD 1981 TO 2010
CLIMATE RECORD PERIOD 1948 TO 2014


WEATHER ITEM   OBSERVED TIME   RECORD YEAR NORMAL DEPARTURE LAST
                VALUE   (LST)  VALUE       VALUE  FROM      YEAR
                                                  NORMAL
..................................................................
TEMPERATURE (F)
 YESTERDAY
  MAXIMUM         69    247 PM  86    1997  67      2       67
  MINIMUM         44    529 AM  33    1984  50     -6       63
                                      1965
  AVERAGE         57                        58     -1       65

PRECIPITATION (IN)
  YESTERDAY        0.00          1.35 1978   0.13  -0.13     0.03
  MONTH TO DATE    0.97                      0.71   0.26     0.05
  SINCE SEP 1      3.07                      4.19  -1.12     2.77
  SINCE JAN 1     34.31                     33.09   1.22    29.55

SNOWFALL (IN)
  YESTERDAY        0.0           0.0  2002   0.0    0.0      0.0
                                      2001
  MONTH TO DATE    0.0                       0.0    0.0      0.0
  SINCE OCT 1      0.0                       0.0    0.0      0.0
  SINCE JUL 1      0.0                       0.0    0.0      0.0
  SNOW DEPTH       0

DEGREE DAYS
 HEATING
  YESTERDAY        8                         7      1        0
  MONTH TO DATE   36                        39     -3        0
  SINCE SEP 1     76                       103    -27       81
  SINCE JUL 1     76                       107    -31       81

 COOLING
  YESTERDAY        0                         1     -1        0
  MONTH TO DATE    0                         6     -6       16
  SINCE SEP 1    131                       104     27      112
  SINCE JAN 1    865                       822     43      997
..................................................................


WIND (MPH)
  HIGHEST WIND SPEED    18   HIGHEST WIND DIRECTION     S (200)
  HIGHEST GUST SPEED    24   HIGHEST GUST DIRECTION     S (200)
  AVERAGE WIND SPEED     9.4


SKY COVER
  AVERAGE SKY COVER 0.1


WEATHER CONDITIONS
 THE FOLLOWING WEATHER WAS RECORDED YESTERDAY.
  NO SIGNIFICANT WEATHER WAS OBSERVED.


RELATIVE HUMIDITY (PERCENT)
 HIGHEST    92           600 AM
 LOWEST     42           300 PM
 AVERAGE    67

..........................................................


THE BRIDGEPORT CT CLIMATE NORMALS FOR TODAY
                         NORMAL    RECORD    YEAR
 MAXIMUM TEMPERATURE (F)   66        78      2013
                                             2007
                                             1997
 MINIMUM TEMPERATURE (F)   50        35      1986
                                             1984


SUNRISE AND SUNSET
OCTOBER  7 2014.......SUNRISE   655 AM EDT   SUNSET   625 PM EDT
OCTOBER  8 2014.......SUNRISE   656 AM EDT   SUNSET   623 PM EDT


-  INDICATES NEGATIVE NUMBERS.
R  INDICATES RECORD WAS SET OR TIED.
MM INDICATES DATA IS MISSING.
T  INDICATES TRACE AMOUNT.




$$
