000
CDUS41 KOKX 040618
CLIBDR


CLIMATE REPORT
NATIONAL WEATHER SERVICE NEW YORK NY
118 AM EST SAT MAR 4 2017


...................................

...THE BRIDGEPORT CT CLIMATE SUMMARY FOR MARCH 3 2017...

CLIMATE NORMAL PERIOD 1981 TO 2010
CLIMATE RECORD PERIOD 1948 TO 2017


WEATHER ITEM   OBSERVED TIME   RECORD YEAR NORMAL DEPARTURE LAST
                VALUE   (LST)  VALUE       VALUE  FROM      YEAR
                                                  NORMAL
..................................................................
TEMPERATURE (F)
 YESTERDAY
  MAXIMUM         41    320 PM  58    2004  43     -2       35
                                      1967
  MINIMUM         24   1159 PM   8    1962  28     -4       24
                                      1950
  AVERAGE         33                        36     -3       30

PRECIPITATION (IN)
  YESTERDAY        0.00          1.38 1972   0.12  -0.12     0.00
  MONTH TO DATE    0.29                      0.36  -0.07     0.33
  SINCE MAR 1      0.29                      0.36  -0.07     0.33
  SINCE JAN 1      5.48                      6.25  -0.77     7.49

SNOWFALL (IN)
  YESTERDAY        0.0           7.5  1960   0.3   -0.3      0.0
  MONTH TO DATE    0.0                       0.8   -0.8      0.0
  SINCE OCT 1     29.8                      22.4    7.4     24.9
  SINCE JUL 1     29.8                      22.4    7.4     24.9
  SNOW DEPTH       0

DEGREE DAYS
 HEATING
  YESTERDAY       32                        29      3       35
  MONTH TO DATE   64                        89    -25       84
  SINCE MAR 1     64                        89    -25       84
  SINCE JUL 1   3231                      3976   -745     3219

 COOLING
  YESTERDAY        0                         0      0        0
  MONTH TO DATE    0                         0      0        0
  SINCE MAR 1      0                         0      0        0
  SINCE JAN 1      0                         0      0        0
..................................................................


WIND (MPH)
  HIGHEST WIND SPEED    29   HIGHEST WIND DIRECTION    NW (300)
  HIGHEST GUST SPEED    39   HIGHEST GUST DIRECTION     W (290)
  AVERAGE WIND SPEED    13.8


SKY COVER
  AVERAGE SKY COVER 0.2


WEATHER CONDITIONS
 THE FOLLOWING WEATHER WAS RECORDED YESTERDAY.
  NO SIGNIFICANT WEATHER WAS OBSERVED.


RELATIVE HUMIDITY (PERCENT)
 HIGHEST    47           300 AM
 LOWEST     21           500 PM
 AVERAGE    34

..........................................................


THE BRIDGEPORT CT CLIMATE NORMALS FOR TODAY
                         NORMAL    RECORD    YEAR
 MAXIMUM TEMPERATURE (F)   44        58      1974
 MINIMUM TEMPERATURE (F)   28         5      1950


SUNRISE AND SUNSET
MARCH  4 2017.........SUNRISE   622 AM EST   SUNSET   547 PM EST
MARCH  5 2017.........SUNRISE   620 AM EST   SUNSET   548 PM EST


-  INDICATES NEGATIVE NUMBERS.
R  INDICATES RECORD WAS SET OR TIED.
MM INDICATES DATA IS MISSING.
T  INDICATES TRACE AMOUNT.




$$
