000
CDUS41 KOKX 120624
CLIBDR


CLIMATE REPORT
NATIONAL WEATHER SERVICE NEW YORK NY
224 AM EDT TUE APR 12 2016


...................................

...THE BRIDGEPORT CT CLIMATE SUMMARY FOR APRIL 11 2016...

CLIMATE NORMAL PERIOD 1981 TO 2010
CLIMATE RECORD PERIOD 1948 TO 2016


WEATHER ITEM   OBSERVED TIME   RECORD YEAR NORMAL DEPARTURE LAST
                VALUE   (LST)  VALUE       VALUE  FROM      YEAR
                                                  NORMAL
..................................................................
TEMPERATURE (F)
 YESTERDAY
  MAXIMUM         58    315 PM  79    1955  56      2       60
  MINIMUM         45    621 AM  27    1960  40      5       40
  AVERAGE         52                        48      4       50

PRECIPITATION (IN)
  YESTERDAY        0.02          0.98 1958   0.15  -0.13     0.00
  MONTH TO DATE    1.73                      1.57   0.16     0.40
  SINCE MAR 1      3.90                      5.62  -1.72     5.12
  SINCE JAN 1     11.06                     11.51  -0.45    11.46

SNOWFALL (IN)
  YESTERDAY        0.0           1.0  1958   0.1   -0.1      0.0
  MONTH TO DATE    0.1                       0.6   -0.5      0.0
  SINCE OCT 1     27.3                      27.3    0.0     59.7
  SINCE JUL 1     27.3                      27.3    0.0     59.7
  SNOW DEPTH       0

DEGREE DAYS
 HEATING
  YESTERDAY       13                        17     -4       15
  MONTH TO DATE  236                       209     27      228
  SINCE MAR 1    859                      1006   -147     1188
  SINCE JUL 1   3994                      4893   -899     5294

 COOLING
  YESTERDAY        0                         0      0        0
  MONTH TO DATE    0                         0      0        0
  SINCE MAR 1      0                         0      0        0
  SINCE JAN 1      0                         0      0        0
..................................................................


WIND (MPH)
  HIGHEST WIND SPEED    20   HIGHEST WIND DIRECTION     S (190)
  HIGHEST GUST SPEED    26   HIGHEST GUST DIRECTION     S (190)
  AVERAGE WIND SPEED    11.2


SKY COVER
  AVERAGE SKY COVER 0.8


WEATHER CONDITIONS
 THE FOLLOWING WEATHER WAS RECORDED YESTERDAY.
  LIGHT RAIN


RELATIVE HUMIDITY (PERCENT)
 HIGHEST    83           900 PM
 LOWEST     55           200 PM
 AVERAGE    69

..........................................................


THE BRIDGEPORT CT CLIMATE NORMALS FOR TODAY
                         NORMAL    RECORD    YEAR
 MAXIMUM TEMPERATURE (F)   57        86      1977
 MINIMUM TEMPERATURE (F)   40        25      1976


SUNRISE AND SUNSET
APRIL 12 2016.........SUNRISE   617 AM EDT   SUNSET   730 PM EDT
APRIL 13 2016.........SUNRISE   616 AM EDT   SUNSET   731 PM EDT


-  INDICATES NEGATIVE NUMBERS.
R  INDICATES RECORD WAS SET OR TIED.
MM INDICATES DATA IS MISSING.
T  INDICATES TRACE AMOUNT.




$$
