000
CDUS41 KOKX 300635
CLIBDR


CLIMATE REPORT
NATIONAL WEATHER SERVICE NEW YORK NY
235 AM EDT THU JUN 30 2016


...................................

...THE BRIDGEPORT CT CLIMATE SUMMARY FOR JUNE 29 2016...

CLIMATE NORMAL PERIOD 1981 TO 2010
CLIMATE RECORD PERIOD 1948 TO 2016


WEATHER ITEM   OBSERVED TIME   RECORD YEAR NORMAL DEPARTURE LAST
                VALUE   (LST)  VALUE       VALUE  FROM      YEAR
                                                  NORMAL
..................................................................
TEMPERATURE (F)
 YESTERDAY
  MAXIMUM         84    631 PM  93    1959  81      3       77
  MINIMUM         70    558 AM  53    1956  64      6       60
  AVERAGE         77                        72      5       69

PRECIPITATION (IN)
  YESTERDAY        T             1.12 1953   0.09  -0.09     0.00
  MONTH TO DATE    1.26                      3.51  -2.25     4.73
  SINCE JUN 1      1.26                      3.51  -2.25     4.73
  SINCE JAN 1     16.80                     21.38  -4.58    19.03

SNOWFALL (IN)
  YESTERDAY        0.0           0.0  2002   0.0    0.0      0.0
                                      2001
  MONTH TO DATE    0.0                       0.0    0.0      0.0
  SINCE OCT 1     27.3                      27.6   -0.3     59.7
  SINCE JUL 1     27.3                      27.6   -0.3     59.7
  SNOW DEPTH       0

DEGREE DAYS
 HEATING
  YESTERDAY        0                         0      0        0
  MONTH TO DATE    4                        30    -26       52
  SINCE JUN 1      4                        30    -26       52
  SINCE JUL 1   4421                      5390   -969     5676

 COOLING
  YESTERDAY       12                         7      5        4
  MONTH TO DATE  160                       134     26      154
  SINCE JUN 1    160                       134     26      154
  SINCE JAN 1    218                       158     60      208
..................................................................


WIND (MPH)
  HIGHEST WIND SPEED    15   HIGHEST WIND DIRECTION    SW (220)
  HIGHEST GUST SPEED    18   HIGHEST GUST DIRECTION    SW (210)
  AVERAGE WIND SPEED     7.2


SKY COVER
  AVERAGE SKY COVER 0.4


WEATHER CONDITIONS
 THE FOLLOWING WEATHER WAS RECORDED YESTERDAY.
  LIGHT RAIN
  FOG
  HAZE


RELATIVE HUMIDITY (PERCENT)
 HIGHEST    97           200 AM
 LOWEST     40           700 PM
 AVERAGE    69

..........................................................


THE BRIDGEPORT CT CLIMATE NORMALS FOR TODAY
                         NORMAL    RECORD    YEAR
 MAXIMUM TEMPERATURE (F)   81        94      1959
 MINIMUM TEMPERATURE (F)   64        51      1988


SUNRISE AND SUNSET
JUNE 30 2016..........SUNRISE   523 AM EDT   SUNSET   829 PM EDT
JULY  1 2016..........SUNRISE   524 AM EDT   SUNSET   829 PM EDT


-  INDICATES NEGATIVE NUMBERS.
R  INDICATES RECORD WAS SET OR TIED.
MM INDICATES DATA IS MISSING.
T  INDICATES TRACE AMOUNT.




$$
