000
CDUS41 KOKX 220632
CLIBDR


CLIMATE REPORT
NATIONAL WEATHER SERVICE NEW YORK NY
231 AM EDT MON JUN 22 2015


...................................

...THE BRIDGEPORT CT CLIMATE SUMMARY FOR JUNE 21 2015...

CLIMATE NORMAL PERIOD 1981 TO 2010
CLIMATE RECORD PERIOD 1948 TO 2015


WEATHER ITEM   OBSERVED TIME   RECORD YEAR NORMAL DEPARTURE LAST
                VALUE   (LST)  VALUE       VALUE  FROM      YEAR
                                                  NORMAL
..................................................................
TEMPERATURE (F)
 YESTERDAY
  MAXIMUM         89    458 PM  96    2012  79     10       74
  MINIMUM         66   1219 AM  51    1970  62      4       58
  AVERAGE         78                        70      8       66

PRECIPITATION (IN)
  YESTERDAY        0.54          0.72 2003   0.10   0.44     0.00
  MONTH TO DATE    3.21                      2.75   0.46     3.98
  SINCE JUN 1      3.21                      2.75   0.46     3.98
  SINCE JAN 1     17.51                     20.62  -3.11    25.64

SNOWFALL (IN)
  YESTERDAY        0.0           0.0  2002   0.0    0.0      0.0
                                      2001
  MONTH TO DATE    0.0                       0.0    0.0      0.0
  SINCE OCT 1     59.7                      27.6   32.1     57.4
  SINCE JUL 1     59.7                      27.6   32.1     57.4
  SNOW DEPTH       0

DEGREE DAYS
 HEATING
  YESTERDAY        0                         0      0        0
  MONTH TO DATE   52                        30     22        4
  SINCE JUN 1     52                        30     22        4
  SINCE JUL 1   5673                      5390    283     5618

 COOLING
  YESTERDAY       13                         6      7        1
  MONTH TO DATE  100                        81     19       75
  SINCE JUN 1    100                        81     19       75
  SINCE JAN 1    154                       105     49       98
..................................................................


WIND (MPH)
  HIGHEST WIND SPEED    20   HIGHEST WIND DIRECTION    NW (330)
  HIGHEST GUST SPEED    30   HIGHEST GUST DIRECTION    NW (320)
  AVERAGE WIND SPEED     7.9


SKY COVER
  AVERAGE SKY COVER 0.5


WEATHER CONDITIONS
 THE FOLLOWING WEATHER WAS RECORDED YESTERDAY.
  THUNDERSTORM
  HEAVY RAIN
  RAIN
  LIGHT RAIN
  FOG


RELATIVE HUMIDITY (PERCENT)
 HIGHEST   100           600 AM
 LOWEST     50           500 PM
 AVERAGE    75

..........................................................


THE BRIDGEPORT CT CLIMATE NORMALS FOR TODAY
                         NORMAL    RECORD    YEAR
 MAXIMUM TEMPERATURE (F)   79        93      1949
 MINIMUM TEMPERATURE (F)   63        51      1986


SUNRISE AND SUNSET
JUNE 22 2015..........SUNRISE   520 AM EDT   SUNSET   829 PM EDT
JUNE 23 2015..........SUNRISE   520 AM EDT   SUNSET   829 PM EDT


-  INDICATES NEGATIVE NUMBERS.
R  INDICATES RECORD WAS SET OR TIED.
MM INDICATES DATA IS MISSING.
T  INDICATES TRACE AMOUNT.




$$
