000
CDUS41 KOKX 050616
CLIBDR


CLIMATE REPORT
NATIONAL WEATHER SERVICE NEW YORK NY
216 AM EDT FRI SEP 5 2014


...................................

...THE BRIDGEPORT CT CLIMATE SUMMARY FOR SEPTEMBER 4 2014...

CLIMATE NORMAL PERIOD 1981 TO 2010
CLIMATE RECORD PERIOD 1948 TO 2014


WEATHER ITEM   OBSERVED TIME   RECORD YEAR NORMAL DEPARTURE LAST
                VALUE   (LST)  VALUE       VALUE  FROM      YEAR
                                                  NORMAL
..................................................................
TEMPERATURE (F)
 YESTERDAY
  MAXIMUM         84    331 PM  91    1973  78      6       83
  MINIMUM         64    526 AM  51    1997  62      2       61
  AVERAGE         74                        70      4       72

PRECIPITATION (IN)
  YESTERDAY        0.00          0.93 1988   0.11  -0.11     0.00
  MONTH TO DATE    T                         0.45  -0.45     0.04
  SINCE SEP 1      T                         0.45  -0.45     0.04
  SINCE JAN 1     31.24                     29.35   1.89    26.82

SNOWFALL (IN)
  YESTERDAY        0.0           0.0  2002   0.0    0.0      0.0
                                      2001
  MONTH TO DATE    0.0                       0.0    0.0      0.0
  SINCE OCT 1     57.4                      27.6   29.8     64.3
  SINCE JUL 1      0.0                       0.0    0.0      0.0
  SNOW DEPTH       0

DEGREE DAYS
 HEATING
  YESTERDAY        0                         0      0        0
  MONTH TO DATE    0                         0      0        0
  SINCE SEP 1      0                         0      0        0
  SINCE JUL 1      0                         4     -4        0

 COOLING
  YESTERDAY        9                         6      3        7
  MONTH TO DATE   55                        24     31       38
  SINCE SEP 1     55                        24     31       38
  SINCE JAN 1    789                       742     47      923
..................................................................


WIND (MPH)
  HIGHEST WIND SPEED    13   HIGHEST WIND DIRECTION    SW (220)
  HIGHEST GUST SPEED    15   HIGHEST GUST DIRECTION    SW (230)
  AVERAGE WIND SPEED     6.6


SKY COVER
  AVERAGE SKY COVER 0.0


WEATHER CONDITIONS
 THE FOLLOWING WEATHER WAS RECORDED YESTERDAY.
  NO SIGNIFICANT WEATHER WAS OBSERVED.


RELATIVE HUMIDITY (PERCENT)
 HIGHEST    87           400 AM
 LOWEST     51           100 PM
 AVERAGE    69

..........................................................


THE BRIDGEPORT CT CLIMATE NORMALS FOR TODAY
                         NORMAL    RECORD    YEAR
 MAXIMUM TEMPERATURE (F)   77        91      1961
 MINIMUM TEMPERATURE (F)   62        49      1982


SUNRISE AND SUNSET
SEPTEMBER  5 2014.....SUNRISE   623 AM EDT   SUNSET   719 PM EDT
SEPTEMBER  6 2014.....SUNRISE   624 AM EDT   SUNSET   717 PM EDT


-  INDICATES NEGATIVE NUMBERS.
R  INDICATES RECORD WAS SET OR TIED.
MM INDICATES DATA IS MISSING.
T  INDICATES TRACE AMOUNT.




$$
