000
CDUS41 KOKX 090617
CLIBDR


CLIMATE REPORT
NATIONAL WEATHER SERVICE NEW YORK NY
217 AM EDT THU OCT 9 2014


...................................

...THE BRIDGEPORT CT CLIMATE SUMMARY FOR OCTOBER 8 2014...

CLIMATE NORMAL PERIOD 1981 TO 2010
CLIMATE RECORD PERIOD 1948 TO 2014


WEATHER ITEM   OBSERVED TIME   RECORD YEAR NORMAL DEPARTURE LAST
                VALUE   (LST)  VALUE       VALUE  FROM      YEAR
                                                  NORMAL
..................................................................
TEMPERATURE (F)
 YESTERDAY
  MAXIMUM         74    154 PM  89    2007  66      8       68
  MINIMUM         57   1139 PM  35    1953  49      8       51
  AVERAGE         66                        58      8       60

PRECIPITATION (IN)
  YESTERDAY        0.06          2.60 2005   0.12  -0.06     0.00
  MONTH TO DATE    1.03                      0.95   0.08     0.26
  SINCE SEP 1      3.13                      4.43  -1.30     2.98
  SINCE JAN 1     34.37                     33.33   1.04    29.76

SNOWFALL (IN)
  YESTERDAY        0.0           0.0  2002   0.0    0.0      0.0
                                      2001
  MONTH TO DATE    0.0                       0.0    0.0      0.0
  SINCE OCT 1      0.0                       0.0    0.0      0.0
  SINCE JUL 1      0.0                       0.0    0.0      0.0
  SNOW DEPTH       0

DEGREE DAYS
 HEATING
  YESTERDAY        0                         8     -8        5
  MONTH TO DATE   36                        55    -19        5
  SINCE SEP 1     76                       119    -43       86
  SINCE JUL 1     76                       123    -47       86

 COOLING
  YESTERDAY        1                         1      0        0
  MONTH TO DATE    6                         8     -2       20
  SINCE SEP 1    137                       106     31      116
  SINCE JAN 1    871                       824     47     1001
..................................................................


WIND (MPH)
  HIGHEST WIND SPEED    33   HIGHEST WIND DIRECTION     S (200)
  HIGHEST GUST SPEED    45   HIGHEST GUST DIRECTION     S (190)
  AVERAGE WIND SPEED    13.0


SKY COVER
  AVERAGE SKY COVER 0.3


WEATHER CONDITIONS
 THE FOLLOWING WEATHER WAS RECORDED YESTERDAY.
  THUNDERSTORM
  LIGHT RAIN


RELATIVE HUMIDITY (PERCENT)
 HIGHEST    81           100 AM
 LOWEST     38           200 PM
 AVERAGE    60

..........................................................


THE BRIDGEPORT CT CLIMATE NORMALS FOR TODAY
                         NORMAL    RECORD    YEAR
 MAXIMUM TEMPERATURE (F)   66        80      1959
 MINIMUM TEMPERATURE (F)   49        31      1988


SUNRISE AND SUNSET
OCTOBER  9 2014.......SUNRISE   658 AM EDT   SUNSET   621 PM EDT
OCTOBER 10 2014.......SUNRISE   659 AM EDT   SUNSET   620 PM EDT


-  INDICATES NEGATIVE NUMBERS.
R  INDICATES RECORD WAS SET OR TIED.
MM INDICATES DATA IS MISSING.
T  INDICATES TRACE AMOUNT.




$$
