000
CDUS41 KOKX 270624
CLIBDR


CLIMATE REPORT
NATIONAL WEATHER SERVICE NEW YORK NY
224 AM EDT THU MAR 27 2014


...................................

...THE BRIDGEPORT CT CLIMATE SUMMARY FOR MARCH 26 2014...

CLIMATE NORMAL PERIOD 1981 TO 2010
CLIMATE RECORD PERIOD 1948 TO 2014


WEATHER ITEM   OBSERVED TIME   RECORD YEAR NORMAL DEPARTURE LAST
                VALUE   (LST)  VALUE       VALUE  FROM      YEAR
                                                  NORMAL
..................................................................
TEMPERATURE (F)
 YESTERDAY
  MAXIMUM         38    304 PM  70    1954  50    -12       52
  MINIMUM         24   1159 PM  15    1960  34    -10       37
  AVERAGE         31                        42    -11       45

PRECIPITATION (IN)
  YESTERDAY        T             1.69 1973   0.14  -0.14     0.00
  MONTH TO DATE    1.33                      3.37  -2.04     2.39
  SINCE MAR 1      1.33                      3.37  -2.04     2.39
  SINCE JAN 1      8.31                      9.26  -0.95     9.41

SNOWFALL (IN)
  YESTERDAY        T             3.1  2001   0.2   -0.2      0.0
  MONTH TO DATE    0.1                       4.7   -4.6     13.0
  SINCE OCT 1     56.3                      26.3   30.0     64.3
  SINCE JUL 1     56.3                      26.3   30.0     64.3
  SNOW DEPTH       0

DEGREE DAYS
 HEATING
  YESTERDAY       34                        23     11       20
  MONTH TO DATE  814                       689    125      692
  SINCE MAR 1    814                       689    125      692
  SINCE JUL 1   4862                      4576    286     4315

 COOLING
  YESTERDAY        0                         0      0        0
  MONTH TO DATE    0                         0      0        0
  SINCE MAR 1      0                         0      0        0
  SINCE JAN 1      0                         0      0        0
..................................................................


WIND (MPH)
  HIGHEST WIND SPEED    36   HIGHEST WIND DIRECTION    NW (310)
  HIGHEST GUST SPEED    50   HIGHEST GUST DIRECTION    NW (300)
  AVERAGE WIND SPEED    18.8


SKY COVER
  AVERAGE SKY COVER 0.3


WEATHER CONDITIONS
 THE FOLLOWING WEATHER WAS RECORDED YESTERDAY.
  LIGHT SNOW


RELATIVE HUMIDITY (PERCENT)
 HIGHEST    51           400 AM
 LOWEST     20           300 PM
 AVERAGE    36

..........................................................


THE BRIDGEPORT CT CLIMATE NORMALS FOR TODAY
                         NORMAL    RECORD    YEAR
 MAXIMUM TEMPERATURE (F)   51        74      2007
 MINIMUM TEMPERATURE (F)   35        20      2001
                                             1966


SUNRISE AND SUNSET
MARCH 27 2014.........SUNRISE   644 AM EDT   SUNSET   712 PM EDT
MARCH 28 2014.........SUNRISE   643 AM EDT   SUNSET   713 PM EDT


-  INDICATES NEGATIVE NUMBERS.
R  INDICATES RECORD WAS SET OR TIED.
MM INDICATES DATA IS MISSING.
T  INDICATES TRACE AMOUNT.




$$
