000
CDUS41 KOKX 060631
CLIBDR


CLIMATE REPORT
NATIONAL WEATHER SERVICE NEW YORK NY
130 AM EST WED DEC 6 2017


...................................

...THE BRIDGEPORT CT CLIMATE SUMMARY FOR DECEMBER 5 2017...

CLIMATE NORMAL PERIOD 1981 TO 2010
CLIMATE RECORD PERIOD 1948 TO 2017


WEATHER ITEM   OBSERVED TIME   RECORD YEAR NORMAL DEPARTURE LAST
                VALUE   (LST)  VALUE       VALUE  FROM      YEAR
                                                  NORMAL
..................................................................
TEMPERATURE (F)
 YESTERDAY
  MAXIMUM         59    914 PM  62    2001  46     13       50
  MINIMUM         48    258 AM  17    1989  32     16       36
  AVERAGE         54                        39     15       43

PRECIPITATION (IN)
  YESTERDAY        0.37          2.38 1993   0.11   0.26     0.10
  MONTH TO DATE    0.40                      0.59  -0.19     0.14
  SINCE DEC 1      0.40                      0.59  -0.19     0.14
  SINCE JAN 1     39.96                     40.00  -0.04    36.11

SNOWFALL (IN)
  YESTERDAY        0.0           6.5  2002   0.1   -0.1      0.0
  MONTH TO DATE    0.0                       0.5   -0.5      0.0
  SINCE OCT 1      0.0                       1.2   -1.2       T
  SINCE JUL 1      0.0                       1.2   -1.2       T
  SNOW DEPTH       0

DEGREE DAYS
 HEATING
  YESTERDAY       11                        26    -15       22
  MONTH TO DATE  104                       127    -23      103
  SINCE DEC 1    104                       127    -23      103
  SINCE JUL 1    859                      1101   -242      831

 COOLING
  YESTERDAY        0                         0      0        0
  MONTH TO DATE    0                         0      0        0
  SINCE DEC 1      0                         0      0        0
  SINCE JAN 1   1053                       825    228     1270
..................................................................


WIND (MPH)
  HIGHEST WIND SPEED    25   HIGHEST WIND DIRECTION     S (200)
  HIGHEST GUST SPEED    37   HIGHEST GUST DIRECTION     S (200)
  AVERAGE WIND SPEED    15.2


SKY COVER
  AVERAGE SKY COVER 1.0


WEATHER CONDITIONS
 THE FOLLOWING WEATHER WAS RECORDED YESTERDAY.
  HEAVY RAIN
  RAIN
  LIGHT RAIN
  FOG


RELATIVE HUMIDITY (PERCENT)
 HIGHEST    93           600 PM
 LOWEST     74           700 AM
 AVERAGE    84

..........................................................


THE BRIDGEPORT CT CLIMATE NORMALS FOR TODAY
                         NORMAL    RECORD    YEAR
 MAXIMUM TEMPERATURE (F)   46        67      2001
 MINIMUM TEMPERATURE (F)   32        16      2002


SUNRISE AND SUNSET
DECEMBER  6 2017......SUNRISE   704 AM EST   SUNSET   424 PM EST
DECEMBER  7 2017......SUNRISE   704 AM EST   SUNSET   424 PM EST


-  INDICATES NEGATIVE NUMBERS.
R  INDICATES RECORD WAS SET OR TIED.
MM INDICATES DATA IS MISSING.
T  INDICATES TRACE AMOUNT.




$$
