556
CDUS41 KOKX 180621
CLIBDR


CLIMATE REPORT
NATIONAL WEATHER SERVICE NEW YORK NY
221 AM EDT WED MAY 18 2016


...................................

...THE BRIDGEPORT CT CLIMATE SUMMARY FOR MAY 17 2016...

CLIMATE NORMAL PERIOD 1981 TO 2010
CLIMATE RECORD PERIOD 1948 TO 2016


WEATHER ITEM   OBSERVED TIME   RECORD YEAR NORMAL DEPARTURE LAST
                VALUE   (LST)  VALUE       VALUE  FROM      YEAR
                                                  NORMAL
..................................................................
TEMPERATURE (F)
 YESTERDAY
  MAXIMUM         68   1233 PM  85    1974  68      0       81
  MINIMUM         52    350 AM  37    1983  51      1       58
                                      1956
  AVERAGE         60                        59      1       70

PRECIPITATION (IN)
  YESTERDAY        0.00          1.26 2011   0.12  -0.12     0.02
  MONTH TO DATE    1.86                      1.95  -0.09     0.46
  SINCE MAR 1      6.74                     10.13  -3.39     7.27
  SINCE JAN 1     13.90                     16.02  -2.12    13.61

SNOWFALL (IN)
  YESTERDAY        0.0           0.0  2002   0.0    0.0      0.0
                                      2001
  MONTH TO DATE    0.0                       0.0    0.0      0.0
  SINCE OCT 1     27.3                      27.6   -0.3     59.7
  SINCE JUL 1     27.3                      27.6   -0.3     59.7
  SNOW DEPTH       0

DEGREE DAYS
 HEATING
  YESTERDAY        5                         6     -1        0
  MONTH TO DATE  168                       143     25       70
  SINCE MAR 1   1252                      1411   -159     1484
  SINCE JUL 1   4387                      5298   -911     5590

 COOLING
  YESTERDAY        0                         1     -1        5
  MONTH TO DATE    0                         3     -3       22
  SINCE MAR 1      0                         5     -5       22
  SINCE JAN 1      0                         5     -5       22
..................................................................


WIND (MPH)
  HIGHEST WIND SPEED    16   HIGHEST WIND DIRECTION    SW (220)
  HIGHEST GUST SPEED    21   HIGHEST GUST DIRECTION    SW (220)
  AVERAGE WIND SPEED     9.4


SKY COVER
  AVERAGE SKY COVER 0.2


WEATHER CONDITIONS
 THE FOLLOWING WEATHER WAS RECORDED YESTERDAY.
  NO SIGNIFICANT WEATHER WAS OBSERVED.


RELATIVE HUMIDITY (PERCENT)
 HIGHEST    83          1100 PM
 LOWEST     40          1200 PM
 AVERAGE    62

..........................................................


THE BRIDGEPORT CT CLIMATE NORMALS FOR TODAY
                         NORMAL    RECORD    YEAR
 MAXIMUM TEMPERATURE (F)   68        84      1998
 MINIMUM TEMPERATURE (F)   51        41      1984
                                             1983


SUNRISE AND SUNSET
MAY 18 2016...........SUNRISE   531 AM EDT   SUNSET   807 PM EDT
MAY 19 2016...........SUNRISE   530 AM EDT   SUNSET   808 PM EDT


-  INDICATES NEGATIVE NUMBERS.
R  INDICATES RECORD WAS SET OR TIED.
MM INDICATES DATA IS MISSING.
T  INDICATES TRACE AMOUNT.




$$
