000
CDUS41 KOKX 120634
CLIBDR


CLIMATE REPORT
NATIONAL WEATHER SERVICE NEW YORK NY
134 AM EST FRI DEC 12 2014


...................................

...THE BRIDGEPORT CT CLIMATE SUMMARY FOR DECEMBER 11 2014...

CLIMATE NORMAL PERIOD 1981 TO 2010
CLIMATE RECORD PERIOD 1948 TO 2014


WEATHER ITEM   OBSERVED TIME   RECORD YEAR NORMAL DEPARTURE LAST
                VALUE   (LST)  VALUE       VALUE  FROM      YEAR
                                                  NORMAL
..................................................................
TEMPERATURE (F)
 YESTERDAY
  MAXIMUM         36    328 PM  65    1971  44     -8       35
  MINIMUM         30   1159 PM   9    1988  30      0       27
                                      1958
  AVERAGE         33                        37     -4       31

PRECIPITATION (IN)
  YESTERDAY        0.01          1.64 2008   0.11  -0.10     0.00
  MONTH TO DATE    4.18                      1.28   2.90     1.10
  SINCE DEC 1      4.18                      1.28   2.90     1.10
  SINCE JAN 1     44.74                     40.69   4.05    33.43

SNOWFALL (IN)
  YESTERDAY        0.7           1.6  1957   0.1    0.6      0.0
  MONTH TO DATE    0.7                       1.2   -0.5      2.1
  SINCE OCT 1      0.9                       1.9   -1.0      2.2
  SINCE JUL 1      0.9                       1.9   -1.0      2.2
  SNOW DEPTH       T

DEGREE DAYS
 HEATING
  YESTERDAY       32                        28      4       34
  MONTH TO DATE  289                       291     -2      290
  SINCE DEC 1    289                       291     -2      290
  SINCE JUL 1   1195                      1265    -70     1243

 COOLING
  YESTERDAY        0                         0      0        0
  MONTH TO DATE    0                         0      0        0
  SINCE DEC 1      0                         0      0        0
  SINCE JAN 1    884                       825     59     1003
..................................................................


WIND (MPH)
  HIGHEST WIND SPEED    16   HIGHEST WIND DIRECTION     W (280)
  HIGHEST GUST SPEED    23   HIGHEST GUST DIRECTION     W (270)
  AVERAGE WIND SPEED     9.7


SKY COVER
  AVERAGE SKY COVER 0.8


WEATHER CONDITIONS
 THE FOLLOWING WEATHER WAS RECORDED YESTERDAY.
  LIGHT SNOW
  FOG


RELATIVE HUMIDITY (PERCENT)
 HIGHEST    85           600 AM
 LOWEST     56           500 PM
 AVERAGE    71

..........................................................


THE BRIDGEPORT CT CLIMATE NORMALS FOR TODAY
                         NORMAL    RECORD    YEAR
 MAXIMUM TEMPERATURE (F)   43        58      2008
 MINIMUM TEMPERATURE (F)   30         3      1988


SUNRISE AND SUNSET
DECEMBER 12 2014......SUNRISE   709 AM EST   SUNSET   424 PM EST
DECEMBER 13 2014......SUNRISE   709 AM EST   SUNSET   424 PM EST


-  INDICATES NEGATIVE NUMBERS.
R  INDICATES RECORD WAS SET OR TIED.
MM INDICATES DATA IS MISSING.
T  INDICATES TRACE AMOUNT.




$$
