000
CDUS41 KOKX 242040
CLIBDR


CLIMATE REPORT
NATIONAL WEATHER SERVICE NEW YORK NY
440 PM EDT THU JUL 24 2014


...................................

...THE BRIDGEPORT CT CLIMATE SUMMARY FOR JULY 24 2014...
VALID TODAY AS OF 0400 PM LOCAL TIME.

CLIMATE NORMAL PERIOD 1981 TO 2010
CLIMATE RECORD PERIOD 1948 TO 2014


WEATHER ITEM   OBSERVED TIME   RECORD YEAR NORMAL DEPARTURE LAST
                VALUE   (LST)  VALUE       VALUE  FROM      YEAR
                                                  NORMAL
..................................................................
TEMPERATURE (F)
 TODAY
  MAXIMUM         81    259 PM  95    2010  83     -2       84
  MINIMUM         71    544 AM  57    1985  67      4       67
                                      1950
  AVERAGE         76                        75      1       76

PRECIPITATION (IN)
  TODAY            0.00          1.76 1988   0.12  -0.12      T
  MONTH TO DATE    3.28                      2.55   0.73     1.38
  SINCE JUN 1      7.29                      6.16   1.13    10.86
  SINCE JAN 1     28.95                     24.03   4.92    24.46

SNOWFALL (IN)
  TODAY            0.0           0.0  2002   0.0    0.0      0.0
                                      2001
  MONTH TO DATE    0.0                       0.0    0.0      0.0
  SINCE OCT 1     57.4                      27.6   29.8     64.3
  SINCE JUL 1      0.0                       0.0    0.0      0.0
  SNOW DEPTH       0

DEGREE DAYS
 HEATING
  TODAY            0                         0      0        0
  MONTH TO DATE    0                         0      0        0
  SINCE JUN 1      4                        32    -28       18
  SINCE JUL 1      0                         0      0        0

 COOLING
  TODAY           11                        10      1       11
  MONTH TO DATE  262                       222     40      372
  SINCE JUN 1    408                       365     43      547
  SINCE JAN 1    431                       389     42      585
..................................................................


WIND (MPH)
  HIGHEST WIND SPEED    16   HIGHEST WIND DIRECTION     N (340)
  HIGHEST GUST SPEED    23   HIGHEST GUST DIRECTION     N (340)
  AVERAGE WIND SPEED     8.1


SKY COVER
  AVERAGE SKY COVER 0.6


WEATHER CONDITIONS
 THE FOLLOWING WEATHER WAS RECORDED TODAY.
  NO SIGNIFICANT WEATHER WAS OBSERVED.


RELATIVE HUMIDITY (PERCENT)
 HIGHEST    90           300 AM
 LOWEST     49           100 PM
 AVERAGE    70

..........................................................


THE BRIDGEPORT CT CLIMATE NORMALS FOR TOMORROW
                         NORMAL    RECORD    YEAR
 MAXIMUM TEMPERATURE (F)   83        93      2001
 MINIMUM TEMPERATURE (F)   67        56      1953


SUNRISE AND SUNSET
JULY 24 2014..........SUNRISE   540 AM EDT   SUNSET   817 PM EDT
JULY 25 2014..........SUNRISE   541 AM EDT   SUNSET   816 PM EDT


-  INDICATES NEGATIVE NUMBERS.
R  INDICATES RECORD WAS SET OR TIED.
MM INDICATES DATA IS MISSING.
T  INDICATES TRACE AMOUNT.




$$
