000
CDUS41 KOKX 270705
CLIBDR


CLIMATE REPORT
NATIONAL WEATHER SERVICE NEW YORK NY
305 AM EDT THU AUG 27 2015


...................................

...THE BRIDGEPORT CT CLIMATE SUMMARY FOR AUGUST 26 2015...

CLIMATE NORMAL PERIOD 1981 TO 2010
CLIMATE RECORD PERIOD 1948 TO 2015


WEATHER ITEM   OBSERVED TIME   RECORD YEAR NORMAL DEPARTURE LAST
                VALUE   (LST)  VALUE       VALUE  FROM      YEAR
                                                  NORMAL
..................................................................
TEMPERATURE (F)
 YESTERDAY
  MAXIMUM         83    437 PM  94    1948  80      3       84
  MINIMUM         65    542 AM  50    1963  65      0       66
  AVERAGE         74                        72      2       75

PRECIPITATION (IN)
  YESTERDAY        0.00          0.74 1998   0.11  -0.11     0.00
  MONTH TO DATE    1.89                      3.42  -1.53     2.05
  SINCE JUN 1      9.29                     10.49  -1.20     9.52
  SINCE JAN 1     23.59                     28.36  -4.77    31.18

SNOWFALL (IN)
  YESTERDAY        0.0           0.0  2002   0.0    0.0      0.0
                                      2001
  MONTH TO DATE    0.0                       0.0    0.0      0.0
  SINCE OCT 1     59.7                      27.6   32.1     57.4
  SINCE JUL 1      0.0                       0.0    0.0      0.0
  SNOW DEPTH       0

DEGREE DAYS
 HEATING
  YESTERDAY        0                         0      0        0
  MONTH TO DATE    0                         0      0        0
  SINCE JUN 1     52                        33     19        4
  SINCE JUL 1      0                         1     -1        0

 COOLING
  YESTERDAY        9                         7      2       10
  MONTH TO DATE  303                       228     75      196
  SINCE JUN 1    817                       660    157      665
  SINCE JAN 1    871                       684    187      688
..................................................................


WIND (MPH)
  HIGHEST WIND SPEED    17   HIGHEST WIND DIRECTION    SW (220)
  HIGHEST GUST SPEED    23   HIGHEST GUST DIRECTION    SW (220)
  AVERAGE WIND SPEED     8.8


SKY COVER
  AVERAGE SKY COVER 0.1


WEATHER CONDITIONS
 THE FOLLOWING WEATHER WAS RECORDED YESTERDAY.
  NO SIGNIFICANT WEATHER WAS OBSERVED.


RELATIVE HUMIDITY (PERCENT)
 HIGHEST    73           100 AM
 LOWEST     34           500 PM
 AVERAGE    54

..........................................................


THE BRIDGEPORT CT CLIMATE NORMALS FOR TODAY
                         NORMAL    RECORD    YEAR
 MAXIMUM TEMPERATURE (F)   80       100      1948
 MINIMUM TEMPERATURE (F)   64        51      1969


SUNRISE AND SUNSET
AUGUST 27 2015........SUNRISE   614 AM EDT   SUNSET   734 PM EDT
AUGUST 28 2015........SUNRISE   615 AM EDT   SUNSET   732 PM EDT


-  INDICATES NEGATIVE NUMBERS.
R  INDICATES RECORD WAS SET OR TIED.
MM INDICATES DATA IS MISSING.
T  INDICATES TRACE AMOUNT.




$$
