000
CDUS41 KOKX 280656
CLIBDR


CLIMATE REPORT
NATIONAL WEATHER SERVICE NEW YORK NY
256 AM EDT THU MAY 28 2015


...................................

...THE BRIDGEPORT CT CLIMATE SUMMARY FOR MAY 27 2015...

CLIMATE NORMAL PERIOD 1981 TO 2010
CLIMATE RECORD PERIOD 1948 TO 2015


WEATHER ITEM   OBSERVED TIME   RECORD YEAR NORMAL DEPARTURE LAST
                VALUE   (LST)  VALUE       VALUE  FROM      YEAR
                                                  NORMAL
..................................................................
TEMPERATURE (F)
 YESTERDAY
  MAXIMUM         76    219 PM  87    2014  71      5       87
  MINIMUM         63    528 AM  36    1961  54      9       57
  AVERAGE         70                        63      7       72

PRECIPITATION (IN)
  YESTERDAY        0.01          1.50 1961   0.14  -0.13     0.00
  MONTH TO DATE    0.51                      3.26  -2.75     3.96
  SINCE MAR 1      7.32                     11.44  -4.12    14.64
  SINCE JAN 1     13.66                     17.33  -3.67    21.62

SNOWFALL (IN)
  YESTERDAY        0.0           T    1961   0.0    0.0      0.0
  MONTH TO DATE    0.0                       0.0    0.0      0.0
  SINCE OCT 1     59.7                      27.6   32.1     57.4
  SINCE JUL 1     59.7                      27.6   32.1     57.4
  SNOW DEPTH       0

DEGREE DAYS
 HEATING
  YESTERDAY        0                         4     -4        0
  MONTH TO DATE  104                       192    -88      112
  SINCE MAR 1   1515                      1460     55     1544
  SINCE JUL 1   5621                      5347    274     5592

 COOLING
  YESTERDAY        5                         1      4        7
  MONTH TO DATE   34                        13     21       23
  SINCE MAR 1     34                        15     19       23
  SINCE JAN 1     34                        15     19       23
..................................................................


WIND (MPH)
  HIGHEST WIND SPEED    17   HIGHEST WIND DIRECTION     S (190)
  HIGHEST GUST SPEED    23   HIGHEST GUST DIRECTION     S (190)
  AVERAGE WIND SPEED     9.3


SKY COVER
  AVERAGE SKY COVER 0.3


WEATHER CONDITIONS
 THE FOLLOWING WEATHER WAS RECORDED YESTERDAY.
  NO SIGNIFICANT WEATHER WAS OBSERVED.


RELATIVE HUMIDITY (PERCENT)
 HIGHEST    93           500 AM
 LOWEST     68           400 PM
 AVERAGE    81

..........................................................


THE BRIDGEPORT CT CLIMATE NORMALS FOR TODAY
                         NORMAL    RECORD    YEAR
 MAXIMUM TEMPERATURE (F)   71        90      1991
 MINIMUM TEMPERATURE (F)   55        40      1961


SUNRISE AND SUNSET
MAY 28 2015...........SUNRISE   524 AM EDT   SUNSET   816 PM EDT
MAY 29 2015...........SUNRISE   524 AM EDT   SUNSET   816 PM EDT


-  INDICATES NEGATIVE NUMBERS.
R  INDICATES RECORD WAS SET OR TIED.
MM INDICATES DATA IS MISSING.
T  INDICATES TRACE AMOUNT.




$$
