000
CDUS41 KOKX 200635
CLIBDR


CLIMATE REPORT
NATIONAL WEATHER SERVICE NEW YORK NY
135 AM EST FRI FEB 20 2015


...................................

...THE BRIDGEPORT CT CLIMATE SUMMARY FOR FEBRUARY 19 2015...

CLIMATE NORMAL PERIOD 1981 TO 2010
CLIMATE RECORD PERIOD 1948 TO 2015


WEATHER ITEM   OBSERVED TIME   RECORD YEAR NORMAL DEPARTURE LAST
                VALUE   (LST)  VALUE       VALUE  FROM      YEAR
                                                  NORMAL
..................................................................
TEMPERATURE (F)
 YESTERDAY
  MAXIMUM         24    245 AM  61    1997  40    -16       41
  MINIMUM          7R  1159 PM  10    1959  26    -19       35
  AVERAGE         16                        33    -17       38

PRECIPITATION (IN)
  YESTERDAY        0.00          1.90 1972   0.11  -0.11     0.08
  MONTH TO DATE    1.33                      1.80  -0.47     3.91
  SINCE DEC 1     11.09                      8.23   2.86    11.02
  SINCE JAN 1      5.44                      4.90   0.54     6.69

SNOWFALL (IN)
  YESTERDAY        0.0           5.5  1964   0.3   -0.3      0.0
  MONTH TO DATE   17.2                       5.5   11.7     32.1
  SINCE OCT 1     36.8                      19.0   17.8     56.5
  SINCE JUL 1     36.8                      19.0   17.8     56.5
  SNOW DEPTH       0

DEGREE DAYS
 HEATING
  YESTERDAY       49                        32     17       27
  MONTH TO DATE  847                       633    214      701
  SINCE DEC 1   2790                      2635    155     2792
  SINCE JUL 1   3696                      3609     87     3745

 COOLING
  YESTERDAY        0                         0      0        0
  MONTH TO DATE    0                         0      0        0
  SINCE DEC 1      0                         0      0        0
  SINCE JAN 1      0                         0      0        0
..................................................................


WIND (MPH)
  HIGHEST WIND SPEED    29   HIGHEST WIND DIRECTION    NW (300)
  HIGHEST GUST SPEED    36   HIGHEST GUST DIRECTION    NW (300)
  AVERAGE WIND SPEED    15.4


SKY COVER
  AVERAGE SKY COVER 0.4


WEATHER CONDITIONS
 THE FOLLOWING WEATHER WAS RECORDED YESTERDAY.
  NO SIGNIFICANT WEATHER WAS OBSERVED.


RELATIVE HUMIDITY (PERCENT)
 HIGHEST    88           200 AM
 LOWEST     39           400 PM
 AVERAGE    64

..........................................................


THE BRIDGEPORT CT CLIMATE NORMALS FOR TODAY
                         NORMAL    RECORD    YEAR
 MAXIMUM TEMPERATURE (F)   41        54      1991
                                             1949
 MINIMUM TEMPERATURE (F)   26         2      1966


SUNRISE AND SUNSET
FEBRUARY 20 2015......SUNRISE   641 AM EST   SUNSET   532 PM EST
FEBRUARY 21 2015......SUNRISE   639 AM EST   SUNSET   534 PM EST


-  INDICATES NEGATIVE NUMBERS.
R  INDICATES RECORD WAS SET OR TIED.
MM INDICATES DATA IS MISSING.
T  INDICATES TRACE AMOUNT.




$$
