000
CDUS41 KOKX 170617
CLIBDR


CLIMATE REPORT
NATIONAL WEATHER SERVICE NEW YORK NY
117 AM EST SAT JAN 17 2015


...................................

...THE BRIDGEPORT CT CLIMATE SUMMARY FOR JANUARY 16 2015...

CLIMATE NORMAL PERIOD 1981 TO 2010
CLIMATE RECORD PERIOD 1948 TO 2015


WEATHER ITEM   OBSERVED TIME   RECORD YEAR NORMAL DEPARTURE LAST
                VALUE   (LST)  VALUE       VALUE  FROM      YEAR
                                                  NORMAL
..................................................................
TEMPERATURE (F)
 YESTERDAY
  MAXIMUM         43    148 PM  56    1995  37      6       41
  MINIMUM         18   1159 PM   0    2004  23     -5       32
                                      1994
  AVERAGE         31                        30      1       37

PRECIPITATION (IN)
  YESTERDAY        0.00          0.84 1997   0.10  -0.10     0.00
  MONTH TO DATE    1.60                      1.67  -0.07     2.36
  SINCE DEC 1      7.25                      5.00   2.25     6.69
  SINCE JAN 1      1.60                      1.67  -0.07     2.36

SNOWFALL (IN)
  YESTERDAY        0.0           7.6  1965   0.2   -0.2      0.0
  MONTH TO DATE    4.2                       4.1    0.1      5.2
  SINCE OCT 1      5.1                       9.9   -4.8     16.2
  SINCE JUL 1      5.1                       9.9   -4.8     16.2
  SNOW DEPTH       0

DEGREE DAYS
 HEATING
  YESTERDAY       34                        35     -1       28
  MONTH TO DATE  586                       556     30      566
  SINCE DEC 1   1384                      1475    -91     1487
  SINCE JUL 1   2290                      2449   -159     2440

 COOLING
  YESTERDAY        0                         0      0        0
  MONTH TO DATE    0                         0      0        0
  SINCE DEC 1      0                         0      0        0
  SINCE JAN 1      0                         0      0        0
..................................................................


WIND (MPH)
  HIGHEST WIND SPEED    29   HIGHEST WIND DIRECTION     W (290)
  HIGHEST GUST SPEED    41   HIGHEST GUST DIRECTION    NW (300)
  AVERAGE WIND SPEED    13.3


SKY COVER
  AVERAGE SKY COVER 0.3


WEATHER CONDITIONS
 THE FOLLOWING WEATHER WAS RECORDED YESTERDAY.
  NO SIGNIFICANT WEATHER WAS OBSERVED.


RELATIVE HUMIDITY (PERCENT)
 HIGHEST    69           100 AM
 LOWEST     32           400 PM
 AVERAGE    51

..........................................................


THE BRIDGEPORT CT CLIMATE NORMALS FOR TODAY
                         NORMAL    RECORD    YEAR
 MAXIMUM TEMPERATURE (F)   37        55      1949
 MINIMUM TEMPERATURE (F)   23        -3      1982


SUNRISE AND SUNSET
JANUARY 17 2015.......SUNRISE   715 AM EST   SUNSET   451 PM EST
JANUARY 18 2015.......SUNRISE   714 AM EST   SUNSET   452 PM EST


-  INDICATES NEGATIVE NUMBERS.
R  INDICATES RECORD WAS SET OR TIED.
MM INDICATES DATA IS MISSING.
T  INDICATES TRACE AMOUNT.




$$
