000
CDUS41 KOKX 070616
CLIBDR


CLIMATE REPORT
NATIONAL WEATHER SERVICE NEW YORK NY
116 AM EST SUN DEC 7 2014


...................................

...THE BRIDGEPORT CT CLIMATE SUMMARY FOR DECEMBER 6 2014...

CLIMATE NORMAL PERIOD 1981 TO 2010
CLIMATE RECORD PERIOD 1948 TO 2014


WEATHER ITEM   OBSERVED TIME   RECORD YEAR NORMAL DEPARTURE LAST
                VALUE   (LST)  VALUE       VALUE  FROM      YEAR
                                                  NORMAL
..................................................................
TEMPERATURE (F)
 YESTERDAY
  MAXIMUM         44    547 PM  67    2001  46     -2       55
  MINIMUM         40    907 AM  16    2002  32      8       37
  AVERAGE         42                        39      3       46

PRECIPITATION (IN)
  YESTERDAY        1.15          1.67 1972   0.12   1.03     0.61
  MONTH TO DATE    1.97                      0.71   1.26     0.66
  SINCE DEC 1      1.97                      0.71   1.26     0.66
  SINCE JAN 1     42.53                     40.12   2.41    32.99

SNOWFALL (IN)
  YESTERDAY        0.0           6.0  2003   0.1   -0.1      0.0
  MONTH TO DATE    T                         0.6   -0.6      0.0
  SINCE OCT 1      0.2                       1.3   -1.1      0.1
  SINCE JUL 1      0.2                       1.3   -1.1      0.1
  SNOW DEPTH       0

DEGREE DAYS
 HEATING
  YESTERDAY       23                        26     -3       19
  MONTH TO DATE  135                       153    -18      130
  SINCE DEC 1    135                       153    -18      130
  SINCE JUL 1   1041                      1127    -86     1083

 COOLING
  YESTERDAY        0                         0      0        0
  MONTH TO DATE    0                         0      0        0
  SINCE DEC 1      0                         0      0        0
  SINCE JAN 1    884                       825     59     1003
..................................................................


WIND (MPH)
  HIGHEST WIND SPEED    21   HIGHEST WIND DIRECTION    NE (60)
  HIGHEST GUST SPEED    24   HIGHEST GUST DIRECTION     N (10)
  AVERAGE WIND SPEED     7.5


SKY COVER
  AVERAGE SKY COVER 1.0


WEATHER CONDITIONS
 THE FOLLOWING WEATHER WAS RECORDED YESTERDAY.
  RAIN
  LIGHT RAIN
  FOG


RELATIVE HUMIDITY (PERCENT)
 HIGHEST   100           100 AM
 LOWEST     89          1100 AM
 AVERAGE    95

..........................................................


THE BRIDGEPORT CT CLIMATE NORMALS FOR TODAY
                         NORMAL    RECORD    YEAR
 MAXIMUM TEMPERATURE (F)   45        76      1998
 MINIMUM TEMPERATURE (F)   31        15      1964


SUNRISE AND SUNSET
DECEMBER  7 2014......SUNRISE   704 AM EST   SUNSET   424 PM EST
DECEMBER  8 2014......SUNRISE   705 AM EST   SUNSET   424 PM EST


-  INDICATES NEGATIVE NUMBERS.
R  INDICATES RECORD WAS SET OR TIED.
MM INDICATES DATA IS MISSING.
T  INDICATES TRACE AMOUNT.




$$
