000
CDUS41 KOKX 172039
CLIBDR


CLIMATE REPORT
NATIONAL WEATHER SERVICE NEW YORK NY
439 PM EDT WED JUN 17 2015


...................................

...THE BRIDGEPORT CT CLIMATE SUMMARY FOR JUNE 17 2015...
VALID TODAY AS OF 0400 PM LOCAL TIME.

CLIMATE NORMAL PERIOD 1981 TO 2010
CLIMATE RECORD PERIOD 1948 TO 2015


WEATHER ITEM   OBSERVED TIME   RECORD YEAR NORMAL DEPARTURE LAST
                VALUE   (LST)  VALUE       VALUE  FROM      YEAR
                                                  NORMAL
..................................................................
TEMPERATURE (F)
 TODAY
  MAXIMUM         78   1116 AM  95    1957  78      0       82
  MINIMUM         67    456 AM  50    1965  61      6       66
                                      1958
  AVERAGE         73                        69      4       74

PRECIPITATION (IN)
  TODAY            0.00          2.59 2001   0.12  -0.12     0.00
  MONTH TO DATE    2.24                      2.32  -0.08     3.32
  SINCE JUN 1      2.24                      2.32  -0.08     3.32
  SINCE JAN 1     16.54                     20.19  -3.65    24.98

SNOWFALL (IN)
  TODAY            0.0           0.0  2002   0.0    0.0      0.0
                                      2001
  MONTH TO DATE    0.0                       0.0    0.0      0.0
  SINCE OCT 1     59.7                      27.6   32.1     57.4
  SINCE JUL 1     59.7                      27.6   32.1     57.4
  SNOW DEPTH       0

DEGREE DAYS
 HEATING
  TODAY            0                         1     -1        0
  MONTH TO DATE   52                        28     24        4
  SINCE JUN 1     52                        28     24        4
  SINCE JUL 1   5673                      5388    285     5618

 COOLING
  TODAY            8                         5      3        9
  MONTH TO DATE   74                        59     15       49
  SINCE JUN 1     74                        59     15       49
  SINCE JAN 1    128                        83     45       72
..................................................................


WIND (MPH)
  HIGHEST WIND SPEED    13   HIGHEST WIND DIRECTION     S (170)
  HIGHEST GUST SPEED    18   HIGHEST GUST DIRECTION     N (350)
  AVERAGE WIND SPEED     8.2


SKY COVER
  AVERAGE SKY COVER 0.1


WEATHER CONDITIONS
 THE FOLLOWING WEATHER WAS RECORDED TODAY.
  NO SIGNIFICANT WEATHER WAS OBSERVED.


RELATIVE HUMIDITY (PERCENT)
 HIGHEST    78           600 AM
 LOWEST     54          1000 AM
 AVERAGE    66

..........................................................


THE BRIDGEPORT CT CLIMATE NORMALS FOR TOMORROW
                         NORMAL    RECORD    YEAR
 MAXIMUM TEMPERATURE (F)   78        91      1994
 MINIMUM TEMPERATURE (F)   61        46      1958
                                             1950


SUNRISE AND SUNSET
JUNE 17 2015..........SUNRISE   519 AM EDT   SUNSET   828 PM EDT
JUNE 18 2015..........SUNRISE   519 AM EDT   SUNSET   828 PM EDT


-  INDICATES NEGATIVE NUMBERS.
R  INDICATES RECORD WAS SET OR TIED.
MM INDICATES DATA IS MISSING.
T  INDICATES TRACE AMOUNT.




$$
