000
CDUS41 KOKX 260618
CLIBDR


CLIMATE REPORT
NATIONAL WEATHER SERVICE NEW YORK NY
118 AM EST THU JAN 26 2017


...................................

...THE BRIDGEPORT CT CLIMATE SUMMARY FOR JANUARY 25 2017...

CLIMATE NORMAL PERIOD 1981 TO 2010
CLIMATE RECORD PERIOD 1948 TO 2017


WEATHER ITEM   OBSERVED TIME   RECORD YEAR NORMAL DEPARTURE LAST
                VALUE   (LST)  VALUE       VALUE  FROM      YEAR
                                                  NORMAL
..................................................................
TEMPERATURE (F)
 YESTERDAY
  MAXIMUM         50    312 PM  55    2010  37     13       37
  MINIMUM         36    720 AM   2    2004  23     13       22
                                      1961
  AVERAGE         43                        30     13       30

PRECIPITATION (IN)
  YESTERDAY        0.00          1.43 1978   0.09  -0.09     0.00
  MONTH TO DATE    3.15                      2.54   0.61     2.26
  SINCE DEC 1      6.58                      5.87   0.71     7.20
  SINCE JAN 1      3.15                      2.54   0.61     2.26

SNOWFALL (IN)
  YESTERDAY        0.0           4.0  2000   0.2   -0.2      0.0
  MONTH TO DATE    8.5                       6.2    2.3     10.3
  SINCE OCT 1     14.5                      12.0    2.5     11.0
  SINCE JUL 1     14.5                      12.0    2.5     11.0
  SNOW DEPTH       0

DEGREE DAYS
 HEATING
  YESTERDAY       22                        35    -13       35
  MONTH TO DATE  700                       871   -171      808
  SINCE DEC 1   1537                      1790   -253     1352
  SINCE JUL 1   2265                      2764   -499     2096

 COOLING
  YESTERDAY        0                         0      0        0
  MONTH TO DATE    0                         0      0        0
  SINCE DEC 1      0                         0      0        0
  SINCE JAN 1      0                         0      0        0
..................................................................


WIND (MPH)
  HIGHEST WIND SPEED    22   HIGHEST WIND DIRECTION    NW (310)
  HIGHEST GUST SPEED    32   HIGHEST GUST DIRECTION    NW (310)
  AVERAGE WIND SPEED     9.4


SKY COVER
  AVERAGE SKY COVER 0.6


WEATHER CONDITIONS
 THE FOLLOWING WEATHER WAS RECORDED YESTERDAY.
  NO SIGNIFICANT WEATHER WAS OBSERVED.


RELATIVE HUMIDITY (PERCENT)
 HIGHEST    76          1200 AM
 LOWEST     50           300 PM
 AVERAGE    63

..........................................................


THE BRIDGEPORT CT CLIMATE NORMALS FOR TODAY
                         NORMAL    RECORD    YEAR
 MAXIMUM TEMPERATURE (F)   37        60      1950
 MINIMUM TEMPERATURE (F)   23         5      2007
                                             1994


SUNRISE AND SUNSET
JANUARY 26 2017.......SUNRISE   709 AM EST   SUNSET   502 PM EST
JANUARY 27 2017.......SUNRISE   708 AM EST   SUNSET   503 PM EST


-  INDICATES NEGATIVE NUMBERS.
R  INDICATES RECORD WAS SET OR TIED.
MM INDICATES DATA IS MISSING.
T  INDICATES TRACE AMOUNT.




$$
