000
CDUS41 KOKX 160617
CLIBDR


CLIMATE REPORT
NATIONAL WEATHER SERVICE NEW YORK NY
216 AM EDT TUE MAY 16 2017


...................................

...THE BRIDGEPORT CT CLIMATE SUMMARY FOR MAY 15 2017...

CLIMATE NORMAL PERIOD 1981 TO 2010
CLIMATE RECORD PERIOD 1948 TO 2017


WEATHER ITEM   OBSERVED TIME   RECORD YEAR NORMAL DEPARTURE LAST
                VALUE   (LST)  VALUE       VALUE  FROM      YEAR
                                                  NORMAL
..................................................................
TEMPERATURE (F)
 YESTERDAY
  MAXIMUM         69    539 PM  82    1951  67      2       60
  MINIMUM         52    300 AM  40    1996  50      2       46
                                      1971
  AVERAGE         61                        59      2       53

PRECIPITATION (IN)
  YESTERDAY        T             1.07 2012   0.12  -0.12      T
  MONTH TO DATE    2.72                      1.72   1.00     1.86
  SINCE MAR 1     11.88                      9.90   1.98     6.74
  SINCE JAN 1     17.07                     15.79   1.28    13.90

SNOWFALL (IN)
  YESTERDAY        0.0           0.0  2002   0.0    0.0      0.0
                                      2001
  MONTH TO DATE    0.0                       0.0    0.0      0.0
  SINCE OCT 1     40.9                      27.6   13.3     27.3
  SINCE JUL 1     40.9                      27.6   13.3     27.3
  SNOW DEPTH       0

DEGREE DAYS
 HEATING
  YESTERDAY        4                         7     -3       12
  MONTH TO DATE  145                       131     14      153
  SINCE MAR 1   1324                      1399    -75     1237
  SINCE JUL 1   4491                      5286   -795     4372

 COOLING
  YESTERDAY        0                         1     -1        0
  MONTH TO DATE    3                         1      2        0
  SINCE MAR 1     11                         3      8        0
  SINCE JAN 1     11                         3      8        0
..................................................................


WIND (MPH)
  HIGHEST WIND SPEED    29   HIGHEST WIND DIRECTION     N (340)
  HIGHEST GUST SPEED    39   HIGHEST GUST DIRECTION    NW (300)
  AVERAGE WIND SPEED    13.8


SKY COVER
  AVERAGE SKY COVER 0.4


WEATHER CONDITIONS
 THE FOLLOWING WEATHER WAS RECORDED YESTERDAY.
  LIGHT RAIN


RELATIVE HUMIDITY (PERCENT)
 HIGHEST    71          1200 AM
 LOWEST     36           500 PM
 AVERAGE    54

..........................................................


THE BRIDGEPORT CT CLIMATE NORMALS FOR TODAY
                         NORMAL    RECORD    YEAR
 MAXIMUM TEMPERATURE (F)   68        85      1951
 MINIMUM TEMPERATURE (F)   51        41      1983
                                             1966


SUNRISE AND SUNSET
MAY 16 2017...........SUNRISE   533 AM EDT   SUNSET   805 PM EDT
MAY 17 2017...........SUNRISE   532 AM EDT   SUNSET   806 PM EDT


-  INDICATES NEGATIVE NUMBERS.
R  INDICATES RECORD WAS SET OR TIED.
MM INDICATES DATA IS MISSING.
T  INDICATES TRACE AMOUNT.




$$
