000
CDUS41 KOKX 072134
CLIBDR


CLIMATE REPORT
NATIONAL WEATHER SERVICE NEW YORK NY
434 PM EST FRI NOV 7 2014


...................................

...THE BRIDGEPORT CT CLIMATE SUMMARY FOR NOVEMBER 7 2014...
VALID TODAY AS OF 0400 PM LOCAL TIME.

CLIMATE NORMAL PERIOD 1981 TO 2010
CLIMATE RECORD PERIOD 1948 TO 2014


WEATHER ITEM   OBSERVED TIME   RECORD YEAR NORMAL DEPARTURE LAST
                VALUE   (LST)  VALUE       VALUE  FROM      YEAR
                                                  NORMAL
..................................................................
TEMPERATURE (F)
 TODAY
  MAXIMUM         50    319 PM  68    1975  56     -6       61
  MINIMUM         44    812 AM  25    1962  40      4       41
  AVERAGE         47                        48     -1       51

PRECIPITATION (IN)
  TODAY            0.00          2.00 1963   0.11  -0.11     0.17
  MONTH TO DATE    0.93                      0.75   0.18     0.24
  SINCE SEP 1      6.01                      7.87  -1.86     3.28
  SINCE JAN 1     37.25                     36.77   0.48    30.06

SNOWFALL (IN)
  TODAY            0.0           6.0  2012   0.0    0.0      0.0
  MONTH TO DATE    0.0                       0.0    0.0      0.0
  SINCE OCT 1      0.0                       0.0    0.0      0.0
  SINCE JUL 1      0.0                       0.0    0.0      0.0
  SNOW DEPTH       0

DEGREE DAYS
 HEATING
  TODAY           18                        17      1       14
  MONTH TO DATE  106                       112     -6      104
  SINCE SEP 1    375                       498   -123      423
  SINCE JUL 1    375                       502   -127      423

 COOLING
  TODAY            0                         0      0        0
  MONTH TO DATE    0                         0      0        0
  SINCE SEP 1    150                       107     43      118
  SINCE JAN 1    884                       825     59     1003
..................................................................


WIND (MPH)
  HIGHEST WIND SPEED    23   HIGHEST WIND DIRECTION    NW (320)
  HIGHEST GUST SPEED    30   HIGHEST GUST DIRECTION    NW (300)
  AVERAGE WIND SPEED    11.5


SKY COVER
  AVERAGE SKY COVER 0.8


WEATHER CONDITIONS
 THE FOLLOWING WEATHER WAS RECORDED TODAY.
  NO SIGNIFICANT WEATHER WAS OBSERVED.


RELATIVE HUMIDITY (PERCENT)
 HIGHEST   100           300 AM
 LOWEST     46           200 PM
 AVERAGE    73

..........................................................


THE BRIDGEPORT CT CLIMATE NORMALS FOR TOMORROW
                         NORMAL    RECORD    YEAR
 MAXIMUM TEMPERATURE (F)   56        71      1975
 MINIMUM TEMPERATURE (F)   40        27      1993
                                             1967
                                             1960


SUNRISE AND SUNSET
NOVEMBER  7 2014......SUNRISE   631 AM EST   SUNSET   441 PM EST
NOVEMBER  8 2014......SUNRISE   632 AM EST   SUNSET   440 PM EST


-  INDICATES NEGATIVE NUMBERS.
R  INDICATES RECORD WAS SET OR TIED.
MM INDICATES DATA IS MISSING.
T  INDICATES TRACE AMOUNT.




$$
