000
CDUS41 KOKX 292031
CLIBDR


CLIMATE REPORT
NATIONAL WEATHER SERVICE NEW YORK NY
431 PM EDT MON SEP 29 2014


...................................

...THE BRIDGEPORT CT CLIMATE SUMMARY FOR SEPTEMBER 29 2014...
VALID TODAY AS OF 0400 PM LOCAL TIME.

CLIMATE NORMAL PERIOD 1981 TO 2010
CLIMATE RECORD PERIOD 1948 TO 2014


WEATHER ITEM   OBSERVED TIME   RECORD YEAR NORMAL DEPARTURE LAST
                VALUE   (LST)  VALUE       VALUE  FROM      YEAR
                                                  NORMAL
..................................................................
TEMPERATURE (F)
 TODAY
  MAXIMUM         76    142 PM  83    1959  69      7       67
  MINIMUM         63    551 AM  39    2000  53     10       53
                                      1957
  AVERAGE         70                        61      9       60

PRECIPITATION (IN)
  TODAY            0.00          1.40 1963   0.13  -0.13     0.00
  MONTH TO DATE    2.10                      3.35  -1.25     2.72
  SINCE SEP 1      2.10                      3.35  -1.25     2.72
  SINCE JAN 1     33.34                     32.25   1.09    29.50

SNOWFALL (IN)
  TODAY            0.0           0.0  2002   0.0    0.0      0.0
                                      2001
  MONTH TO DATE    0.0                       0.0    0.0      0.0
  SINCE OCT 1     57.4                      27.6   29.8     64.3
  SINCE JUL 1      0.0                       0.0    0.0      0.0
  SNOW DEPTH       0

DEGREE DAYS
 HEATING
  TODAY            0                         5     -5        5
  MONTH TO DATE   40                        59    -19       76
  SINCE SEP 1     40                        59    -19       76
  SINCE JUL 1     40                        63    -23       76

 COOLING
  TODAY            5                         1      4        0
  MONTH TO DATE  131                        97     34       96
  SINCE SEP 1    131                        97     34       96
  SINCE JAN 1    865                       815     50      981
..................................................................


WIND (MPH)
  HIGHEST WIND SPEED     8   HIGHEST WIND DIRECTION    SW (230)
  HIGHEST GUST SPEED    11   HIGHEST GUST DIRECTION    SW (230)
  AVERAGE WIND SPEED     2.5


SKY COVER
  AVERAGE SKY COVER 0.0


WEATHER CONDITIONS
 THE FOLLOWING WEATHER WAS RECORDED TODAY.
  NO SIGNIFICANT WEATHER WAS OBSERVED.


RELATIVE HUMIDITY (PERCENT)
 HIGHEST    93           200 AM
 LOWEST     41           300 PM
 AVERAGE    67

..........................................................


THE BRIDGEPORT CT CLIMATE NORMALS FOR TOMORROW
                         NORMAL    RECORD    YEAR
 MAXIMUM TEMPERATURE (F)   69        82      1986
 MINIMUM TEMPERATURE (F)   53        37      1951


SUNRISE AND SUNSET
SEPTEMBER 29 2014.....SUNRISE   647 AM EDT   SUNSET   638 PM EDT
SEPTEMBER 30 2014.....SUNRISE   648 AM EDT   SUNSET   636 PM EDT


-  INDICATES NEGATIVE NUMBERS.
R  INDICATES RECORD WAS SET OR TIED.
MM INDICATES DATA IS MISSING.
T  INDICATES TRACE AMOUNT.




$$
