445
CDUS41 KOKX 270641
CLIBDR


CLIMATE REPORT
NATIONAL WEATHER SERVICE NEW YORK NY
219 AM EDT THU APR 27 2017


...................................

...THE BRIDGEPORT CT CLIMATE SUMMARY FOR APRIL 26 2017...

CLIMATE NORMAL PERIOD 1981 TO 2010
CLIMATE RECORD PERIOD 1948 TO 2017


WEATHER ITEM   OBSERVED TIME   RECORD YEAR NORMAL DEPARTURE LAST
                VALUE   (LST)  VALUE       VALUE  FROM      YEAR
                                                  NORMAL
..................................................................
TEMPERATURE (F)
 YESTERDAY
  MAXIMUM         65    312 PM  83    2009  61      4       53
  MINIMUM         53    638 AM  33    1967  44      9       44
  AVERAGE         59                        53      6       49

PRECIPITATION (IN)
  YESTERDAY        0.15          1.58 2004   0.14   0.01     0.38
  MONTH TO DATE    4.79                      3.62   1.17     2.61
  SINCE MAR 1      9.13                      7.67   1.46     4.78
  SINCE JAN 1     14.32                     13.56   0.76    11.94

SNOWFALL (IN)
  YESTERDAY        0.0           0.0  2002   0.0    0.0      0.0
                                      2001
  MONTH TO DATE    0.0                       0.9   -0.9      0.1
  SINCE OCT 1     40.9                      27.6   13.3     27.3
  SINCE JUL 1     40.9                      27.6   13.3     27.3
  SNOW DEPTH       0

DEGREE DAYS
 HEATING
  YESTERDAY        6                        12     -6       16
  MONTH TO DATE  319                       426   -107      404
  SINCE MAR 1   1167                      1223    -56     1027
  SINCE JUL 1   4334                      5110   -776     4162

 COOLING
  YESTERDAY        0                         0      0        0
  MONTH TO DATE    0                         0      0        0
  SINCE MAR 1      0                         0      0        0
  SINCE JAN 1      0                         0      0        0
..................................................................


WIND (MPH)
  HIGHEST WIND SPEED    21   HIGHEST WIND DIRECTION    NE (30)
  HIGHEST GUST SPEED    25   HIGHEST GUST DIRECTION    NE (30)
  AVERAGE WIND SPEED     9.0


SKY COVER
  AVERAGE SKY COVER 1.0


WEATHER CONDITIONS
 THE FOLLOWING WEATHER WAS RECORDED YESTERDAY.
  RAIN
  LIGHT RAIN
  FOG


RELATIVE HUMIDITY (PERCENT)
 HIGHEST    93           400 AM
 LOWEST     73           200 PM
 AVERAGE    83

..........................................................


THE BRIDGEPORT CT CLIMATE NORMALS FOR TODAY
                         NORMAL    RECORD    YEAR
 MAXIMUM TEMPERATURE (F)   62        86      1990
 MINIMUM TEMPERATURE (F)   45        33      2002


SUNRISE AND SUNSET
APRIL 27 2017.........SUNRISE   555 AM EDT   SUNSET   746 PM EDT
APRIL 28 2017.........SUNRISE   554 AM EDT   SUNSET   747 PM EDT


-  INDICATES NEGATIVE NUMBERS.
R  INDICATES RECORD WAS SET OR TIED.
MM INDICATES DATA IS MISSING.
T  INDICATES TRACE AMOUNT.




$$
