000
CDUS41 KOKX 210616
CLIBDR


CLIMATE REPORT
NATIONAL WEATHER SERVICE NEW YORK NY
216 AM EDT THU SEP 21 2017


...................................

...THE BRIDGEPORT CT CLIMATE SUMMARY FOR SEPTEMBER 20 2017...

CLIMATE NORMAL PERIOD 1981 TO 2010
CLIMATE RECORD PERIOD 1948 TO 2017


WEATHER ITEM   OBSERVED TIME   RECORD YEAR NORMAL DEPARTURE LAST
                VALUE   (LST)  VALUE       VALUE  FROM      YEAR
                                                  NORMAL
..................................................................
TEMPERATURE (F)
 YESTERDAY
  MAXIMUM         80    224 PM  87    1983  73      7       79
  MINIMUM         71    441 AM  42    1979  57     14       69
  AVERAGE         76                        65     11       74

PRECIPITATION (IN)
  YESTERDAY        0.00          2.43 1977   0.12  -0.12     0.00
  MONTH TO DATE    1.72                      2.29  -0.57     2.32
  SINCE SEP 1      1.72                      2.29  -0.57     2.32
  SINCE JAN 1     30.31                     31.19  -0.88    27.08

SNOWFALL (IN)
  YESTERDAY        0.0           0.0  2002   0.0    0.0      0.0
                                      2001
  MONTH TO DATE    0.0                       0.0    0.0      0.0
  SINCE OCT 1     40.9                      27.6   13.3     27.3
  SINCE JUL 1      0.0                       0.0    0.0      0.0
  SNOW DEPTH       0

DEGREE DAYS
 HEATING
  YESTERDAY        0                         3     -3        0
  MONTH TO DATE   12                        24    -12        0
  SINCE SEP 1     12                        24    -12        0
  SINCE JUL 1     12                        28    -16        0

 COOLING
  YESTERDAY       11                         2      9        9
  MONTH TO DATE   87                        83      4      166
  SINCE SEP 1     87                        83      4      166
  SINCE JAN 1    924                       801    123     1218
..................................................................


WIND (MPH)
  HIGHEST WIND SPEED    26   HIGHEST WIND DIRECTION     N (360)
  HIGHEST GUST SPEED    36   HIGHEST GUST DIRECTION     N (10)
  AVERAGE WIND SPEED    16.2


SKY COVER
  AVERAGE SKY COVER 0.6


WEATHER CONDITIONS
 THE FOLLOWING WEATHER WAS RECORDED YESTERDAY.
  NO SIGNIFICANT WEATHER WAS OBSERVED.


RELATIVE HUMIDITY (PERCENT)
 HIGHEST    79          1200 AM
 LOWEST     60           600 PM
 AVERAGE    70

..........................................................


THE BRIDGEPORT CT CLIMATE NORMALS FOR TODAY
                         NORMAL    RECORD    YEAR
 MAXIMUM TEMPERATURE (F)   72        85      1965
 MINIMUM TEMPERATURE (F)   56        36      1956


SUNRISE AND SUNSET
SEPTEMBER 21 2017.....SUNRISE   639 AM EDT   SUNSET   651 PM EDT
SEPTEMBER 22 2017.....SUNRISE   640 AM EDT   SUNSET   649 PM EDT


-  INDICATES NEGATIVE NUMBERS.
R  INDICATES RECORD WAS SET OR TIED.
MM INDICATES DATA IS MISSING.
T  INDICATES TRACE AMOUNT.




$$
