000
CDUS41 KOKX 190632
CLIBDR


CLIMATE REPORT
NATIONAL WEATHER SERVICE NEW YORK NY
231 AM EDT TUE AUG 19 2014


...................................

...THE BRIDGEPORT CT CLIMATE SUMMARY FOR AUGUST 18 2014...

CLIMATE NORMAL PERIOD 1981 TO 2010
CLIMATE RECORD PERIOD 1948 TO 2014


WEATHER ITEM   OBSERVED TIME   RECORD YEAR NORMAL DEPARTURE LAST
                VALUE   (LST)  VALUE       VALUE  FROM      YEAR
                                                  NORMAL
..................................................................
TEMPERATURE (F)
 YESTERDAY
  MAXIMUM         80    344 PM  93    2002  81     -1       74
                                      1956
  MINIMUM         58    506 AM  53    1981  66     -8       64
  AVERAGE         69                        73     -4       69

PRECIPITATION (IN)
  YESTERDAY        0.00          1.92 1955   0.13  -0.13      T
  MONTH TO DATE    1.90                      2.38  -0.48     0.84
  SINCE JUN 1      9.37                      9.45  -0.08    11.91
  SINCE JAN 1     31.03                     27.32   3.71    25.51

SNOWFALL (IN)
  YESTERDAY        0.0           0.0  2002   0.0    0.0      0.0
                                      2001
  MONTH TO DATE    0.0                       0.0    0.0      0.0
  SINCE OCT 1     57.4                      27.6   29.8     64.3
  SINCE JUL 1      0.0                       0.0    0.0      0.0
  SNOW DEPTH       0

DEGREE DAYS
 HEATING
  YESTERDAY        0                         0      0        0
  MONTH TO DATE    0                         0      0        0
  SINCE JUN 1      4                        33    -29       18
  SINCE JUL 1      0                         1     -1        0

 COOLING
  YESTERDAY        4                         8     -4        4
  MONTH TO DATE  147                       166    -19      124
  SINCE JUN 1    616                       598     18      724
  SINCE JAN 1    639                       622     17      762
..................................................................


WIND (MPH)
  HIGHEST WIND SPEED    18   HIGHEST WIND DIRECTION    NW (320)
  HIGHEST GUST SPEED    24   HIGHEST GUST DIRECTION    NW (330)
  AVERAGE WIND SPEED     5.6


SKY COVER
  AVERAGE SKY COVER 0.2


WEATHER CONDITIONS
 THE FOLLOWING WEATHER WAS RECORDED YESTERDAY.
  NO SIGNIFICANT WEATHER WAS OBSERVED.


RELATIVE HUMIDITY (PERCENT)
 HIGHEST    84           400 AM
 LOWEST     39           300 PM
 AVERAGE    62

..........................................................


THE BRIDGEPORT CT CLIMATE NORMALS FOR TODAY
                         NORMAL    RECORD    YEAR
 MAXIMUM TEMPERATURE (F)   81        90      2002
                                             1966
                                             1956
 MINIMUM TEMPERATURE (F)   66        53      1953


SUNRISE AND SUNSET
AUGUST 19 2014........SUNRISE   606 AM EDT   SUNSET   746 PM EDT
AUGUST 20 2014........SUNRISE   607 AM EDT   SUNSET   744 PM EDT


-  INDICATES NEGATIVE NUMBERS.
R  INDICATES RECORD WAS SET OR TIED.
MM INDICATES DATA IS MISSING.
T  INDICATES TRACE AMOUNT.




$$
