318
CDUS41 KOKX 160620
CLIBDR


CLIMATE REPORT
NATIONAL WEATHER SERVICE NEW YORK NY
120 AM EST SAT DEC 16 2017


...................................

...THE BRIDGEPORT CT CLIMATE SUMMARY FOR DECEMBER 15 2017...

CLIMATE NORMAL PERIOD 1981 TO 2010
CLIMATE RECORD PERIOD 1948 TO 2017


WEATHER ITEM   OBSERVED TIME   RECORD YEAR NORMAL DEPARTURE LAST
                VALUE   (LST)  VALUE       VALUE  FROM      YEAR
                                                  NORMAL
..................................................................
TEMPERATURE (F)
 YESTERDAY
  MAXIMUM         29    323 PM  63    2015  42    -13       35
  MINIMUM         16    514 AM   9    1962  29    -13       21
  AVERAGE         23                        35    -12       28

PRECIPITATION (IN)
  YESTERDAY        0.09          1.18 1981   0.11  -0.02     0.00
  MONTH TO DATE    1.04                      1.70  -0.66     1.15
  SINCE DEC 1      1.04                      1.70  -0.66     1.15
  SINCE JAN 1     40.60                     41.11  -0.51    37.12

SNOWFALL (IN)
  YESTERDAY        0.5           4.2  1948   0.2    0.3      0.0
  MONTH TO DATE    5.9                       1.8    4.1      0.7
  SINCE OCT 1      5.9                       2.5    3.4      0.7
  SINCE JUL 1      5.9                       2.5    3.4      0.7
  SNOW DEPTH       1

DEGREE DAYS
 HEATING
  YESTERDAY       42                        30     12       37
  MONTH TO DATE  402                       408     -6      387
  SINCE DEC 1    402                       408     -6      387
  SINCE JUL 1   1157                      1382   -225     1115

 COOLING
  YESTERDAY        0                         0      0        0
  MONTH TO DATE    0                         0      0        0
  SINCE DEC 1      0                         0      0        0
  SINCE JAN 1   1053                       825    228     1270
..................................................................


WIND (MPH)
  HIGHEST WIND SPEED    13   HIGHEST WIND DIRECTION     W (270)
  HIGHEST GUST SPEED    16   HIGHEST GUST DIRECTION     W (270)
  AVERAGE WIND SPEED     4.5


SKY COVER
  AVERAGE SKY COVER 0.5


WEATHER CONDITIONS
 THE FOLLOWING WEATHER WAS RECORDED YESTERDAY.
  LIGHT SNOW
  FOG


RELATIVE HUMIDITY (PERCENT)
 HIGHEST    88           800 PM
 LOWEST     49          1200 AM
 AVERAGE    69

..........................................................


THE BRIDGEPORT CT CLIMATE NORMALS FOR TODAY
                         NORMAL    RECORD    YEAR
 MAXIMUM TEMPERATURE (F)   42        64      1971
 MINIMUM TEMPERATURE (F)   28        11      1961


SUNRISE AND SUNSET
DECEMBER 16 2017......SUNRISE   712 AM EST   SUNSET   425 PM EST
DECEMBER 17 2017......SUNRISE   712 AM EST   SUNSET   425 PM EST


-  INDICATES NEGATIVE NUMBERS.
R  INDICATES RECORD WAS SET OR TIED.
MM INDICATES DATA IS MISSING.
T  INDICATES TRACE AMOUNT.




$$
