000
CDUS41 KOKX 272031
CLIBDR


CLIMATE REPORT
NATIONAL WEATHER SERVICE NEW YORK NY
431 PM EDT MON OCT 27 2014


...................................

...THE BRIDGEPORT CT CLIMATE SUMMARY FOR OCTOBER 27 2014...
VALID TODAY AS OF 0400 PM LOCAL TIME.

CLIMATE NORMAL PERIOD 1981 TO 2010
CLIMATE RECORD PERIOD 1948 TO 2014


WEATHER ITEM   OBSERVED TIME   RECORD YEAR NORMAL DEPARTURE LAST
                VALUE   (LST)  VALUE       VALUE  FROM      YEAR
                                                  NORMAL
..................................................................
TEMPERATURE (F)
 TODAY
  MAXIMUM         65    247 PM  75    1963  60      5       60
  MINIMUM         47    425 AM  31    2006  43      4       42
                                      1950
  AVERAGE         56                        51      5       51

PRECIPITATION (IN)
  TODAY            0.00          1.35 2003   0.11  -0.11      T
  MONTH TO DATE    2.94                      3.20  -0.26     0.28
  SINCE SEP 1      5.04                      6.68  -1.64     3.00
  SINCE JAN 1     36.28                     35.58   0.70    29.78

SNOWFALL (IN)
  TODAY            0.0           0.0  2002   0.0    0.0      0.0
                                      2001
  MONTH TO DATE    0.0                       0.0    0.0      0.0
  SINCE OCT 1      0.0                       0.0    0.0      0.0
  SINCE JUL 1      0.0                       0.0    0.0      0.0
  SNOW DEPTH       0

DEGREE DAYS
 HEATING
  TODAY            9                        14     -5       14
  MONTH TO DATE  186                       265    -79      177
  SINCE SEP 1    226                       329   -103      258
  SINCE JUL 1    226                       333   -107      258

 COOLING
  TODAY            0                         0      0        0
  MONTH TO DATE   19                         8     11       22
  SINCE SEP 1    150                       106     44      118
  SINCE JAN 1    884                       824     60     1003
..................................................................


WIND (MPH)
  HIGHEST WIND SPEED    16   HIGHEST WIND DIRECTION    NW (330)
  HIGHEST GUST SPEED    22   HIGHEST GUST DIRECTION    NW (300)
  AVERAGE WIND SPEED     8.3


SKY COVER
  AVERAGE SKY COVER 0.2


WEATHER CONDITIONS
 THE FOLLOWING WEATHER WAS RECORDED TODAY.
  NO SIGNIFICANT WEATHER WAS OBSERVED.


RELATIVE HUMIDITY (PERCENT)
 HIGHEST    71           600 AM
 LOWEST     37           300 PM
 AVERAGE    54

..........................................................


THE BRIDGEPORT CT CLIMATE NORMALS FOR TOMORROW
                         NORMAL    RECORD    YEAR
 MAXIMUM TEMPERATURE (F)   59        72      2010
                                             1971
                                             1964
 MINIMUM TEMPERATURE (F)   43        30      1976


SUNRISE AND SUNSET
OCTOBER 27 2014.......SUNRISE   718 AM EDT   SUNSET   555 PM EDT
OCTOBER 28 2014.......SUNRISE   719 AM EDT   SUNSET   553 PM EDT


-  INDICATES NEGATIVE NUMBERS.
R  INDICATES RECORD WAS SET OR TIED.
MM INDICATES DATA IS MISSING.
T  INDICATES TRACE AMOUNT.




$$
