778
CDUS41 KOKX 280618
CLIBDR


CLIMATE REPORT
NATIONAL WEATHER SERVICE NEW YORK NY
217 AM EDT FRI APR 28 2017


...................................

...THE BRIDGEPORT CT CLIMATE SUMMARY FOR APRIL 27 2017...

CLIMATE NORMAL PERIOD 1981 TO 2010
CLIMATE RECORD PERIOD 1948 TO 2017


WEATHER ITEM   OBSERVED TIME   RECORD YEAR NORMAL DEPARTURE LAST
                VALUE   (LST)  VALUE       VALUE  FROM      YEAR
                                                  NORMAL
..................................................................
TEMPERATURE (F)
 YESTERDAY
  MAXIMUM         65   1224 PM  86    1990  62      3       58
  MINIMUM         53   1159 PM  33    2002  45      8       41
  AVERAGE         59                        53      6       50

PRECIPITATION (IN)
  YESTERDAY        0.00          1.85 1979   0.13  -0.13     0.00
  MONTH TO DATE    4.79                      3.75   1.04     2.61
  SINCE MAR 1      9.13                      7.80   1.33     4.78
  SINCE JAN 1     14.32                     13.69   0.63    11.94

SNOWFALL (IN)
  YESTERDAY        0.0           0.0  2002   0.0    0.0      0.0
                                      2001
                                      1966
  MONTH TO DATE    0.0                       0.9   -0.9      0.1
  SINCE OCT 1     40.9                      27.6   13.3     27.3
  SINCE JUL 1     40.9                      27.6   13.3     27.3
  SNOW DEPTH       0

DEGREE DAYS
 HEATING
  YESTERDAY        6                        12     -6       15
  MONTH TO DATE  325                       438   -113      419
  SINCE MAR 1   1173                      1235    -62     1042
  SINCE JUL 1   4340                      5122   -782     4177

 COOLING
  YESTERDAY        0                         0      0        0
  MONTH TO DATE    0                         0      0        0
  SINCE MAR 1      0                         0      0        0
  SINCE JAN 1      0                         0      0        0
..................................................................


WIND (MPH)
  HIGHEST WIND SPEED    12   HIGHEST WIND DIRECTION     E (80)
  HIGHEST GUST SPEED    14   HIGHEST GUST DIRECTION     E (70)
  AVERAGE WIND SPEED     5.6


SKY COVER
  AVERAGE SKY COVER 1.0


WEATHER CONDITIONS
 THE FOLLOWING WEATHER WAS RECORDED YESTERDAY.
  FOG


RELATIVE HUMIDITY (PERCENT)
 HIGHEST    93          1200 AM
 LOWEST     78          1200 PM
 AVERAGE    86

..........................................................


THE BRIDGEPORT CT CLIMATE NORMALS FOR TODAY
                         NORMAL    RECORD    YEAR
 MAXIMUM TEMPERATURE (F)   62        91      1990
 MINIMUM TEMPERATURE (F)   45        33      1972


SUNRISE AND SUNSET
APRIL 28 2017.........SUNRISE   554 AM EDT   SUNSET   747 PM EDT
APRIL 29 2017.........SUNRISE   553 AM EDT   SUNSET   748 PM EDT


-  INDICATES NEGATIVE NUMBERS.
R  INDICATES RECORD WAS SET OR TIED.
MM INDICATES DATA IS MISSING.
T  INDICATES TRACE AMOUNT.




$$
