000
CDUS41 KOKX 220616
CLIBDR


CLIMATE REPORT
NATIONAL WEATHER SERVICE NEW YORK NY
216 AM EDT TUE JUL 22 2014


...................................

...THE BRIDGEPORT CT CLIMATE SUMMARY FOR JULY 21 2014...

CLIMATE NORMAL PERIOD 1981 TO 2010
CLIMATE RECORD PERIOD 1948 TO 2014


WEATHER ITEM   OBSERVED TIME   RECORD YEAR NORMAL DEPARTURE LAST
                VALUE   (LST)  VALUE       VALUE  FROM      YEAR
                                                  NORMAL
..................................................................
TEMPERATURE (F)
 YESTERDAY
  MAXIMUM         80    508 PM  98    1991  83     -3       83
  MINIMUM         63    543 AM  56    1965  67     -4       73
                                      1951
  AVERAGE         72                        75     -3       78

PRECIPITATION (IN)
  YESTERDAY        0.00          2.61 1963   0.12  -0.12     0.01
  MONTH TO DATE    3.26                      2.20   1.06     0.65
  SINCE JUN 1      7.27                      5.81   1.46    10.13
  SINCE JAN 1     28.93                     23.68   5.25    23.73

SNOWFALL (IN)
  YESTERDAY        0.0           0.0  2002   0.0    0.0      0.0
                                      2001
  MONTH TO DATE    0.0                       0.0    0.0      0.0
  SINCE OCT 1     57.4                      27.6   29.8     64.3
  SINCE JUL 1      0.0                       0.0    0.0      0.0
  SNOW DEPTH       0

DEGREE DAYS
 HEATING
  YESTERDAY        0                         0      0        0
  MONTH TO DATE    0                         0      0        0
  SINCE JUN 1      4                        32    -28       18
  SINCE JUL 1      0                         0      0        0

 COOLING
  YESTERDAY        7                        10     -3       13
  MONTH TO DATE  221                       192     29      335
  SINCE JUN 1    367                       335     32      510
  SINCE JAN 1    390                       359     31      548
..................................................................


WIND (MPH)
  HIGHEST WIND SPEED    13   HIGHEST WIND DIRECTION     S (200)
  HIGHEST GUST SPEED    16   HIGHEST GUST DIRECTION     S (200)
  AVERAGE WIND SPEED     6.6


SKY COVER
  AVERAGE SKY COVER 0.0


WEATHER CONDITIONS
 THE FOLLOWING WEATHER WAS RECORDED YESTERDAY.
  NO SIGNIFICANT WEATHER WAS OBSERVED.


RELATIVE HUMIDITY (PERCENT)
 HIGHEST    93           400 AM
 LOWEST     51           300 PM
 AVERAGE    72

..........................................................


THE BRIDGEPORT CT CLIMATE NORMALS FOR TODAY
                         NORMAL    RECORD    YEAR
 MAXIMUM TEMPERATURE (F)   83       103      2011
                                             1957
 MINIMUM TEMPERATURE (F)   67        57      1950


SUNRISE AND SUNSET
JULY 22 2014..........SUNRISE   539 AM EDT   SUNSET   819 PM EDT
JULY 23 2014..........SUNRISE   540 AM EDT   SUNSET   818 PM EDT


-  INDICATES NEGATIVE NUMBERS.
R  INDICATES RECORD WAS SET OR TIED.
MM INDICATES DATA IS MISSING.
T  INDICATES TRACE AMOUNT.




$$
