000
CDUS41 KOKX 240633
CLIBDR


CLIMATE REPORT
NATIONAL WEATHER SERVICE NEW YORK NY
233 AM EDT THU APR 24 2014


...................................

...THE BRIDGEPORT CT CLIMATE SUMMARY FOR APRIL 23 2014...

CLIMATE NORMAL PERIOD 1981 TO 2010
CLIMATE RECORD PERIOD 1948 TO 2014


WEATHER ITEM   OBSERVED TIME   RECORD YEAR NORMAL DEPARTURE LAST
                VALUE   (LST)  VALUE       VALUE  FROM      YEAR
                                                  NORMAL
..................................................................
TEMPERATURE (F)
 YESTERDAY
  MAXIMUM         60    353 PM  79    1952  60      0       50
  MINIMUM         47   1159 PM  30    1982  43      4       40
  AVERAGE         54                        52      2       45

PRECIPITATION (IN)
  YESTERDAY        T             5.30 2006   0.13  -0.13     0.00
  MONTH TO DATE    2.26                      3.22  -0.96     1.08
  SINCE MAR 1      7.48                      7.27   0.21     3.62
  SINCE JAN 1     14.46                     13.16   1.30    10.64

SNOWFALL (IN)
  YESTERDAY        0.0           0.0  2002   0.0    0.0      0.0
                                      2001
                                      1963
  MONTH TO DATE    0.1                       0.9   -0.8      0.0
  SINCE OCT 1     57.4                      27.6   29.8     64.3
  SINCE JUL 1     57.4                      27.6   29.8     64.3
  SNOW DEPTH       0

DEGREE DAYS
 HEATING
  YESTERDAY       11                        13     -2       20
  MONTH TO DATE  392                       388      4      374
  SINCE MAR 1   1326                      1185    141     1169
  SINCE JUL 1   5374                      5072    302     4792

 COOLING
  YESTERDAY        0                         0      0        0
  MONTH TO DATE    0                         0      0        0
  SINCE MAR 1      0                         0      0        0
  SINCE JAN 1      0                         0      0        0
..................................................................


WIND (MPH)
  HIGHEST WIND SPEED    30   HIGHEST WIND DIRECTION    NW (320)
  HIGHEST GUST SPEED    43   HIGHEST GUST DIRECTION    NW (320)
  AVERAGE WIND SPEED    14.4


SKY COVER
  AVERAGE SKY COVER 0.8


WEATHER CONDITIONS
 THE FOLLOWING WEATHER WAS RECORDED YESTERDAY.
  LIGHT RAIN
  FOG


RELATIVE HUMIDITY (PERCENT)
 HIGHEST    93           100 AM
 LOWEST     39           400 PM
 AVERAGE    66

..........................................................


THE BRIDGEPORT CT CLIMATE NORMALS FOR TODAY
                         NORMAL    RECORD    YEAR
 MAXIMUM TEMPERATURE (F)   61        78      2001
 MINIMUM TEMPERATURE (F)   44        34      1989
                                             1967


SUNRISE AND SUNSET
APRIL 24 2014.........SUNRISE   600 AM EDT   SUNSET   742 PM EDT
APRIL 25 2014.........SUNRISE   558 AM EDT   SUNSET   743 PM EDT


-  INDICATES NEGATIVE NUMBERS.
R  INDICATES RECORD WAS SET OR TIED.
MM INDICATES DATA IS MISSING.
T  INDICATES TRACE AMOUNT.




$$
