000
CDUS41 KOKX 020616
CLIBDR


CLIMATE REPORT
NATIONAL WEATHER SERVICE NEW YORK NY
216 AM EDT THU OCT 2 2014


...................................

...THE BRIDGEPORT CT CLIMATE SUMMARY FOR OCTOBER 1 2014...

CLIMATE NORMAL PERIOD 1981 TO 2010
CLIMATE RECORD PERIOD 1948 TO 2014


WEATHER ITEM   OBSERVED TIME   RECORD YEAR NORMAL DEPARTURE LAST
                VALUE   (LST)  VALUE       VALUE  FROM      YEAR
                                                  NORMAL
..................................................................
TEMPERATURE (F)
 YESTERDAY
  MAXIMUM         64    413 PM  83    1986  69     -5       81
  MINIMUM         59   1159 PM  35    1992  52      7       52
  AVERAGE         62                        60      2       67

PRECIPITATION (IN)
  YESTERDAY        0.41          1.15 1981   0.12   0.29     0.00
  MONTH TO DATE    0.41                      0.12   0.29     0.00
  SINCE SEP 1      2.51                      3.60  -1.09     2.72
  SINCE JAN 1     33.75                     32.50   1.25    29.50

SNOWFALL (IN)
  YESTERDAY        0.0           0.0  2002   0.0    0.0      0.0
                                      2001
  MONTH TO DATE    0.0                       0.0    0.0      0.0
  SINCE OCT 1      0.0                       0.0    0.0      0.0
  SINCE JUL 1      0.0                       0.0    0.0      0.0
  SNOW DEPTH       0

DEGREE DAYS
 HEATING
  YESTERDAY        3                         6     -3        0
  MONTH TO DATE    3                         6     -3        0
  SINCE SEP 1     43                        70    -27       81
  SINCE JUL 1     43                        74    -31       81

 COOLING
  YESTERDAY        0                         1     -1        2
  MONTH TO DATE    0                         1     -1        2
  SINCE SEP 1    131                        99     32       98
  SINCE JAN 1    865                       817     48      983
..................................................................


WIND (MPH)
  HIGHEST WIND SPEED    17   HIGHEST WIND DIRECTION     N (10)
  HIGHEST GUST SPEED    22   HIGHEST GUST DIRECTION     N (10)
  AVERAGE WIND SPEED    10.6


SKY COVER
  AVERAGE SKY COVER 0.9


WEATHER CONDITIONS
 THE FOLLOWING WEATHER WAS RECORDED YESTERDAY.
  THUNDERSTORM
  RAIN
  LIGHT RAIN
  FOG


RELATIVE HUMIDITY (PERCENT)
 HIGHEST    97          1200 PM
 LOWEST     84           300 PM
 AVERAGE    91

..........................................................


THE BRIDGEPORT CT CLIMATE NORMALS FOR TODAY
                         NORMAL    RECORD    YEAR
 MAXIMUM TEMPERATURE (F)   68        83      2013
                                             1954
 MINIMUM TEMPERATURE (F)   52        37      1997


SUNRISE AND SUNSET
OCTOBER  2 2014.......SUNRISE   650 AM EDT   SUNSET   633 PM EDT
OCTOBER  3 2014.......SUNRISE   651 AM EDT   SUNSET   631 PM EDT


-  INDICATES NEGATIVE NUMBERS.
R  INDICATES RECORD WAS SET OR TIED.
MM INDICATES DATA IS MISSING.
T  INDICATES TRACE AMOUNT.




$$
