000
CDUS41 KOKX 270617
CLIBDR


CLIMATE REPORT
NATIONAL WEATHER SERVICE NEW YORK NY
217 AM EDT WED JUL 27 2016


...................................

...THE BRIDGEPORT CT CLIMATE SUMMARY FOR JULY 26 2016...

CLIMATE NORMAL PERIOD 1981 TO 2010
CLIMATE RECORD PERIOD 1948 TO 2016


WEATHER ITEM   OBSERVED TIME   RECORD YEAR NORMAL DEPARTURE LAST
                VALUE   (LST)  VALUE       VALUE  FROM      YEAR
                                                  NORMAL
..................................................................
TEMPERATURE (F)
 YESTERDAY
  MAXIMUM         92    359 PM  93    2005  83      9       86
                                      1963
  MINIMUM         71    506 AM  51    1976  67      4       71
  AVERAGE         82                        75      7       79

PRECIPITATION (IN)
  YESTERDAY        0.00          2.29 1986   0.12  -0.12     0.08
  MONTH TO DATE    4.26                      2.79   1.47     1.85
  SINCE JUN 1      5.52                      6.40  -0.88     6.58
  SINCE JAN 1     21.06                     24.27  -3.21    20.88

SNOWFALL (IN)
  YESTERDAY        0.0           0.0  2002   0.0    0.0      0.0
                                      2001
  MONTH TO DATE    0.0                       0.0    0.0      0.0
  SINCE OCT 1     27.3                      27.6   -0.3     59.7
  SINCE JUL 1      0.0                       0.0    0.0      0.0
  SNOW DEPTH       0

DEGREE DAYS
 HEATING
  YESTERDAY        0                         0      0        0
  MONTH TO DATE    0                         0      0        0
  SINCE JUN 1      4                        32    -28       52
  SINCE JUL 1      0                         0      0        0

 COOLING
  YESTERDAY       17                        10      7       14
  MONTH TO DATE  330                       242     88      278
  SINCE JUN 1    502                       385    117      439
  SINCE JAN 1    560                       409    151      493
..................................................................


WIND (MPH)
  HIGHEST WIND SPEED    17   HIGHEST WIND DIRECTION    SW (220)
  HIGHEST GUST SPEED    23   HIGHEST GUST DIRECTION    NW (300)
  AVERAGE WIND SPEED     8.2


SKY COVER
  AVERAGE SKY COVER 0.2


WEATHER CONDITIONS
 THE FOLLOWING WEATHER WAS RECORDED YESTERDAY.
  NO SIGNIFICANT WEATHER WAS OBSERVED.


RELATIVE HUMIDITY (PERCENT)
 HIGHEST    93          1200 AM
 LOWEST     38           400 PM
 AVERAGE    66

..........................................................


THE BRIDGEPORT CT CLIMATE NORMALS FOR TODAY
                         NORMAL    RECORD    YEAR
 MAXIMUM TEMPERATURE (F)   83        91      2005
                                             1999
                                             1995
 MINIMUM TEMPERATURE (F)   67        54      1977


SUNRISE AND SUNSET
JULY 27 2016..........SUNRISE   544 AM EDT   SUNSET   814 PM EDT
JULY 28 2016..........SUNRISE   545 AM EDT   SUNSET   813 PM EDT


-  INDICATES NEGATIVE NUMBERS.
R  INDICATES RECORD WAS SET OR TIED.
MM INDICATES DATA IS MISSING.
T  INDICATES TRACE AMOUNT.




$$
