000
CDUS41 KOKX 160625
CLIBDR


CLIMATE REPORT
NATIONAL WEATHER SERVICE NEW YORK NY
218 AM EDT WED APR 16 2014


...................................

...THE BRIDGEPORT CT CLIMATE SUMMARY FOR APRIL 15 2014...

CLIMATE NORMAL PERIOD 1981 TO 2010
CLIMATE RECORD PERIOD 1948 TO 2014


WEATHER ITEM   OBSERVED TIME   RECORD YEAR NORMAL DEPARTURE LAST
                VALUE   (LST)  VALUE       VALUE  FROM      YEAR
                                                  NORMAL
..................................................................
TEMPERATURE (F)
 YESTERDAY
  MAXIMUM         59    144 PM  81    1960  58      1       51
  MINIMUM         35   1159 PM  30    1973  41     -6       39
                                      1957
  AVERAGE         47                        49     -2       45

PRECIPITATION (IN)
  YESTERDAY        1.28          3.02 2007   0.14   1.14     0.00
  MONTH TO DATE    2.16                      2.15   0.01     0.82
  SINCE MAR 1      7.38                      6.20   1.18     3.36
  SINCE JAN 1     14.36                     12.09   2.27    10.38

SNOWFALL (IN)
  YESTERDAY        T   R         0.0  2002   0.0    0.0      0.0
                                      2001
  MONTH TO DATE    T                         0.7   -0.7      0.0
  SINCE OCT 1     57.0                      27.4   29.6     64.3
  SINCE JUL 1     57.0                      27.4   29.6     64.3
  SNOW DEPTH       0

DEGREE DAYS
 HEATING
  YESTERDAY       18                        16      2       20
  MONTH TO DATE  247                       274    -27      262
  SINCE MAR 1   1181                      1071    110     1057
  SINCE JUL 1   5229                      4958    271     4680

 COOLING
  YESTERDAY        0                         0      0        0
  MONTH TO DATE    0                         0      0        0
  SINCE MAR 1      0                         0      0        0
  SINCE JAN 1      0                         0      0        0
..................................................................


WIND (MPH)
  HIGHEST WIND SPEED    32   HIGHEST WIND DIRECTION     S (200)
  HIGHEST GUST SPEED    42   HIGHEST GUST DIRECTION     S (200)
  AVERAGE WIND SPEED    16.3


SKY COVER
  AVERAGE SKY COVER 1.0


WEATHER CONDITIONS
 THE FOLLOWING WEATHER WAS RECORDED YESTERDAY.
  HEAVY RAIN
  RAIN
  LIGHT RAIN
  LIGHT SNOW
  FOG


RELATIVE HUMIDITY (PERCENT)
 HIGHEST   100           200 AM
 LOWEST     79          1000 PM
 AVERAGE    90

..........................................................


THE BRIDGEPORT CT CLIMATE NORMALS FOR TODAY
                         NORMAL    RECORD    YEAR
 MAXIMUM TEMPERATURE (F)   58        85      2002
 MINIMUM TEMPERATURE (F)   41        29      1981


SUNRISE AND SUNSET
APRIL 16 2014.........SUNRISE   612 AM EDT   SUNSET   734 PM EDT
APRIL 17 2014.........SUNRISE   610 AM EDT   SUNSET   735 PM EDT


-  INDICATES NEGATIVE NUMBERS.
R  INDICATES RECORD WAS SET OR TIED.
MM INDICATES DATA IS MISSING.
T  INDICATES TRACE AMOUNT.




$$
