000
CDUS41 KOKX 262033
CLIBDR


CLIMATE REPORT
NATIONAL WEATHER SERVICE NEW YORK NY
433 PM EDT WED JUL 26 2017


...................................

...THE BRIDGEPORT CT CLIMATE SUMMARY FOR JULY 26 2017...
VALID TODAY AS OF 0400 PM LOCAL TIME.

CLIMATE NORMAL PERIOD 1981 TO 2010
CLIMATE RECORD PERIOD 1948 TO 2017


WEATHER ITEM   OBSERVED TIME   RECORD YEAR NORMAL DEPARTURE LAST
                VALUE   (LST)  VALUE       VALUE  FROM      YEAR
                                                  NORMAL
..................................................................
TEMPERATURE (F)
 TODAY
  MAXIMUM         76    259 PM  93    2005  83     -7       92
                                      1963
  MINIMUM         60    519 AM  51    1976  67     -7       71
  AVERAGE         68                        75     -7       82

PRECIPITATION (IN)
  TODAY            0.00          2.29 1986   0.12  -0.12     0.00
  MONTH TO DATE    2.54                      2.79  -0.25     4.26
  SINCE JUN 1      4.94                      6.40  -1.46     5.52
  SINCE JAN 1     24.78                     24.27   0.51    21.06

SNOWFALL (IN)
  TODAY            0.0           0.0  2002   0.0    0.0      0.0
                                      2001
  MONTH TO DATE    0.0                       0.0    0.0      0.0
  SINCE OCT 1     40.9                      27.6   13.3     27.3
  SINCE JUL 1      0.0                       0.0    0.0      0.0
  SNOW DEPTH       0

DEGREE DAYS
 HEATING
  TODAY            0                         0      0        0
  MONTH TO DATE    0                         0      0        0
  SINCE JUN 1     25                        32     -7        4
  SINCE JUL 1      0                         0      0        0

 COOLING
  TODAY            3                        10     -7       17
  MONTH TO DATE  287                       242     45      330
  SINCE JUN 1    501                       385    116      502
  SINCE JAN 1    545                       409    136      560
..................................................................


WIND (MPH)
  HIGHEST WIND SPEED    12   HIGHEST WIND DIRECTION     S (170)
  HIGHEST GUST SPEED    15   HIGHEST GUST DIRECTION     S (170)
  AVERAGE WIND SPEED     5.8


SKY COVER
  AVERAGE SKY COVER 0.0


WEATHER CONDITIONS
 THE FOLLOWING WEATHER WAS RECORDED TODAY.
  NO SIGNIFICANT WEATHER WAS OBSERVED.


RELATIVE HUMIDITY (PERCENT)
 HIGHEST    90           200 AM
 LOWEST     49          1100 AM
 AVERAGE    70

..........................................................


THE BRIDGEPORT CT CLIMATE NORMALS FOR TOMORROW
                         NORMAL    RECORD    YEAR
 MAXIMUM TEMPERATURE (F)   83        91      2005
                                             1999
                                             1995
 MINIMUM TEMPERATURE (F)   67        54      1977


SUNRISE AND SUNSET
JULY 26 2017..........SUNRISE   543 AM EDT   SUNSET   815 PM EDT
JULY 27 2017..........SUNRISE   544 AM EDT   SUNSET   814 PM EDT


-  INDICATES NEGATIVE NUMBERS.
R  INDICATES RECORD WAS SET OR TIED.
MM INDICATES DATA IS MISSING.
T  INDICATES TRACE AMOUNT.




$$
