000
CDUS41 KOKX 070617
CLIBDR


CLIMATE REPORT
NATIONAL WEATHER SERVICE NEW YORK NY
117 AM EST THU DEC 7 2017


...................................

...THE BRIDGEPORT CT CLIMATE SUMMARY FOR DECEMBER 6 2017...

CLIMATE NORMAL PERIOD 1981 TO 2010
CLIMATE RECORD PERIOD 1948 TO 2017


WEATHER ITEM   OBSERVED TIME   RECORD YEAR NORMAL DEPARTURE LAST
                VALUE   (LST)  VALUE       VALUE  FROM      YEAR
                                                  NORMAL
..................................................................
TEMPERATURE (F)
 YESTERDAY
  MAXIMUM         55    356 AM  67    2001  46      9       47
  MINIMUM         40   1159 PM  16    2002  32      8       31
  AVERAGE         48                        39      9       39

PRECIPITATION (IN)
  YESTERDAY        0.01          1.67 1972   0.12  -0.11     0.36
  MONTH TO DATE    0.41                      0.71  -0.30     0.50
  SINCE DEC 1      0.41                      0.71  -0.30     0.50
  SINCE JAN 1     39.97                     40.12  -0.15    36.47

SNOWFALL (IN)
  YESTERDAY        0.0           6.0  2003   0.1   -0.1      0.0
  MONTH TO DATE    0.0                       0.6   -0.6      0.0
  SINCE OCT 1      0.0                       1.3   -1.3       T
  SINCE JUL 1      0.0                       1.3   -1.3       T
  SNOW DEPTH       0

DEGREE DAYS
 HEATING
  YESTERDAY       17                        26     -9       26
  MONTH TO DATE  121                       153    -32      129
  SINCE DEC 1    121                       153    -32      129
  SINCE JUL 1    876                      1127   -251      857

 COOLING
  YESTERDAY        0                         0      0        0
  MONTH TO DATE    0                         0      0        0
  SINCE DEC 1      0                         0      0        0
  SINCE JAN 1   1053                       825    228     1270
..................................................................


WIND (MPH)
  HIGHEST WIND SPEED    23   HIGHEST WIND DIRECTION    NW (300)
  HIGHEST GUST SPEED    33   HIGHEST GUST DIRECTION    NW (310)
  AVERAGE WIND SPEED     9.2


SKY COVER
  AVERAGE SKY COVER 0.4


WEATHER CONDITIONS
 THE FOLLOWING WEATHER WAS RECORDED YESTERDAY.
  RAIN
  LIGHT RAIN
  FOG


RELATIVE HUMIDITY (PERCENT)
 HIGHEST   100           100 AM
 LOWEST     33           200 PM
 AVERAGE    67

..........................................................


THE BRIDGEPORT CT CLIMATE NORMALS FOR TODAY
                         NORMAL    RECORD    YEAR
 MAXIMUM TEMPERATURE (F)   45        76      1998
 MINIMUM TEMPERATURE (F)   31        15      1964


SUNRISE AND SUNSET
DECEMBER  7 2017......SUNRISE   704 AM EST   SUNSET   424 PM EST
DECEMBER  8 2017......SUNRISE   705 AM EST   SUNSET   424 PM EST


-  INDICATES NEGATIVE NUMBERS.
R  INDICATES RECORD WAS SET OR TIED.
MM INDICATES DATA IS MISSING.
T  INDICATES TRACE AMOUNT.




$$
