000
CDUS41 KOKX 150616
CLIBDR


CLIMATE REPORT
NATIONAL WEATHER SERVICE NEW YORK NY
116 AM EST WED FEB 15 2017


...................................

...THE BRIDGEPORT CT CLIMATE SUMMARY FOR FEBRUARY 14 2017...

CLIMATE NORMAL PERIOD 1981 TO 2010
CLIMATE RECORD PERIOD 1948 TO 2017


WEATHER ITEM   OBSERVED TIME   RECORD YEAR NORMAL DEPARTURE LAST
                VALUE   (LST)  VALUE       VALUE  FROM      YEAR
                                                  NORMAL
..................................................................
TEMPERATURE (F)
 YESTERDAY
  MAXIMUM         38    437 PM  56    1990  39     -1       14
  MINIMUM         23    639 AM  -6    2016  25     -2       -6
  AVERAGE         31                        32     -1        4

PRECIPITATION (IN)
  YESTERDAY        0.00          1.34 1962   0.10  -0.10     0.00
  MONTH TO DATE    1.51                      1.29   0.22     2.47
  SINCE DEC 1      8.22                      7.72   0.50     9.67
  SINCE JAN 1      4.79                      4.39   0.40     4.73

SNOWFALL (IN)
  YESTERDAY        0.0           9.4  1962   0.3   -0.3      0.0
  MONTH TO DATE   12.8                       3.9    8.9     12.2
  SINCE OCT 1     29.8                      17.4   12.4     23.2
  SINCE JUL 1     29.8                      17.4   12.4     23.2
  SNOW DEPTH       7

DEGREE DAYS
 HEATING
  YESTERDAY       34                        33      1       61
  MONTH TO DATE  425                       472    -47      482
  SINCE DEC 1   2125                      2474   -349     2006
  SINCE JUL 1   2853                      3448   -595     2750

 COOLING
  YESTERDAY        0                         0      0        0
  MONTH TO DATE    0                         0      0        0
  SINCE DEC 1      0                         0      0        0
  SINCE JAN 1      0                         0      0        0
..................................................................


WIND (MPH)
  HIGHEST WIND SPEED    18   HIGHEST WIND DIRECTION    SW (220)
  HIGHEST GUST SPEED    21   HIGHEST GUST DIRECTION    SW (220)
  AVERAGE WIND SPEED     6.6


SKY COVER
  AVERAGE SKY COVER 0.1


WEATHER CONDITIONS
 THE FOLLOWING WEATHER WAS RECORDED YESTERDAY.
  NO SIGNIFICANT WEATHER WAS OBSERVED.


RELATIVE HUMIDITY (PERCENT)
 HIGHEST    78          1100 PM
 LOWEST     52           300 PM
 AVERAGE    65

..........................................................


THE BRIDGEPORT CT CLIMATE NORMALS FOR TODAY
                         NORMAL    RECORD    YEAR
 MAXIMUM TEMPERATURE (F)   40        60      1954
 MINIMUM TEMPERATURE (F)   25         2      1987


SUNRISE AND SUNSET
FEBRUARY 15 2017......SUNRISE   647 AM EST   SUNSET   527 PM EST
FEBRUARY 16 2017......SUNRISE   645 AM EST   SUNSET   528 PM EST


-  INDICATES NEGATIVE NUMBERS.
R  INDICATES RECORD WAS SET OR TIED.
MM INDICATES DATA IS MISSING.
T  INDICATES TRACE AMOUNT.




$$
