000
CDUS41 KOKX 122035
CLIBDR


CLIMATE REPORT
NATIONAL WEATHER SERVICE NEW YORK NY
435 PM EDT SAT APR 12 2014


...................................

...THE BRIDGEPORT CT CLIMATE SUMMARY FOR APRIL 12 2014...
VALID TODAY AS OF 0400 PM LOCAL TIME.

CLIMATE NORMAL PERIOD 1981 TO 2010
CLIMATE RECORD PERIOD 1948 TO 2014


WEATHER ITEM   OBSERVED TIME   RECORD YEAR NORMAL DEPARTURE LAST
                VALUE   (LST)  VALUE       VALUE  FROM      YEAR
                                                  NORMAL
..................................................................
TEMPERATURE (F)
 TODAY
  MAXIMUM         68    259 PM  86    1977  57     11       46
  MINIMUM         47    530 AM  25    1976  40      7       40
  AVERAGE         58                        48     10       43

PRECIPITATION (IN)
  TODAY            0.00          1.27 1997   0.15  -0.15     0.51
  MONTH TO DATE    0.88                      1.72  -0.84     0.78
  SINCE MAR 1      6.10                      5.77   0.33     3.32
  SINCE JAN 1     13.08                     11.66   1.42    10.34

SNOWFALL (IN)
  TODAY            0.0           0.3  1959   0.0    0.0      0.0
  MONTH TO DATE    0.0                       0.6   -0.6      0.0
  SINCE OCT 1     57.0                      27.3   29.7     64.3
  SINCE JUL 1     57.0                      27.3   29.7     64.3
  SNOW DEPTH       0

DEGREE DAYS
 HEATING
  TODAY            7                        17    -10       22
  MONTH TO DATE  212                       226    -14      209
  SINCE MAR 1   1146                      1023    123     1004
  SINCE JUL 1   5194                      4910    284     4627

 COOLING
  TODAY            0                         0      0        0
  MONTH TO DATE    0                         0      0        0
  SINCE MAR 1      0                         0      0        0
  SINCE JAN 1      0                         0      0        0
..................................................................


WIND (MPH)
  HIGHEST WIND SPEED    16   HIGHEST WIND DIRECTION     S (200)
  HIGHEST GUST SPEED    19   HIGHEST GUST DIRECTION    SW (210)
  AVERAGE WIND SPEED     7.8


SKY COVER
  AVERAGE SKY COVER 0.2


WEATHER CONDITIONS
 THE FOLLOWING WEATHER WAS RECORDED TODAY.
  NO SIGNIFICANT WEATHER WAS OBSERVED.


RELATIVE HUMIDITY (PERCENT)
 HIGHEST    86           400 AM
 LOWEST     30           300 PM
 AVERAGE    58

..........................................................


THE BRIDGEPORT CT CLIMATE NORMALS FOR TOMORROW
                         NORMAL    RECORD    YEAR
 MAXIMUM TEMPERATURE (F)   57        74      1968
 MINIMUM TEMPERATURE (F)   40        28      1967


SUNRISE AND SUNSET
APRIL 12 2014.........SUNRISE   618 AM EDT   SUNSET   729 PM EDT
APRIL 13 2014.........SUNRISE   616 AM EDT   SUNSET   730 PM EDT


-  INDICATES NEGATIVE NUMBERS.
R  INDICATES RECORD WAS SET OR TIED.
MM INDICATES DATA IS MISSING.
T  INDICATES TRACE AMOUNT.




$$
