000
CDUS41 KOKX 270616
CLIBDR


CLIMATE REPORT
NATIONAL WEATHER SERVICE NEW YORK NY
116 AM EST SUN NOV 27 2016


...................................

...THE BRIDGEPORT CT CLIMATE SUMMARY FOR NOVEMBER 26 2016...

CLIMATE NORMAL PERIOD 1981 TO 2010
CLIMATE RECORD PERIOD 1948 TO 2016


WEATHER ITEM   OBSERVED TIME   RECORD YEAR NORMAL DEPARTURE LAST
                VALUE   (LST)  VALUE       VALUE  FROM      YEAR
                                                  NORMAL
..................................................................
TEMPERATURE (F)
 YESTERDAY
  MAXIMUM         55   1152 AM  63    1999  49      6       57
                                      1979
  MINIMUM         37    833 PM  20    1993  35      2       34
                                      1949
  AVERAGE         46                        42      4       46

PRECIPITATION (IN)
  YESTERDAY        0.00          2.17 1996   0.12  -0.12     0.00
  MONTH TO DATE    1.56                      2.90  -1.34     1.23
  SINCE SEP 1      8.54                     10.02  -1.48     6.52
  SINCE JAN 1     33.30                     38.92  -5.62    30.11

SNOWFALL (IN)
  YESTERDAY        0.0           1.0  1985   0.1   -0.1      0.0
  MONTH TO DATE    T                         0.5   -0.5      0.0
  SINCE OCT 1      T                         0.5   -0.5       T
  SINCE JUL 1      T                         0.5   -0.5       T
  SNOW DEPTH       0

DEGREE DAYS
 HEATING
  YESTERDAY       19                        23     -4       19
  MONTH TO DATE  417                       488    -71      380
  SINCE SEP 1    659                       874   -215      670
  SINCE JUL 1    659                       878   -219      670

 COOLING
  YESTERDAY        0                         0      0        0
  MONTH TO DATE    0                         0      0        2
  SINCE SEP 1    218                       107    111      202
  SINCE JAN 1   1270                       825    445     1122
..................................................................


WIND (MPH)
  HIGHEST WIND SPEED    16   HIGHEST WIND DIRECTION     N (340)
  HIGHEST GUST SPEED    22   HIGHEST GUST DIRECTION    NW (310)
  AVERAGE WIND SPEED     6.3


SKY COVER
  AVERAGE SKY COVER 0.4


WEATHER CONDITIONS
 THE FOLLOWING WEATHER WAS RECORDED YESTERDAY.
  FOG
  HAZE


RELATIVE HUMIDITY (PERCENT)
 HIGHEST    93          1200 AM
 LOWEST     47          1200 PM
 AVERAGE    70

..........................................................


THE BRIDGEPORT CT CLIMATE NORMALS FOR TODAY
                         NORMAL    RECORD    YEAR
 MAXIMUM TEMPERATURE (F)   49        62      2013
                                             1999
                                             1960
 MINIMUM TEMPERATURE (F)   35        18      1949


SUNRISE AND SUNSET
NOVEMBER 27 2016......SUNRISE   655 AM EST   SUNSET   426 PM EST
NOVEMBER 28 2016......SUNRISE   656 AM EST   SUNSET   425 PM EST


-  INDICATES NEGATIVE NUMBERS.
R  INDICATES RECORD WAS SET OR TIED.
MM INDICATES DATA IS MISSING.
T  INDICATES TRACE AMOUNT.




$$
