000
CDUS41 KOKX 180619
CLIBDR


CLIMATE REPORT
NATIONAL WEATHER SERVICE NEW YORK NY
119 AM EST SAT FEB 18 2017


...................................

...THE BRIDGEPORT CT CLIMATE SUMMARY FOR FEBRUARY 17 2017...

CLIMATE NORMAL PERIOD 1981 TO 2010
CLIMATE RECORD PERIOD 1948 TO 2017


WEATHER ITEM   OBSERVED TIME   RECORD YEAR NORMAL DEPARTURE LAST
                VALUE   (LST)  VALUE       VALUE  FROM      YEAR
                                                  NORMAL
..................................................................
TEMPERATURE (F)
 YESTERDAY
  MAXIMUM         42    444 PM  65    1976  40      2       40
  MINIMUM         26    715 AM   3    1979  26      0       32
  AVERAGE         34                        33      1       36

PRECIPITATION (IN)
  YESTERDAY        0.00          1.09 1951   0.10  -0.10     0.00
  MONTH TO DATE    1.52                      1.59  -0.07     3.30
  SINCE DEC 1      8.23                      8.02   0.21    10.50
  SINCE JAN 1      4.80                      4.69   0.11     5.56

SNOWFALL (IN)
  YESTERDAY        0.0          17.0  2003   0.4   -0.4      0.0
  MONTH TO DATE   12.8                       4.9    7.9     13.9
  SINCE OCT 1     29.8                      18.4   11.4     24.9
  SINCE JUL 1     29.8                      18.4   11.4     24.9
  SNOW DEPTH       5

DEGREE DAYS
 HEATING
  YESTERDAY       31                        32     -1       29
  MONTH TO DATE  516                       569    -53      578
  SINCE DEC 1   2216                      2571   -355     2102
  SINCE JUL 1   2944                      3545   -601     2846

 COOLING
  YESTERDAY        0                         0      0        0
  MONTH TO DATE    0                         0      0        0
  SINCE DEC 1      0                         0      0        0
  SINCE JAN 1      0                         0      0        0
..................................................................


WIND (MPH)
  HIGHEST WIND SPEED    22   HIGHEST WIND DIRECTION    NW (300)
  HIGHEST GUST SPEED    29   HIGHEST GUST DIRECTION     W (290)
  AVERAGE WIND SPEED     8.4


SKY COVER
  AVERAGE SKY COVER 0.0


WEATHER CONDITIONS
 THE FOLLOWING WEATHER WAS RECORDED YESTERDAY.
  NO SIGNIFICANT WEATHER WAS OBSERVED.


RELATIVE HUMIDITY (PERCENT)
 HIGHEST    63          1200 AM
 LOWEST     32           200 PM
 AVERAGE    48

..........................................................


THE BRIDGEPORT CT CLIMATE NORMALS FOR TODAY
                         NORMAL    RECORD    YEAR
 MAXIMUM TEMPERATURE (F)   40        60      1981
 MINIMUM TEMPERATURE (F)   26         0      1979


SUNRISE AND SUNSET
FEBRUARY 18 2017......SUNRISE   643 AM EST   SUNSET   531 PM EST
FEBRUARY 19 2017......SUNRISE   641 AM EST   SUNSET   532 PM EST


-  INDICATES NEGATIVE NUMBERS.
R  INDICATES RECORD WAS SET OR TIED.
MM INDICATES DATA IS MISSING.
T  INDICATES TRACE AMOUNT.




$$
