000
CDUS41 KOKX 230627
CLIBDR


CLIMATE REPORT
NATIONAL WEATHER SERVICE NEW YORK NY
127 AM EST FRI JAN 23 2015


...................................

...THE BRIDGEPORT CT CLIMATE SUMMARY FOR JANUARY 22 2015...

CLIMATE NORMAL PERIOD 1981 TO 2010
CLIMATE RECORD PERIOD 1948 TO 2015


WEATHER ITEM   OBSERVED TIME   RECORD YEAR NORMAL DEPARTURE LAST
                VALUE   (LST)  VALUE       VALUE  FROM      YEAR
                                                  NORMAL
..................................................................
TEMPERATURE (F)
 YESTERDAY
  MAXIMUM         40    354 PM  52    1973  37      3       14
                                      1952
  MINIMUM         27   1159 PM  -7    1984  23      4        2
  AVERAGE         34                        30      4        8

PRECIPITATION (IN)
  YESTERDAY        0.00          1.00 1987   0.10  -0.10     0.01
  MONTH TO DATE    2.88                      2.26   0.62     2.64
  SINCE DEC 1      8.53                      5.59   2.94     6.97
  SINCE JAN 1      2.88                      2.26   0.62     2.64

SNOWFALL (IN)
  YESTERDAY        0.0          12.0  2011   0.3   -0.3      0.2
  MONTH TO DATE    4.2                       5.6   -1.4     11.9
  SINCE OCT 1      5.1                      11.4   -6.3     22.9
  SINCE JUL 1      5.1                      11.4   -6.3     22.9
  SNOW DEPTH       0

DEGREE DAYS
 HEATING
  YESTERDAY       31                        35     -4       57
  MONTH TO DATE  784                       766     18      784
  SINCE DEC 1   1582                      1685   -103     1705
  SINCE JUL 1   2488                      2659   -171     2658

 COOLING
  YESTERDAY        0                         0      0        0
  MONTH TO DATE    0                         0      0        0
  SINCE DEC 1      0                         0      0        0
  SINCE JAN 1      0                         0      0        0
..................................................................


WIND (MPH)
  HIGHEST WIND SPEED    12   HIGHEST WIND DIRECTION     W (290)
  HIGHEST GUST SPEED    16   HIGHEST GUST DIRECTION    NW (310)
  AVERAGE WIND SPEED     5.8


SKY COVER
  AVERAGE SKY COVER 0.6


WEATHER CONDITIONS
 THE FOLLOWING WEATHER WAS RECORDED YESTERDAY.
  NO SIGNIFICANT WEATHER WAS OBSERVED.


RELATIVE HUMIDITY (PERCENT)
 HIGHEST    69           300 AM
 LOWEST     44           100 PM
 AVERAGE    57

..........................................................


THE BRIDGEPORT CT CLIMATE NORMALS FOR TODAY
                         NORMAL    RECORD    YEAR
 MAXIMUM TEMPERATURE (F)   37        56      1992
 MINIMUM TEMPERATURE (F)   23         0      1976


SUNRISE AND SUNSET
JANUARY 23 2015.......SUNRISE   711 AM EST   SUNSET   458 PM EST
JANUARY 24 2015.......SUNRISE   711 AM EST   SUNSET   459 PM EST


-  INDICATES NEGATIVE NUMBERS.
R  INDICATES RECORD WAS SET OR TIED.
MM INDICATES DATA IS MISSING.
T  INDICATES TRACE AMOUNT.




$$
