000
CDUS41 KOKX 090617
CLIBDR


CLIMATE REPORT
NATIONAL WEATHER SERVICE NEW YORK NY
216 AM EDT MON OCT 9 2017


...................................

...THE BRIDGEPORT CT CLIMATE SUMMARY FOR OCTOBER 8 2017...

CLIMATE NORMAL PERIOD 1981 TO 2010
CLIMATE RECORD PERIOD 1948 TO 2017


WEATHER ITEM   OBSERVED TIME   RECORD YEAR NORMAL DEPARTURE LAST
                VALUE   (LST)  VALUE       VALUE  FROM      YEAR
                                                  NORMAL
..................................................................
TEMPERATURE (F)
 YESTERDAY
  MAXIMUM         75    339 PM  89    2007  66      9       70
  MINIMUM         71    923 AM  35    1953  49     22       55
  AVERAGE         73                        58     15       63

PRECIPITATION (IN)
  YESTERDAY        0.35          2.60 2005   0.12   0.23     0.31
  MONTH TO DATE    0.37                      0.95  -0.58     0.47
  SINCE SEP 1      2.10                      4.43  -2.33     3.20
  SINCE JAN 1     30.69                     33.33  -2.64    27.96

SNOWFALL (IN)
  YESTERDAY        0.0           0.0  2002   0.0    0.0      0.0
                                      2001
  MONTH TO DATE    0.0                       0.0    0.0      0.0
  SINCE OCT 1      0.0                       0.0    0.0      0.0
  SINCE JUL 1      0.0                       0.0    0.0      0.0
  SNOW DEPTH       0

DEGREE DAYS
 HEATING
  YESTERDAY        0                         8     -8        2
  MONTH TO DATE   20                        55    -35       26
  SINCE SEP 1     45                       119    -74       41
  SINCE JUL 1     45                       123    -78       41

 COOLING
  YESTERDAY        8                         1      7        0
  MONTH TO DATE   28                         8     20        1
  SINCE SEP 1    185                       106     79      192
  SINCE JAN 1   1022                       824    198     1244
..................................................................


WIND (MPH)
  HIGHEST WIND SPEED    22   HIGHEST WIND DIRECTION     S (200)
  HIGHEST GUST SPEED    30   HIGHEST GUST DIRECTION     S (200)
  AVERAGE WIND SPEED    13.4


SKY COVER
  AVERAGE SKY COVER 0.6


WEATHER CONDITIONS
 THE FOLLOWING WEATHER WAS RECORDED YESTERDAY.
  HEAVY RAIN
  RAIN
  LIGHT RAIN
  FOG


RELATIVE HUMIDITY (PERCENT)
 HIGHEST    93           200 PM
 LOWEST     79           100 AM
 AVERAGE    86

..........................................................


THE BRIDGEPORT CT CLIMATE NORMALS FOR TODAY
                         NORMAL    RECORD    YEAR
 MAXIMUM TEMPERATURE (F)   66        80      1959
 MINIMUM TEMPERATURE (F)   49        31      1988


SUNRISE AND SUNSET
OCTOBER  9 2017.......SUNRISE   658 AM EDT   SUNSET   621 PM EDT
OCTOBER 10 2017.......SUNRISE   659 AM EDT   SUNSET   619 PM EDT


-  INDICATES NEGATIVE NUMBERS.
R  INDICATES RECORD WAS SET OR TIED.
MM INDICATES DATA IS MISSING.
T  INDICATES TRACE AMOUNT.




$$
