000
CDUS41 KOKX 150619
CLIBDR


CLIMATE REPORT
NATIONAL WEATHER SERVICE NEW YORK NY
119 AM EST SUN JAN 15 2017


...................................

...THE BRIDGEPORT CT CLIMATE SUMMARY FOR JANUARY 14 2017...

CLIMATE NORMAL PERIOD 1981 TO 2010
CLIMATE RECORD PERIOD 1948 TO 2017


WEATHER ITEM   OBSERVED TIME   RECORD YEAR NORMAL DEPARTURE LAST
                VALUE   (LST)  VALUE       VALUE  FROM      YEAR
                                                  NORMAL
..................................................................
TEMPERATURE (F)
 YESTERDAY
  MAXIMUM         31    402 PM  60    1950  37     -6       36
  MINIMUM         25    737 AM   1    2004  23      2       22
  AVERAGE         28                        30     -2       29

PRECIPITATION (IN)
  YESTERDAY        0.12          1.59 2006   0.10   0.02      T
  MONTH TO DATE    1.71                      1.46   0.25     1.24
  SINCE DEC 1      5.14                      4.79   0.35     6.18
  SINCE JAN 1      1.71                      1.46   0.25     1.24

SNOWFALL (IN)
  YESTERDAY        1.3           4.9  1978   0.2    1.1      0.1
  MONTH TO DATE    8.2                       3.6    4.6      0.1
  SINCE OCT 1     14.2                       9.4    4.8      0.8
  SINCE JUL 1     14.2                       9.4    4.8      0.8
  SNOW DEPTH       0

DEGREE DAYS
 HEATING
  YESTERDAY       37                        35      2       36
  MONTH TO DATE  428                       486    -58      436
  SINCE DEC 1   1265                      1405   -140      980
  SINCE JUL 1   1993                      2379   -386     1724

 COOLING
  YESTERDAY        0                         0      0        0
  MONTH TO DATE    0                         0      0        0
  SINCE DEC 1      0                         0      0        0
  SINCE JAN 1      0                         0      0        0
..................................................................


WIND (MPH)
  HIGHEST WIND SPEED    10   HIGHEST WIND DIRECTION    SW (210)
  HIGHEST GUST SPEED    13   HIGHEST GUST DIRECTION     N (340)
  AVERAGE WIND SPEED     4.1


SKY COVER
  AVERAGE SKY COVER 0.5


WEATHER CONDITIONS
 THE FOLLOWING WEATHER WAS RECORDED YESTERDAY.
  LIGHT SNOW
  FOG
  HAZE


RELATIVE HUMIDITY (PERCENT)
 HIGHEST    92           700 PM
 LOWEST     39           900 AM
 AVERAGE    66

..........................................................


THE BRIDGEPORT CT CLIMATE NORMALS FOR TODAY
                         NORMAL    RECORD    YEAR
 MAXIMUM TEMPERATURE (F)   37        61      1995
 MINIMUM TEMPERATURE (F)   23        -5      1957


SUNRISE AND SUNSET
JANUARY 15 2017.......SUNRISE   716 AM EST   SUNSET   449 PM EST
JANUARY 16 2017.......SUNRISE   715 AM EST   SUNSET   450 PM EST


-  INDICATES NEGATIVE NUMBERS.
R  INDICATES RECORD WAS SET OR TIED.
MM INDICATES DATA IS MISSING.
T  INDICATES TRACE AMOUNT.




$$
