000
CDUS41 KOKX 290658
CLIBDR


CLIMATE REPORT
NATIONAL WEATHER SERVICE NEW YORK NY
257 AM EDT SAT APR 29 2017


...................................

...THE BRIDGEPORT CT CLIMATE SUMMARY FOR APRIL 28 2017...

CLIMATE NORMAL PERIOD 1981 TO 2010
CLIMATE RECORD PERIOD 1948 TO 2017


WEATHER ITEM   OBSERVED TIME   RECORD YEAR NORMAL DEPARTURE LAST
                VALUE   (LST)  VALUE       VALUE  FROM      YEAR
                                                  NORMAL
..................................................................
TEMPERATURE (F)
 YESTERDAY
  MAXIMUM         77    406 PM  91    1990  62     15       56
  MINIMUM         52    154 AM  33    1972  45      7       44
  AVERAGE         65                        54     11       50

PRECIPITATION (IN)
  YESTERDAY        0.02          1.88 1958   0.13  -0.11      T
  MONTH TO DATE    4.81                      3.88   0.93     2.61
  SINCE MAR 1      9.15                      7.93   1.22     4.78
  SINCE JAN 1     14.34                     13.82   0.52    11.94

SNOWFALL (IN)
  YESTERDAY        0.0           0.0  2001   0.0    0.0      0.0
                                      1966
  MONTH TO DATE    0.0                       0.9   -0.9      0.1
  SINCE OCT 1     40.9                      27.6   13.3     27.3
  SINCE JUL 1     40.9                      27.6   13.3     27.3
  SNOW DEPTH       0

DEGREE DAYS
 HEATING
  YESTERDAY        0                        12    -12       15
  MONTH TO DATE  325                       450   -125      434
  SINCE MAR 1   1173                      1247    -74     1057
  SINCE JUL 1   4340                      5134   -794     4192

 COOLING
  YESTERDAY        0                         0      0        0
  MONTH TO DATE    0                         0      0        0
  SINCE MAR 1      0                         0      0        0
  SINCE JAN 1      0                         0      0        0
..................................................................


WIND (MPH)
  HIGHEST WIND SPEED    14   HIGHEST WIND DIRECTION     S (190)
  HIGHEST GUST SPEED    22   HIGHEST GUST DIRECTION    SW (230)
  AVERAGE WIND SPEED     5.8


SKY COVER
  AVERAGE SKY COVER 0.5


WEATHER CONDITIONS
 THE FOLLOWING WEATHER WAS RECORDED YESTERDAY.
  FOG
  FOG W/VISIBILITY <= 1/4 MILE


RELATIVE HUMIDITY (PERCENT)
 HIGHEST   100           200 AM
 LOWEST     57           600 PM
 AVERAGE    79

..........................................................


THE BRIDGEPORT CT CLIMATE NORMALS FOR TODAY
                         NORMAL    RECORD    YEAR
 MAXIMUM TEMPERATURE (F)   62        85      1974
 MINIMUM TEMPERATURE (F)   45        34      1966


SUNRISE AND SUNSET
APRIL 29 2017.........SUNRISE   553 AM EDT   SUNSET   748 PM EDT
APRIL 30 2017.........SUNRISE   551 AM EDT   SUNSET   749 PM EDT


-  INDICATES NEGATIVE NUMBERS.
R  INDICATES RECORD WAS SET OR TIED.
MM INDICATES DATA IS MISSING.
T  INDICATES TRACE AMOUNT.




$$
