000
CDUS41 KOKX 110622
CLIBDR


CLIMATE REPORT
NATIONAL WEATHER SERVICE NEW YORK NY
115 AM EST SUN FEB 11 2018


...................................

...THE BRIDGEPORT CT CLIMATE SUMMARY FOR FEBRUARY 10 2018...

CLIMATE NORMAL PERIOD 1981 TO 2010
CLIMATE RECORD PERIOD 1948 TO 2018


WEATHER ITEM   OBSERVED TIME   RECORD YEAR NORMAL DEPARTURE LAST
                VALUE   (LST)  VALUE       VALUE  FROM      YEAR
                                                  NORMAL
..................................................................
TEMPERATURE (F)
 YESTERDAY
  MAXIMUM         45        MM  54    2001  39      6       32
  MINIMUM         31   1200 AM   4    1994  25      6       16
                                      1983
  AVERAGE         38                        32      6       24

PRECIPITATION (IN)
  YESTERDAY        0.12          1.95 1970   0.09   0.03     0.00
  MONTH TO DATE    2.58                      0.90   1.68     0.99
  SINCE DEC 1      6.77                      7.33  -0.56     7.70
  SINCE JAN 1      5.08                      4.00   1.08     4.27

SNOWFALL (IN)
  YESTERDAY       MM             4.8  2010   0.2   MM        0.0
  MONTH TO DATE    0.5                       2.7   -2.2     10.3
  SINCE OCT 1     20.6                      16.2    4.4     27.3
  SINCE JUL 1     20.6                      16.2    4.4     27.3
  SNOW DEPTH       0

DEGREE DAYS
 HEATING
  YESTERDAY       27                        33     -6       41
  MONTH TO DATE  335                       340     -5      297
  SINCE DEC 1   2429                      2342     87     1997
  SINCE JUL 1   3184                      3316   -132     2725

 COOLING
  YESTERDAY        0                         0      0        0
  MONTH TO DATE    0                         0      0        0
  SINCE DEC 1      0                         0      0        0
  SINCE JAN 1      0                         0      0        0
..................................................................


WIND (MPH)
  HIGHEST WIND SPEED     6   HIGHEST WIND DIRECTION     E (90)
  HIGHEST GUST SPEED    MM   HIGHEST GUST DIRECTION    MM
  AVERAGE WIND SPEED     2.8


SKY COVER
  AVERAGE SKY COVER 0.8


WEATHER CONDITIONS
 THE FOLLOWING WEATHER WAS RECORDED YESTERDAY.
  RAIN
  LIGHT RAIN
  FOG


RELATIVE HUMIDITY (PERCENT)
 HIGHEST   100           700 PM
 LOWEST     82           100 AM
 AVERAGE    91

..........................................................


THE BRIDGEPORT CT CLIMATE NORMALS FOR TODAY
                         NORMAL    RECORD    YEAR
 MAXIMUM TEMPERATURE (F)   39        59      2009
 MINIMUM TEMPERATURE (F)   25        -2      1962


SUNRISE AND SUNSET
FEBRUARY 11 2018......SUNRISE   652 AM EST   SUNSET   522 PM EST
FEBRUARY 12 2018......SUNRISE   651 AM EST   SUNSET   523 PM EST


-  INDICATES NEGATIVE NUMBERS.
R  INDICATES RECORD WAS SET OR TIED.
MM INDICATES DATA IS MISSING.
T  INDICATES TRACE AMOUNT.




$$
