000
CDUS41 KOKX 120618
CLIBDR


CLIMATE REPORT
NATIONAL WEATHER SERVICE NEW YORK NY
118 AM EST FRI JAN 12 2018


...................................

...THE BRIDGEPORT CT CLIMATE SUMMARY FOR JANUARY 11 2018...

CLIMATE NORMAL PERIOD 1981 TO 2010
CLIMATE RECORD PERIOD 1948 TO 2018


WEATHER ITEM   OBSERVED TIME   RECORD YEAR NORMAL DEPARTURE LAST
                VALUE   (LST)  VALUE       VALUE  FROM      YEAR
                                                  NORMAL
..................................................................
TEMPERATURE (F)
 YESTERDAY
  MAXIMUM         42    138 PM  56    1975  37      5       49
  MINIMUM         30    143 AM   2    1982  23      7       41
                                      1968
  AVERAGE         36                        30      6       45

PRECIPITATION (IN)
  YESTERDAY        0.00          0.77 2008   0.11  -0.11     0.42
  MONTH TO DATE    0.89                      1.14  -0.25     1.43
  SINCE DEC 1      2.58                      4.47  -1.89     4.86
  SINCE JAN 1      0.89                      1.14  -0.25     1.43

SNOWFALL (IN)
  YESTERDAY        0.0           6.0  1974   0.3   -0.3       T
  MONTH TO DATE    9.3                       2.9    6.4      6.9
  SINCE OCT 1     18.0                       8.7    9.3     12.9
  SINCE JUL 1     18.0                       8.7    9.3     12.9
  SNOW DEPTH       5

DEGREE DAYS
 HEATING
  YESTERDAY       29                        35     -6       20
  MONTH TO DATE  485                       381    104      353
  SINCE DEC 1   1456                      1300    156     1190
  SINCE JUL 1   2211                      2274    -63     1918

 COOLING
  YESTERDAY        0                         0      0        0
  MONTH TO DATE    0                         0      0        0
  SINCE DEC 1      0                         0      0        0
  SINCE JAN 1      0                         0      0        0
..................................................................


WIND (MPH)
  HIGHEST WIND SPEED     6   HIGHEST WIND DIRECTION     N (360)
  HIGHEST GUST SPEED     7   HIGHEST GUST DIRECTION     E (100)
  AVERAGE WIND SPEED     2.6


SKY COVER
  AVERAGE SKY COVER 0.9


WEATHER CONDITIONS
 THE FOLLOWING WEATHER WAS RECORDED YESTERDAY.
  FOG
  FOG W/VISIBILITY <= 1/4 MILE
  HAZE


RELATIVE HUMIDITY (PERCENT)
 HIGHEST   100          1000 PM
 LOWEST     78           100 AM
 AVERAGE    89

..........................................................


THE BRIDGEPORT CT CLIMATE NORMALS FOR TODAY
                         NORMAL    RECORD    YEAR
 MAXIMUM TEMPERATURE (F)   37        55      2017
 MINIMUM TEMPERATURE (F)   23        -3      1981


SUNRISE AND SUNSET
JANUARY 12 2018.......SUNRISE   717 AM EST   SUNSET   445 PM EST
JANUARY 13 2018.......SUNRISE   716 AM EST   SUNSET   446 PM EST


-  INDICATES NEGATIVE NUMBERS.
R  INDICATES RECORD WAS SET OR TIED.
MM INDICATES DATA IS MISSING.
T  INDICATES TRACE AMOUNT.




$$
