640
CDUS41 KOKX 290617
CLIBDR


CLIMATE REPORT
NATIONAL WEATHER SERVICE NEW YORK NY
216 AM EDT FRI APR 29 2016


...................................

...THE BRIDGEPORT CT CLIMATE SUMMARY FOR APRIL 28 2016...

CLIMATE NORMAL PERIOD 1981 TO 2010
CLIMATE RECORD PERIOD 1948 TO 2016


WEATHER ITEM   OBSERVED TIME   RECORD YEAR NORMAL DEPARTURE LAST
                VALUE   (LST)  VALUE       VALUE  FROM      YEAR
                                                  NORMAL
..................................................................
TEMPERATURE (F)
 YESTERDAY
  MAXIMUM         56    208 PM  91    1990  62     -6       68
  MINIMUM         44    510 AM  33    1972  45     -1       47
  AVERAGE         50                        54     -4       58

PRECIPITATION (IN)
  YESTERDAY        T             1.88 1958   0.13  -0.13      T
  MONTH TO DATE    2.61                      3.88  -1.27     2.09
  SINCE MAR 1      4.78                      7.93  -3.15     6.81
  SINCE JAN 1     11.94                     13.82  -1.88    13.15

SNOWFALL (IN)
  YESTERDAY        0.0           0.0  2001   0.0    0.0      0.0
                                      1966
  MONTH TO DATE    0.1                       0.9   -0.8       T
  SINCE OCT 1     27.3                      27.6   -0.3     59.7
  SINCE JUL 1     27.3                      27.6   -0.3     59.7
  SNOW DEPTH       0

DEGREE DAYS
 HEATING
  YESTERDAY       15                        12      3        7
  MONTH TO DATE  434                       450    -16      439
  SINCE MAR 1   1057                      1247   -190     1399
  SINCE JUL 1   4192                      5134   -942     5505

 COOLING
  YESTERDAY        0                         0      0        0
  MONTH TO DATE    0                         0      0        0
  SINCE MAR 1      0                         0      0        0
  SINCE JAN 1      0                         0      0        0
..................................................................


WIND (MPH)
  HIGHEST WIND SPEED    15   HIGHEST WIND DIRECTION     S (200)
  HIGHEST GUST SPEED    20   HIGHEST GUST DIRECTION    SW (210)
  AVERAGE WIND SPEED     7.9


SKY COVER
  AVERAGE SKY COVER 0.2


WEATHER CONDITIONS
 THE FOLLOWING WEATHER WAS RECORDED YESTERDAY.
  LIGHT RAIN


RELATIVE HUMIDITY (PERCENT)
 HIGHEST    86          1200 AM
 LOWEST     26           200 PM
 AVERAGE    56

..........................................................


THE BRIDGEPORT CT CLIMATE NORMALS FOR TODAY
                         NORMAL    RECORD    YEAR
 MAXIMUM TEMPERATURE (F)   62        85      1974
 MINIMUM TEMPERATURE (F)   45        34      1966


SUNRISE AND SUNSET
APRIL 29 2016.........SUNRISE   552 AM EDT   SUNSET   748 PM EDT
APRIL 30 2016.........SUNRISE   551 AM EDT   SUNSET   749 PM EDT


-  INDICATES NEGATIVE NUMBERS.
R  INDICATES RECORD WAS SET OR TIED.
MM INDICATES DATA IS MISSING.
T  INDICATES TRACE AMOUNT.




$$
