778
CDUS41 KOKX 280619
CLIBDR


CLIMATE REPORT
NATIONAL WEATHER SERVICE NEW YORK NY
119 AM EST MON NOV 28 2016


...................................

...THE BRIDGEPORT CT CLIMATE SUMMARY FOR NOVEMBER 27 2016...

CLIMATE NORMAL PERIOD 1981 TO 2010
CLIMATE RECORD PERIOD 1948 TO 2016


WEATHER ITEM   OBSERVED TIME   RECORD YEAR NORMAL DEPARTURE LAST
                VALUE   (LST)  VALUE       VALUE  FROM      YEAR
                                                  NORMAL
..................................................................
TEMPERATURE (F)
 YESTERDAY
  MAXIMUM         51    152 PM  62    2013  49      2       60
                                      1999
                                      1960
  MINIMUM         36    643 AM  18    1949  35      1       40
  AVERAGE         44                        42      2       50

PRECIPITATION (IN)
  YESTERDAY        0.00          1.42 2013   0.12  -0.12     0.00
  MONTH TO DATE    1.56                      3.02  -1.46     1.23
  SINCE SEP 1      8.54                     10.14  -1.60     6.52
  SINCE JAN 1     33.30                     39.04  -5.74    30.11

SNOWFALL (IN)
  YESTERDAY        0.0           5.0  2002   0.0    0.0      0.0
  MONTH TO DATE    T                         0.5   -0.5      0.0
  SINCE OCT 1      T                         0.5   -0.5       T
  SINCE JUL 1      T                         0.5   -0.5       T
  SNOW DEPTH       0

DEGREE DAYS
 HEATING
  YESTERDAY       21                        23     -2       15
  MONTH TO DATE  438                       511    -73      395
  SINCE SEP 1    680                       897   -217      685
  SINCE JUL 1    680                       901   -221      685

 COOLING
  YESTERDAY        0                         0      0        0
  MONTH TO DATE    0                         0      0        2
  SINCE SEP 1    218                       107    111      202
  SINCE JAN 1   1270                       825    445     1122
..................................................................


WIND (MPH)
  HIGHEST WIND SPEED    20   HIGHEST WIND DIRECTION    NW (310)
  HIGHEST GUST SPEED    24   HIGHEST GUST DIRECTION    NW (320)
  AVERAGE WIND SPEED     8.1


SKY COVER
  AVERAGE SKY COVER 0.4


WEATHER CONDITIONS
 THE FOLLOWING WEATHER WAS RECORDED YESTERDAY.
  NO SIGNIFICANT WEATHER WAS OBSERVED.


RELATIVE HUMIDITY (PERCENT)
 HIGHEST    79          1200 AM
 LOWEST     41          1200 PM
 AVERAGE    60

..........................................................


THE BRIDGEPORT CT CLIMATE NORMALS FOR TODAY
                         NORMAL    RECORD    YEAR
 MAXIMUM TEMPERATURE (F)   49        65      2001
 MINIMUM TEMPERATURE (F)   34        16      1951


SUNRISE AND SUNSET
NOVEMBER 28 2016......SUNRISE   656 AM EST   SUNSET   425 PM EST
NOVEMBER 29 2016......SUNRISE   657 AM EST   SUNSET   425 PM EST


-  INDICATES NEGATIVE NUMBERS.
R  INDICATES RECORD WAS SET OR TIED.
MM INDICATES DATA IS MISSING.
T  INDICATES TRACE AMOUNT.




$$
