000
CDUS41 KOKX 230617
CLIBDR


CLIMATE REPORT
NATIONAL WEATHER SERVICE NEW YORK NY
217 AM EDT WED JUL 23 2014


...................................

...THE BRIDGEPORT CT CLIMATE SUMMARY FOR JULY 22 2014...

CLIMATE NORMAL PERIOD 1981 TO 2010
CLIMATE RECORD PERIOD 1948 TO 2014


WEATHER ITEM   OBSERVED TIME   RECORD YEAR NORMAL DEPARTURE LAST
                VALUE   (LST)  VALUE       VALUE  FROM      YEAR
                                                  NORMAL
..................................................................
TEMPERATURE (F)
 YESTERDAY
  MAXIMUM         89    258 PM 103    2011  83      6       80
                                      1957
  MINIMUM         69    502 AM  57    1950  67      2       72
  AVERAGE         79                        75      4       76

PRECIPITATION (IN)
  YESTERDAY        0.00          1.08 1985   0.12  -0.12     0.06
  MONTH TO DATE    3.26                      2.32   0.94     0.71
  SINCE JUN 1      7.27                      5.93   1.34    10.19
  SINCE JAN 1     28.93                     23.80   5.13    23.79

SNOWFALL (IN)
  YESTERDAY        0.0           0.0  2002   0.0    0.0      0.0
                                      2001
  MONTH TO DATE    0.0                       0.0    0.0      0.0
  SINCE OCT 1     57.4                      27.6   29.8     64.3
  SINCE JUL 1      0.0                       0.0    0.0      0.0
  SNOW DEPTH       0

DEGREE DAYS
 HEATING
  YESTERDAY        0                         0      0        0
  MONTH TO DATE    0                         0      0        0
  SINCE JUN 1      4                        32    -28       18
  SINCE JUL 1      0                         0      0        0

 COOLING
  YESTERDAY       14                        10      4       11
  MONTH TO DATE  235                       202     33      346
  SINCE JUN 1    381                       345     36      521
  SINCE JAN 1    404                       369     35      559
..................................................................


WIND (MPH)
  HIGHEST WIND SPEED    16   HIGHEST WIND DIRECTION     S (190)
  HIGHEST GUST SPEED    22   HIGHEST GUST DIRECTION     S (200)
  AVERAGE WIND SPEED     9.2


SKY COVER
  AVERAGE SKY COVER 0.0


WEATHER CONDITIONS
 THE FOLLOWING WEATHER WAS RECORDED YESTERDAY.
  NO SIGNIFICANT WEATHER WAS OBSERVED.


RELATIVE HUMIDITY (PERCENT)
 HIGHEST    90           600 AM
 LOWEST     47           300 PM
 AVERAGE    69

..........................................................


THE BRIDGEPORT CT CLIMATE NORMALS FOR TODAY
                         NORMAL    RECORD    YEAR
 MAXIMUM TEMPERATURE (F)   83        96      2011
 MINIMUM TEMPERATURE (F)   67        55      1977


SUNRISE AND SUNSET
JULY 23 2014..........SUNRISE   540 AM EDT   SUNSET   818 PM EDT
JULY 24 2014..........SUNRISE   540 AM EDT   SUNSET   817 PM EDT


-  INDICATES NEGATIVE NUMBERS.
R  INDICATES RECORD WAS SET OR TIED.
MM INDICATES DATA IS MISSING.
T  INDICATES TRACE AMOUNT.




$$
