000
CDUS41 KOKX 122035
CLIBDR


CLIMATE REPORT
NATIONAL WEATHER SERVICE NEW YORK NY
434 PM EDT WED APR 12 2017


...................................

...THE BRIDGEPORT CT CLIMATE SUMMARY FOR APRIL 12 2017...
VALID TODAY AS OF 0400 PM LOCAL TIME.

CLIMATE NORMAL PERIOD 1981 TO 2010
CLIMATE RECORD PERIOD 1948 TO 2017


WEATHER ITEM   OBSERVED TIME   RECORD YEAR NORMAL DEPARTURE LAST
                VALUE   (LST)  VALUE       VALUE  FROM      YEAR
                                                  NORMAL
..................................................................
TEMPERATURE (F)
 TODAY
  MAXIMUM         70    253 PM  86    1977  57     13       58
  MINIMUM         49    504 AM  25    1976  40      9       40
  AVERAGE         60                        48     12       49

PRECIPITATION (IN)
  TODAY            0.08          1.27 1997   0.15  -0.07     0.27
  MONTH TO DATE    3.11                      1.72   1.39     2.00
  SINCE MAR 1      7.45                      5.77   1.68     4.17
  SINCE JAN 1     12.64                     11.66   0.98    11.33

SNOWFALL (IN)
  TODAY            0.0           0.3  1959   0.0    0.0      0.0
  MONTH TO DATE    0.0                       0.6   -0.6      0.1
  SINCE OCT 1     40.9                      27.3   13.6     27.3
  SINCE JUL 1     40.9                      27.3   13.6     27.3
  SNOW DEPTH       0

DEGREE DAYS
 HEATING
  TODAY            5                        17    -12       16
  MONTH TO DATE  175                       226    -51      252
  SINCE MAR 1   1023                      1023      0      875
  SINCE JUL 1   4190                      4910   -720     4010

 COOLING
  TODAY            0                         0      0        0
  MONTH TO DATE    0                         0      0        0
  SINCE MAR 1      0                         0      0        0
  SINCE JAN 1      0                         0      0        0
..................................................................


WIND (MPH)
  HIGHEST WIND SPEED    22   HIGHEST WIND DIRECTION    NW (300)
  HIGHEST GUST SPEED    26   HIGHEST GUST DIRECTION     W (290)
  AVERAGE WIND SPEED     3.8


SKY COVER
  AVERAGE SKY COVER 0.4


WEATHER CONDITIONS
 THE FOLLOWING WEATHER WAS RECORDED TODAY.
  RAIN
  LIGHT RAIN
  FOG


RELATIVE HUMIDITY (PERCENT)
 HIGHEST    93           500 AM
 LOWEST     53          1200 PM
 AVERAGE    73

..........................................................


THE BRIDGEPORT CT CLIMATE NORMALS FOR TOMORROW
                         NORMAL    RECORD    YEAR
 MAXIMUM TEMPERATURE (F)   57        74      1968
 MINIMUM TEMPERATURE (F)   40        28      1967


SUNRISE AND SUNSET
APRIL 12 2017.........SUNRISE   618 AM EDT   SUNSET   730 PM EDT
APRIL 13 2017.........SUNRISE   616 AM EDT   SUNSET   731 PM EDT


-  INDICATES NEGATIVE NUMBERS.
R  INDICATES RECORD WAS SET OR TIED.
MM INDICATES DATA IS MISSING.
T  INDICATES TRACE AMOUNT.




$$
