000
CDUS41 KOKX 190624
CLIBDR


CLIMATE REPORT
NATIONAL WEATHER SERVICE NEW YORK NY
224 AM EDT FRI MAY 19 2017


...................................

...THE BRIDGEPORT CT CLIMATE SUMMARY FOR MAY 18 2017...

CLIMATE NORMAL PERIOD 1981 TO 2010
CLIMATE RECORD PERIOD 1948 TO 2017


WEATHER ITEM   OBSERVED TIME   RECORD YEAR NORMAL DEPARTURE LAST
                VALUE   (LST)  VALUE       VALUE  FROM      YEAR
                                                  NORMAL
..................................................................
TEMPERATURE (F)
 YESTERDAY
  MAXIMUM         93R   134 PM  84    1998  68     25       66
  MINIMUM         66    447 AM  41    1984  51     15       48
                                      1983
  AVERAGE         80                        60     20       57

PRECIPITATION (IN)
  YESTERDAY        0.00          2.35 2011   0.12  -0.12     0.00
  MONTH TO DATE    2.72                      2.07   0.65     1.86
  SINCE MAR 1     11.88                     10.25   1.63     6.74
  SINCE JAN 1     17.07                     16.14   0.93    13.90

SNOWFALL (IN)
  YESTERDAY        0.0           0.0  2002   0.0    0.0      0.0
                                      2001
  MONTH TO DATE    0.0                       0.0    0.0      0.0
  SINCE OCT 1     40.9                      27.6   13.3     27.3
  SINCE JUL 1     40.9                      27.6   13.3     27.3
  SNOW DEPTH       0

DEGREE DAYS
 HEATING
  YESTERDAY        0                         6     -6        8
  MONTH TO DATE  145                       149     -4      176
  SINCE MAR 1   1324                      1417    -93     1260
  SINCE JUL 1   4491                      5304   -813     4395

 COOLING
  YESTERDAY       15                         1     14        0
  MONTH TO DATE   22                         4     18        0
  SINCE MAR 1     30                         6     24        0
  SINCE JAN 1     30                         6     24        0
..................................................................


WIND (MPH)
  HIGHEST WIND SPEED    25   HIGHEST WIND DIRECTION     S (200)
  HIGHEST GUST SPEED    32   HIGHEST GUST DIRECTION     S (200)
  AVERAGE WIND SPEED    12.0


SKY COVER
  AVERAGE SKY COVER 0.0


WEATHER CONDITIONS
 THE FOLLOWING WEATHER WAS RECORDED YESTERDAY.
  NO SIGNIFICANT WEATHER WAS OBSERVED.


RELATIVE HUMIDITY (PERCENT)
 HIGHEST    81           500 AM
 LOWEST     38           100 PM
 AVERAGE    60

..........................................................


THE BRIDGEPORT CT CLIMATE NORMALS FOR TODAY
                         NORMAL    RECORD    YEAR
 MAXIMUM TEMPERATURE (F)   69        86      1998
 MINIMUM TEMPERATURE (F)   52        38      2002


SUNRISE AND SUNSET
MAY 19 2017...........SUNRISE   530 AM EDT   SUNSET   808 PM EDT
MAY 20 2017...........SUNRISE   530 AM EDT   SUNSET   809 PM EDT


-  INDICATES NEGATIVE NUMBERS.
R  INDICATES RECORD WAS SET OR TIED.
MM INDICATES DATA IS MISSING.
T  INDICATES TRACE AMOUNT.




$$
