000
CDUS41 KOKX 220617
CLIBDR


CLIMATE REPORT
NATIONAL WEATHER SERVICE NEW YORK NY
217 AM EDT SAT JUL 22 2017


...................................

...THE BRIDGEPORT CT CLIMATE SUMMARY FOR JULY 21 2017...

CLIMATE NORMAL PERIOD 1981 TO 2010
CLIMATE RECORD PERIOD 1948 TO 2017


WEATHER ITEM   OBSERVED TIME   RECORD YEAR NORMAL DEPARTURE LAST
                VALUE   (LST)  VALUE       VALUE  FROM      YEAR
                                                  NORMAL
..................................................................
TEMPERATURE (F)
 YESTERDAY
  MAXIMUM         92    444 PM  98    1991  83      9       90
  MINIMUM         73    429 AM  56    1965  67      6       66
                                      1951
  AVERAGE         83                        75      8       78

PRECIPITATION (IN)
  YESTERDAY        0.00          2.61 1963   0.12  -0.12     0.00
  MONTH TO DATE    2.18                      2.20  -0.02     3.63
  SINCE JUN 1      4.58                      5.81  -1.23     4.89
  SINCE JAN 1     24.42                     23.68   0.74    20.43

SNOWFALL (IN)
  YESTERDAY        0.0           0.0  2002   0.0    0.0      0.0
                                      2001
  MONTH TO DATE    0.0                       0.0    0.0      0.0
  SINCE OCT 1     40.9                      27.6   13.3     27.3
  SINCE JUL 1      0.0                       0.0    0.0      0.0
  SNOW DEPTH       0

DEGREE DAYS
 HEATING
  YESTERDAY        0                         0      0        0
  MONTH TO DATE    0                         0      0        0
  SINCE JUN 1     25                        32     -7        4
  SINCE JUL 1      0                         0      0        0

 COOLING
  YESTERDAY       18                        10      8       13
  MONTH TO DATE  258                       192     66      242
  SINCE JUN 1    472                       335    137      414
  SINCE JAN 1    516                       359    157      472
..................................................................


WIND (MPH)
  HIGHEST WIND SPEED    16   HIGHEST WIND DIRECTION    SW (220)
  HIGHEST GUST SPEED    20   HIGHEST GUST DIRECTION     W (250)
  AVERAGE WIND SPEED     6.9


SKY COVER
  AVERAGE SKY COVER 0.2


WEATHER CONDITIONS
 THE FOLLOWING WEATHER WAS RECORDED YESTERDAY.
  NO SIGNIFICANT WEATHER WAS OBSERVED.


RELATIVE HUMIDITY (PERCENT)
 HIGHEST    79           400 AM
 LOWEST     41           500 PM
 AVERAGE    60

..........................................................


THE BRIDGEPORT CT CLIMATE NORMALS FOR TODAY
                         NORMAL    RECORD    YEAR
 MAXIMUM TEMPERATURE (F)   83       103      2011
                                             1957
 MINIMUM TEMPERATURE (F)   67        57      1950


SUNRISE AND SUNSET
JULY 22 2017..........SUNRISE   539 AM EDT   SUNSET   819 PM EDT
JULY 23 2017..........SUNRISE   540 AM EDT   SUNSET   818 PM EDT


-  INDICATES NEGATIVE NUMBERS.
R  INDICATES RECORD WAS SET OR TIED.
MM INDICATES DATA IS MISSING.
T  INDICATES TRACE AMOUNT.




$$
