000
CDUS41 KOKX 082152
CLIBDR


CLIMATE REPORT
NATIONAL WEATHER SERVICE NEW YORK NY
451 PM EST THU FEB 8 2018


...................................

...THE BRIDGEPORT CT CLIMATE SUMMARY FOR FEBRUARY 8 2018...
VALID TODAY AS OF 0400 PM LOCAL TIME.

CLIMATE NORMAL PERIOD 1981 TO 2010
CLIMATE RECORD PERIOD 1948 TO 2018


WEATHER ITEM   OBSERVED TIME   RECORD YEAR NORMAL DEPARTURE LAST
                VALUE   (LST)  VALUE       VALUE  FROM      YEAR
                                                  NORMAL
..................................................................
TEMPERATURE (F)
 TODAY
  MAXIMUM         34    237 PM  63    2017  38     -4       63
  MINIMUM         24    814 AM  -5    1963  24      0       38
  AVERAGE         29                        31     -2       51

PRECIPITATION (IN)
  TODAY            0.00          1.73 2013   0.08  -0.08      T
  MONTH TO DATE    2.46                      0.72   1.74     0.15
  SINCE DEC 1      6.65                      7.15  -0.50     6.86
  SINCE JAN 1      4.96                      3.82   1.14     3.43

SNOWFALL (IN)
  TODAY            0.0          18.5  2013   0.3   -0.3      0.0
  MONTH TO DATE    0.5                       2.2   -1.7      0.0
  SINCE OCT 1     20.6                      15.7    4.9     17.0
  SINCE JUL 1     20.6                      15.7    4.9     17.0
  SNOW DEPTH       0

DEGREE DAYS
 HEATING
  TODAY           36                        34      2       14
  MONTH TO DATE  270                       273     -3      220
  SINCE DEC 1   2364                      2275     89     1920
  SINCE JUL 1   3119                      3249   -130     2648

 COOLING
  TODAY            0                         0      0        0
  MONTH TO DATE    0                         0      0        0
  SINCE DEC 1      0                         0      0        0
  SINCE JAN 1      0                         0      0        0
..................................................................


WIND (MPH)
  HIGHEST WIND SPEED    24   HIGHEST WIND DIRECTION    NW (330)
  HIGHEST GUST SPEED    32   HIGHEST GUST DIRECTION    NW (320)
  AVERAGE WIND SPEED    10.6


SKY COVER
  AVERAGE SKY COVER 0.1


WEATHER CONDITIONS
 THE FOLLOWING WEATHER WAS RECORDED TODAY.
  NO SIGNIFICANT WEATHER WAS OBSERVED.


RELATIVE HUMIDITY (PERCENT)
 HIGHEST    69          1200 AM
 LOWEST     41           200 PM
 AVERAGE    55

..........................................................


THE BRIDGEPORT CT CLIMATE NORMALS FOR TOMORROW
                         NORMAL    RECORD    YEAR
 MAXIMUM TEMPERATURE (F)   39        58      1949
 MINIMUM TEMPERATURE (F)   24         5      1963


SUNRISE AND SUNSET
FEBRUARY  8 2018......SUNRISE   656 AM EST   SUNSET   518 PM EST
FEBRUARY  9 2018......SUNRISE   655 AM EST   SUNSET   519 PM EST


-  INDICATES NEGATIVE NUMBERS.
R  INDICATES RECORD WAS SET OR TIED.
MM INDICATES DATA IS MISSING.
T  INDICATES TRACE AMOUNT.




$$
