000
CDUS41 KOKX 250624
CLIBDR


CLIMATE REPORT
NATIONAL WEATHER SERVICE NEW YORK NY
124 AM EST SUN JAN 25 2015


...................................

...THE BRIDGEPORT CT CLIMATE SUMMARY FOR JANUARY 24 2015...

CLIMATE NORMAL PERIOD 1981 TO 2010
CLIMATE RECORD PERIOD 1948 TO 2015


WEATHER ITEM   OBSERVED TIME   RECORD YEAR NORMAL DEPARTURE LAST
                VALUE   (LST)  VALUE       VALUE  FROM      YEAR
                                                  NORMAL
..................................................................
TEMPERATURE (F)
 YESTERDAY
  MAXIMUM         37    533 PM  63    1967  37      0       20
  MINIMUM         32    627 AM   0    2011  23      9        9
  AVERAGE         35                        30      5       15

PRECIPITATION (IN)
  YESTERDAY        0.75          2.05 1979   0.10   0.65     0.00
  MONTH TO DATE    3.63                      2.45   1.18     2.64
  SINCE DEC 1      9.28                      5.78   3.50     6.97
  SINCE JAN 1      3.63                      2.45   1.18     2.64

SNOWFALL (IN)
  YESTERDAY        5.5 R         1.7  1965   0.2    5.3      0.0
  MONTH TO DATE    9.7                       6.0    3.7     11.9
  SINCE OCT 1     10.6                      11.8   -1.2     22.9
  SINCE JUL 1     10.6                      11.8   -1.2     22.9
  SNOW DEPTH       6

DEGREE DAYS
 HEATING
  YESTERDAY       30                        35     -5       50
  MONTH TO DATE  850                       836     14      886
  SINCE DEC 1   1648                      1755   -107     1807
  SINCE JUL 1   2554                      2729   -175     2760

 COOLING
  YESTERDAY        0                         0      0        0
  MONTH TO DATE    0                         0      0        0
  SINCE DEC 1      0                         0      0        0
  SINCE JAN 1      0                         0      0        0
..................................................................


WIND (MPH)
  HIGHEST WIND SPEED    15   HIGHEST WIND DIRECTION     N (10)
  HIGHEST GUST SPEED    20   HIGHEST GUST DIRECTION    NW (310)
  AVERAGE WIND SPEED     8.2


SKY COVER
  AVERAGE SKY COVER 0.8


WEATHER CONDITIONS
 THE FOLLOWING WEATHER WAS RECORDED YESTERDAY.
  RAIN
  LIGHT RAIN
  SNOW
  LIGHT SNOW
  FOG


RELATIVE HUMIDITY (PERCENT)
 HIGHEST   100           400 AM
 LOWEST     75          1200 AM
 AVERAGE    88

..........................................................


THE BRIDGEPORT CT CLIMATE NORMALS FOR TODAY
                         NORMAL    RECORD    YEAR
 MAXIMUM TEMPERATURE (F)   37        55      2010
 MINIMUM TEMPERATURE (F)   23         2      2004
                                             1961


SUNRISE AND SUNSET
JANUARY 25 2015.......SUNRISE   710 AM EST   SUNSET   500 PM EST
JANUARY 26 2015.......SUNRISE   709 AM EST   SUNSET   501 PM EST


-  INDICATES NEGATIVE NUMBERS.
R  INDICATES RECORD WAS SET OR TIED.
MM INDICATES DATA IS MISSING.
T  INDICATES TRACE AMOUNT.




$$
