000
CDUS41 KOKX 130624
CLIBDR


CLIMATE REPORT
NATIONAL WEATHER SERVICE NEW YORK NY
124 AM EST SAT DEC 13 2014


...................................

...THE BRIDGEPORT CT CLIMATE SUMMARY FOR DECEMBER 12 2014...

CLIMATE NORMAL PERIOD 1981 TO 2010
CLIMATE RECORD PERIOD 1948 TO 2014


WEATHER ITEM   OBSERVED TIME   RECORD YEAR NORMAL DEPARTURE LAST
                VALUE   (LST)  VALUE       VALUE  FROM      YEAR
                                                  NORMAL
..................................................................
TEMPERATURE (F)
 YESTERDAY
  MAXIMUM         39    323 PM  58    2008  43     -4       30
  MINIMUM         28    354 AM   3    1988  30     -2       22
  AVERAGE         34                        36     -2       26

PRECIPITATION (IN)
  YESTERDAY        T             2.10 2010   0.11  -0.11     0.00
  MONTH TO DATE    4.18                      1.39   2.79     1.10
  SINCE DEC 1      4.18                      1.39   2.79     1.10
  SINCE JAN 1     44.74                     40.80   3.94    33.43

SNOWFALL (IN)
  YESTERDAY       MM             7.0  1960   0.1   MM        0.0
  MONTH TO DATE    0.7                       1.3   -0.6      2.1
  SINCE OCT 1      0.9                       2.0   -1.1      2.2
  SINCE JUL 1      0.9                       2.0   -1.1      2.2
  SNOW DEPTH       0

DEGREE DAYS
 HEATING
  YESTERDAY       31                        29      2       39
  MONTH TO DATE  320                       320      0      329
  SINCE DEC 1    320                       320      0      329
  SINCE JUL 1   1226                      1294    -68     1282

 COOLING
  YESTERDAY        0                         0      0        0
  MONTH TO DATE    0                         0      0        0
  SINCE DEC 1      0                         0      0        0
  SINCE JAN 1    884                       825     59     1003
..................................................................


WIND (MPH)
  HIGHEST WIND SPEED    17   HIGHEST WIND DIRECTION    NW (330)
  HIGHEST GUST SPEED    22   HIGHEST GUST DIRECTION    NW (300)
  AVERAGE WIND SPEED     8.3


SKY COVER
  AVERAGE SKY COVER 0.7


WEATHER CONDITIONS
 THE FOLLOWING WEATHER WAS RECORDED YESTERDAY.
  LIGHT SNOW


RELATIVE HUMIDITY (PERCENT)
 HIGHEST    75           200 AM
 LOWEST     54           200 PM
 AVERAGE    65

..........................................................


THE BRIDGEPORT CT CLIMATE NORMALS FOR TODAY
                         NORMAL    RECORD    YEAR
 MAXIMUM TEMPERATURE (F)   43        58      1990
 MINIMUM TEMPERATURE (F)   29         7      1960


SUNRISE AND SUNSET
DECEMBER 13 2014......SUNRISE   709 AM EST   SUNSET   424 PM EST
DECEMBER 14 2014......SUNRISE   710 AM EST   SUNSET   424 PM EST


-  INDICATES NEGATIVE NUMBERS.
R  INDICATES RECORD WAS SET OR TIED.
MM INDICATES DATA IS MISSING.
T  INDICATES TRACE AMOUNT.




$$
