192
CDUS41 KOKX 230619
CLIBDR


CLIMATE REPORT
NATIONAL WEATHER SERVICE NEW YORK NY
218 AM EDT SAT APR 23 2016


...................................

...THE BRIDGEPORT CT CLIMATE SUMMARY FOR APRIL 22 2016...

CLIMATE NORMAL PERIOD 1981 TO 2010
CLIMATE RECORD PERIOD 1948 TO 2016


WEATHER ITEM   OBSERVED TIME   RECORD YEAR NORMAL DEPARTURE LAST
                VALUE   (LST)  VALUE       VALUE  FROM      YEAR
                                                  NORMAL
..................................................................
TEMPERATURE (F)
 YESTERDAY
  MAXIMUM         71    416 PM  82    1960  60     11       65
  MINIMUM         53    440 AM  29    1975  43     10       41
  AVERAGE         62                        52     10       53

PRECIPITATION (IN)
  YESTERDAY        T             1.72 2012   0.13  -0.13     0.09
  MONTH TO DATE    2.00                      3.09  -1.09     2.09
  SINCE MAR 1      4.17                      7.14  -2.97     6.81
  SINCE JAN 1     11.33                     13.03  -1.70    13.15

SNOWFALL (IN)
  YESTERDAY        0.0           0.0  2002   0.0    0.0      0.0
                                      2001
                                      1972
  MONTH TO DATE    0.1                       0.9   -0.8      0.0
  SINCE OCT 1     27.3                      27.6   -0.3     59.7
  SINCE JUL 1     27.3                      27.6   -0.3     59.7
  SNOW DEPTH       0

DEGREE DAYS
 HEATING
  YESTERDAY        3                        14    -11       12
  MONTH TO DATE  365                       375    -10      349
  SINCE MAR 1    988                      1172   -184     1309
  SINCE JUL 1   4123                      5059   -936     5415

 COOLING
  YESTERDAY        0                         0      0        0
  MONTH TO DATE    0                         0      0        0
  SINCE MAR 1      0                         0      0        0
  SINCE JAN 1      0                         0      0        0
..................................................................


WIND (MPH)
  HIGHEST WIND SPEED    14   HIGHEST WIND DIRECTION     S (190)
  HIGHEST GUST SPEED    16   HIGHEST GUST DIRECTION     S (180)
  AVERAGE WIND SPEED     5.1


SKY COVER
  AVERAGE SKY COVER 0.4


WEATHER CONDITIONS
 THE FOLLOWING WEATHER WAS RECORDED YESTERDAY.
  LIGHT RAIN


RELATIVE HUMIDITY (PERCENT)
 HIGHEST    83           400 AM
 LOWEST     61           400 PM
 AVERAGE    72

..........................................................


THE BRIDGEPORT CT CLIMATE NORMALS FOR TODAY
                         NORMAL    RECORD    YEAR
 MAXIMUM TEMPERATURE (F)   60        79      1952
 MINIMUM TEMPERATURE (F)   43        30      1982


SUNRISE AND SUNSET
APRIL 23 2016.........SUNRISE   601 AM EDT   SUNSET   742 PM EDT
APRIL 24 2016.........SUNRISE   559 AM EDT   SUNSET   743 PM EDT


-  INDICATES NEGATIVE NUMBERS.
R  INDICATES RECORD WAS SET OR TIED.
MM INDICATES DATA IS MISSING.
T  INDICATES TRACE AMOUNT.




$$
