452
CDUS41 KOKX 152132
CLIBDR


CLIMATE REPORT
NATIONAL WEATHER SERVICE NEW YORK NY
431 PM EST WED NOV 15 2017


...................................

...THE BRIDGEPORT CT CLIMATE SUMMARY FOR NOVEMBER 15 2017...
VALID TODAY AS OF 0400 PM LOCAL TIME.

CLIMATE NORMAL PERIOD 1981 TO 2010
CLIMATE RECORD PERIOD 1948 TO 2017


WEATHER ITEM   OBSERVED TIME   RECORD YEAR NORMAL DEPARTURE LAST
                VALUE   (LST)  VALUE       VALUE  FROM      YEAR
                                                  NORMAL
..................................................................
TEMPERATURE (F)
 TODAY
  MAXIMUM         48    321 PM  78    1993  53     -5       57
  MINIMUM         33    654 AM  21    1967  38     -5       48
  AVERAGE         41                        46     -5       53

PRECIPITATION (IN)
  TODAY            0.00          0.78 2016   0.12  -0.12     0.78
  MONTH TO DATE    0.82                      1.60  -0.78     0.78
  SINCE SEP 1      9.92                      8.72   1.20     7.76
  SINCE JAN 1     38.51                     37.62   0.89    32.52

SNOWFALL (IN)
  TODAY            0.0           0.1  1972   0.0    0.0      0.0
  MONTH TO DATE    0.0                       0.1   -0.1      0.0
  SINCE OCT 1      0.0                       0.1   -0.1       T
  SINCE JUL 1      0.0                       0.1   -0.1       T
  SNOW DEPTH       0

DEGREE DAYS
 HEATING
  TODAY           24                        19      5       12
  MONTH TO DATE  279                       257     22      211
  SINCE SEP 1    438                       643   -205      453
  SINCE JUL 1    438                       647   -209      453

 COOLING
  TODAY            0                         0      0        0
  MONTH TO DATE    0                         0      0        0
  SINCE SEP 1    216                       107    109      218
  SINCE JAN 1   1053                       825    228     1270
..................................................................


WIND (MPH)
  HIGHEST WIND SPEED    13   HIGHEST WIND DIRECTION     E (70)
  HIGHEST GUST SPEED    16   HIGHEST GUST DIRECTION     E (100)
  AVERAGE WIND SPEED     8.3


SKY COVER
  AVERAGE SKY COVER 0.2


WEATHER CONDITIONS
 THE FOLLOWING WEATHER WAS RECORDED TODAY.
  NO SIGNIFICANT WEATHER WAS OBSERVED.


RELATIVE HUMIDITY (PERCENT)
 HIGHEST    76           100 AM
 LOWEST     53          1000 AM
 AVERAGE    65

..........................................................


THE BRIDGEPORT CT CLIMATE NORMALS FOR TOMORROW
                         NORMAL    RECORD    YEAR
 MAXIMUM TEMPERATURE (F)   53        71      2001
 MINIMUM TEMPERATURE (F)   38        21      1996


SUNRISE AND SUNSET
NOVEMBER 15 2017......SUNRISE   641 AM EST   SUNSET   433 PM EST
NOVEMBER 16 2017......SUNRISE   642 AM EST   SUNSET   432 PM EST


-  INDICATES NEGATIVE NUMBERS.
R  INDICATES RECORD WAS SET OR TIED.
MM INDICATES DATA IS MISSING.
T  INDICATES TRACE AMOUNT.




$$
