000
CDUS41 KOKX 250621
CLIBDR


CLIMATE REPORT
NATIONAL WEATHER SERVICE NEW YORK NY
221 AM EDT THU AUG 25 2016


...................................

...THE BRIDGEPORT CT CLIMATE SUMMARY FOR AUGUST 24 2016...

CLIMATE NORMAL PERIOD 1981 TO 2010
CLIMATE RECORD PERIOD 1948 TO 2016


WEATHER ITEM   OBSERVED TIME   RECORD YEAR NORMAL DEPARTURE LAST
                VALUE   (LST)  VALUE       VALUE  FROM      YEAR
                                                  NORMAL
..................................................................
TEMPERATURE (F)
 YESTERDAY
  MAXIMUM         86    225 PM  91    1995  80      6       84
  MINIMUM         64    510 AM  48    1952  65     -1       72
  AVERAGE         75                        72      3       78

PRECIPITATION (IN)
  YESTERDAY        0.00          2.61 1990   0.12  -0.12     0.00
  MONTH TO DATE    3.16                      3.18  -0.02     1.76
  SINCE JUN 1      9.22                     10.25  -1.03     9.16
  SINCE JAN 1     24.76                     28.12  -3.36    23.46

SNOWFALL (IN)
  YESTERDAY        0.0           0.0  2002   0.0    0.0      0.0
                                      2001
  MONTH TO DATE    0.0                       0.0    0.0      0.0
  SINCE OCT 1     27.3                      27.6   -0.3     59.7
  SINCE JUL 1      0.0                       0.0    0.0      0.0
  SNOW DEPTH       0

DEGREE DAYS
 HEATING
  YESTERDAY        0                         0      0        0
  MONTH TO DATE    0                         0      0        0
  SINCE JUN 1      4                        33    -29       52
  SINCE JUL 1      0                         1     -1        0

 COOLING
  YESTERDAY       10                         8      2       13
  MONTH TO DATE  324                       214    110      279
  SINCE JUN 1    893                       646    247      793
  SINCE JAN 1    951                       670    281      847
..................................................................


WIND (MPH)
  HIGHEST WIND SPEED    14   HIGHEST WIND DIRECTION    SW (230)
  HIGHEST GUST SPEED    19   HIGHEST GUST DIRECTION     S (190)
  AVERAGE WIND SPEED     7.1


SKY COVER
  AVERAGE SKY COVER 0.0


WEATHER CONDITIONS
 THE FOLLOWING WEATHER WAS RECORDED YESTERDAY.
  NO SIGNIFICANT WEATHER WAS OBSERVED.


RELATIVE HUMIDITY (PERCENT)
 HIGHEST    87           500 AM
 LOWEST     32           200 PM
 AVERAGE    60

..........................................................


THE BRIDGEPORT CT CLIMATE NORMALS FOR TODAY
                         NORMAL    RECORD    YEAR
 MAXIMUM TEMPERATURE (F)   80        93      1969
 MINIMUM TEMPERATURE (F)   65        50      1987


SUNRISE AND SUNSET
AUGUST 25 2016........SUNRISE   612 AM EDT   SUNSET   736 PM EDT
AUGUST 26 2016........SUNRISE   613 AM EDT   SUNSET   734 PM EDT


-  INDICATES NEGATIVE NUMBERS.
R  INDICATES RECORD WAS SET OR TIED.
MM INDICATES DATA IS MISSING.
T  INDICATES TRACE AMOUNT.




$$
