000
CDUS41 KOKX 160626
CLIBDR


CLIMATE REPORT
NATIONAL WEATHER SERVICE NEW YORK NY
226 AM EDT SAT MAY 16 2015


...................................

...THE BRIDGEPORT CT CLIMATE SUMMARY FOR MAY 15 2015...

CLIMATE NORMAL PERIOD 1981 TO 2010
CLIMATE RECORD PERIOD 1948 TO 2015


WEATHER ITEM   OBSERVED TIME   RECORD YEAR NORMAL DEPARTURE LAST
                VALUE   (LST)  VALUE       VALUE  FROM      YEAR
                                                  NORMAL
..................................................................
TEMPERATURE (F)
 YESTERDAY
  MAXIMUM         72    326 PM  82    1951  67      5       73
  MINIMUM         48    513 AM  40    1996  50     -2       54
                                      1971
  AVERAGE         60                        59      1       64

PRECIPITATION (IN)
  YESTERDAY        T             1.07 2012   0.12  -0.12     0.03
  MONTH TO DATE    0.02                      1.72  -1.70     2.23
  SINCE MAR 1      6.83                      9.90  -3.07    12.91
  SINCE JAN 1     13.17                     15.79  -2.62    19.89

SNOWFALL (IN)
  YESTERDAY        0.0           0.0  2002   0.0    0.0      0.0
                                      2001
  MONTH TO DATE    0.0                       0.0    0.0      0.0
  SINCE OCT 1     59.7                      27.6   32.1     57.4
  SINCE JUL 1     59.7                      27.6   32.1     57.4
  SNOW DEPTH       0

DEGREE DAYS
 HEATING
  YESTERDAY        5                         7     -2        1
  MONTH TO DATE   68                       131    -63       84
  SINCE MAR 1   1479                      1399     80     1516
  SINCE JUL 1   5585                      5286    299     5564

 COOLING
  YESTERDAY        0                         1     -1        0
  MONTH TO DATE   17                         1     16        9
  SINCE MAR 1     17                         3     14        9
  SINCE JAN 1     17                         3     14        9
..................................................................


WIND (MPH)
  HIGHEST WIND SPEED    17   HIGHEST WIND DIRECTION     S (200)
  HIGHEST GUST SPEED    22   HIGHEST GUST DIRECTION     S (200)
  AVERAGE WIND SPEED     5.6


SKY COVER
  AVERAGE SKY COVER 0.1


WEATHER CONDITIONS
 THE FOLLOWING WEATHER WAS RECORDED YESTERDAY.
  NO SIGNIFICANT WEATHER WAS OBSERVED.


RELATIVE HUMIDITY (PERCENT)
 HIGHEST    80           300 AM
 LOWEST     29           300 PM
 AVERAGE    55

..........................................................


THE BRIDGEPORT CT CLIMATE NORMALS FOR TODAY
                         NORMAL    RECORD    YEAR
 MAXIMUM TEMPERATURE (F)   68        85      1951
 MINIMUM TEMPERATURE (F)   51        41      1983
                                             1966


SUNRISE AND SUNSET
MAY 16 2015...........SUNRISE   534 AM EDT   SUNSET   805 PM EDT
MAY 17 2015...........SUNRISE   533 AM EDT   SUNSET   806 PM EDT


-  INDICATES NEGATIVE NUMBERS.
R  INDICATES RECORD WAS SET OR TIED.
MM INDICATES DATA IS MISSING.
T  INDICATES TRACE AMOUNT.




$$
