227
CDUS41 KOKX 162033
CLIBDR


CLIMATE REPORT
NATIONAL WEATHER SERVICE NEW YORK NY
433 PM EDT FRI JUN 16 2017


...................................

...THE BRIDGEPORT CT CLIMATE SUMMARY FOR JUNE 16 2017...
VALID TODAY AS OF 0400 PM LOCAL TIME.

CLIMATE NORMAL PERIOD 1981 TO 2010
CLIMATE RECORD PERIOD 1948 TO 2017


WEATHER ITEM   OBSERVED TIME   RECORD YEAR NORMAL DEPARTURE LAST
                VALUE   (LST)  VALUE       VALUE  FROM      YEAR
                                                  NORMAL
..................................................................
TEMPERATURE (F)
 TODAY
  MAXIMUM         68    944 AM  95    1957  77     -9       76
  MINIMUM         63    430 AM  50    1961  61      2       64
  AVERAGE         66                        69     -3       70

PRECIPITATION (IN)
  TODAY            0.03          1.21 1985   0.12  -0.09     0.00
  MONTH TO DATE    0.41                      2.20  -1.79     1.09
  SINCE JUN 1      0.41                      2.20  -1.79     1.09
  SINCE JAN 1     20.25                     20.07   0.18    16.63

SNOWFALL (IN)
  TODAY            0.0           0.0  2002   0.0    0.0      0.0
                                      2001
  MONTH TO DATE    0.0                       0.0    0.0      0.0
  SINCE OCT 1     40.9                      27.6   13.3     27.3
  SINCE JUL 1     40.9                      27.6   13.3     27.3
  SNOW DEPTH       0

DEGREE DAYS
 HEATING
  TODAY            0                         1     -1        0
  MONTH TO DATE   25                        27     -2        4
  SINCE JUN 1     25                        27     -2        4
  SINCE JUL 1   4565                      5387   -822     4421

 COOLING
  TODAY            1                         5     -4        5
  MONTH TO DATE   76                        54     22       62
  SINCE JUN 1     76                        54     22       62
  SINCE JAN 1    120                        78     42      120
..................................................................


WIND (MPH)
  HIGHEST WIND SPEED    16   HIGHEST WIND DIRECTION     E (70)
  HIGHEST GUST SPEED    20   HIGHEST GUST DIRECTION     E (100)
  AVERAGE WIND SPEED    10.6


SKY COVER
  AVERAGE SKY COVER 0.9


WEATHER CONDITIONS
 THE FOLLOWING WEATHER WAS RECORDED TODAY.
  RAIN
  LIGHT RAIN
  FOG


RELATIVE HUMIDITY (PERCENT)
 HIGHEST    84          1200 AM
 LOWEST     73           700 AM
 AVERAGE    79

..........................................................


THE BRIDGEPORT CT CLIMATE NORMALS FOR TOMORROW
                         NORMAL    RECORD    YEAR
 MAXIMUM TEMPERATURE (F)   78        95      1957
 MINIMUM TEMPERATURE (F)   61        50      1965
                                             1958


SUNRISE AND SUNSET
JUNE 16 2017..........SUNRISE   519 AM EDT   SUNSET   827 PM EDT
JUNE 17 2017..........SUNRISE   519 AM EDT   SUNSET   828 PM EDT


-  INDICATES NEGATIVE NUMBERS.
R  INDICATES RECORD WAS SET OR TIED.
MM INDICATES DATA IS MISSING.
T  INDICATES TRACE AMOUNT.




$$
