000
CDUS41 KOKX 212132
CLIBDR


CLIMATE REPORT
NATIONAL WEATHER SERVICE NEW YORK NY
432 PM EST FRI NOV 21 2014


...................................

...THE BRIDGEPORT CT CLIMATE SUMMARY FOR NOVEMBER 21 2014...
VALID TODAY AS OF 0400 PM LOCAL TIME.

CLIMATE NORMAL PERIOD 1981 TO 2010
CLIMATE RECORD PERIOD 1948 TO 2014


WEATHER ITEM   OBSERVED TIME   RECORD YEAR NORMAL DEPARTURE LAST
                VALUE   (LST)  VALUE       VALUE  FROM      YEAR
                                                  NORMAL
..................................................................
TEMPERATURE (F)
 TODAY
  MAXIMUM         38    248 PM  63    1975  51    -13       49
  MINIMUM         27    700 AM  18    1987  37    -10       29
  AVERAGE         33                        44    -11       39

PRECIPITATION (IN)
  TODAY            0.00          0.75 1994   0.13  -0.13     0.00
  MONTH TO DATE    2.58                      2.30   0.28     0.55
  SINCE SEP 1      7.66                      9.42  -1.76     3.59
  SINCE JAN 1     38.90                     38.32   0.58    30.37

SNOWFALL (IN)
  TODAY            0.0           0.5  1978   0.1   -0.1      0.0
  MONTH TO DATE    T                         0.3   -0.3      0.1
  SINCE OCT 1      T                         0.3   -0.3      0.1
  SINCE JUL 1      T                         0.3   -0.3      0.1
  SNOW DEPTH       0

DEGREE DAYS
 HEATING
  TODAY           32                        21     11       26
  MONTH TO DATE  439                       378     61      386
  SINCE SEP 1    708                       764    -56      705
  SINCE JUL 1    708                       768    -60      705

 COOLING
  TODAY            0                         0      0        0
  MONTH TO DATE    0                         0      0        0
  SINCE SEP 1    150                       107     43      118
  SINCE JAN 1    884                       825     59     1003
..................................................................


WIND (MPH)
  HIGHEST WIND SPEED    23   HIGHEST WIND DIRECTION    NW (330)
  HIGHEST GUST SPEED    32   HIGHEST GUST DIRECTION     N (340)
  AVERAGE WIND SPEED    15.2


SKY COVER
  AVERAGE SKY COVER 0.1


WEATHER CONDITIONS
 THE FOLLOWING WEATHER WAS RECORDED TODAY.
  NO SIGNIFICANT WEATHER WAS OBSERVED.


RELATIVE HUMIDITY (PERCENT)
 HIGHEST    46           800 AM
 LOWEST     29           200 PM
 AVERAGE    38

..........................................................


THE BRIDGEPORT CT CLIMATE NORMALS FOR TOMORROW
                         NORMAL    RECORD    YEAR
 MAXIMUM TEMPERATURE (F)   51        64      1983
 MINIMUM TEMPERATURE (F)   36        18      1987


SUNRISE AND SUNSET
NOVEMBER 21 2014......SUNRISE   647 AM EST   SUNSET   429 PM EST
NOVEMBER 22 2014......SUNRISE   649 AM EST   SUNSET   428 PM EST


-  INDICATES NEGATIVE NUMBERS.
R  INDICATES RECORD WAS SET OR TIED.
MM INDICATES DATA IS MISSING.
T  INDICATES TRACE AMOUNT.




$$
