000
CDUS41 KOKX 142131
CLIBDR


CLIMATE REPORT
NATIONAL WEATHER SERVICE NEW YORK NY
431 PM EST SUN DEC 14 2014


...................................

...THE BRIDGEPORT CT CLIMATE SUMMARY FOR DECEMBER 14 2014...
VALID TODAY AS OF 0400 PM LOCAL TIME.

CLIMATE NORMAL PERIOD 1981 TO 2010
CLIMATE RECORD PERIOD 1948 TO 2014


WEATHER ITEM   OBSERVED TIME   RECORD YEAR NORMAL DEPARTURE LAST
                VALUE   (LST)  VALUE       VALUE  FROM      YEAR
                                                  NORMAL
..................................................................
TEMPERATURE (F)
 TODAY
  MAXIMUM         45    236 PM  58    1991  43      2       27
  MINIMUM         35    701 AM   9    1976  29      6       18
  AVERAGE         40                        36      4       23

PRECIPITATION (IN)
  TODAY            0.00          2.05 1954   0.10  -0.10     0.36
  MONTH TO DATE    4.18                      1.59   2.59     1.46
  SINCE DEC 1      4.18                      1.59   2.59     1.46
  SINCE JAN 1     44.74                     41.00   3.74    33.79

SNOWFALL (IN)
  TODAY            0.0           5.0  2013   0.1   -0.1      5.0
                                      2003
  MONTH TO DATE    0.7                       1.6   -0.9      7.1
  SINCE OCT 1      0.9                       2.3   -1.4      7.2
  SINCE JUL 1      0.9                       2.3   -1.4      7.2
  SNOW DEPTH       0

DEGREE DAYS
 HEATING
  TODAY           25                        29     -4       42
  MONTH TO DATE  372                       378     -6      407
  SINCE DEC 1    372                       378     -6      407
  SINCE JUL 1   1278                      1352    -74     1360

 COOLING
  TODAY            0                         0      0        0
  MONTH TO DATE    0                         0      0        0
  SINCE DEC 1      0                         0      0        0
  SINCE JAN 1    884                       825     59     1003
..................................................................


WIND (MPH)
  HIGHEST WIND SPEED    22   HIGHEST WIND DIRECTION    NW (330)
  HIGHEST GUST SPEED    27   HIGHEST GUST DIRECTION    NW (320)
  AVERAGE WIND SPEED    10.4


SKY COVER
  AVERAGE SKY COVER 0.5


WEATHER CONDITIONS
 THE FOLLOWING WEATHER WAS RECORDED TODAY.
  NO SIGNIFICANT WEATHER WAS OBSERVED.


RELATIVE HUMIDITY (PERCENT)
 HIGHEST    82           600 AM
 LOWEST     62          1000 AM
 AVERAGE    72

..........................................................


THE BRIDGEPORT CT CLIMATE NORMALS FOR TOMORROW
                         NORMAL    RECORD    YEAR
 MAXIMUM TEMPERATURE (F)   42        59      1975
 MINIMUM TEMPERATURE (F)   29         9      1962


SUNRISE AND SUNSET
DECEMBER 14 2014......SUNRISE   710 AM EST   SUNSET   424 PM EST
DECEMBER 15 2014......SUNRISE   711 AM EST   SUNSET   425 PM EST


-  INDICATES NEGATIVE NUMBERS.
R  INDICATES RECORD WAS SET OR TIED.
MM INDICATES DATA IS MISSING.
T  INDICATES TRACE AMOUNT.




$$
