000
CDUS41 KOKX 090626
CLIBDR


CLIMATE REPORT
NATIONAL WEATHER SERVICE NEW YORK NY
126 AM EST MON JAN 9 2017


...................................

...THE BRIDGEPORT CT CLIMATE SUMMARY FOR JANUARY 8 2017...

CLIMATE NORMAL PERIOD 1981 TO 2010
CLIMATE RECORD PERIOD 1948 TO 2017


WEATHER ITEM   OBSERVED TIME   RECORD YEAR NORMAL DEPARTURE LAST
                VALUE   (LST)  VALUE       VALUE  FROM      YEAR
                                                  NORMAL
..................................................................
TEMPERATURE (F)
 YESTERDAY
  MAXIMUM         25    404 PM  57    2008  37    -12       46
                                      1949
  MINIMUM         14    723 AM   1    1968  23     -9       29
  AVERAGE         20                        30    -10       38

PRECIPITATION (IN)
  YESTERDAY        T             1.36 2007   0.10  -0.10     0.00
  MONTH TO DATE    1.01                      0.82   0.19     0.00
  SINCE DEC 1      4.44                      4.15   0.29     4.94
  SINCE JAN 1      1.01                      0.82   0.19     0.00

SNOWFALL (IN)
  YESTERDAY        0.2           8.0  1996   0.2    0.0      0.0
  MONTH TO DATE    6.9                       2.0    4.9      0.0
  SINCE OCT 1     12.9                       7.8    5.1      0.7
  SINCE JUL 1     12.9                       7.8    5.1      0.7
  SNOW DEPTH       5

DEGREE DAYS
 HEATING
  YESTERDAY       45                        35     10       27
  MONTH TO DATE  251                       276    -25      263
  SINCE DEC 1   1088                      1195   -107      807
  SINCE JUL 1   1816                      2169   -353     1551

 COOLING
  YESTERDAY        0                         0      0        0
  MONTH TO DATE    0                         0      0        0
  SINCE DEC 1      0                         0      0        0
  SINCE JAN 1      0                         0      0        0
..................................................................


WIND (MPH)
  HIGHEST WIND SPEED    20   HIGHEST WIND DIRECTION    NW (320)
  HIGHEST GUST SPEED    27   HIGHEST GUST DIRECTION    NW (320)
  AVERAGE WIND SPEED    10.9


SKY COVER
  AVERAGE SKY COVER 0.4


WEATHER CONDITIONS
 THE FOLLOWING WEATHER WAS RECORDED YESTERDAY.
  SNOW


RELATIVE HUMIDITY (PERCENT)
 HIGHEST    73           600 PM
 LOWEST     40           300 PM
 AVERAGE    57

..........................................................


THE BRIDGEPORT CT CLIMATE NORMALS FOR TODAY
                         NORMAL    RECORD    YEAR
 MAXIMUM TEMPERATURE (F)   37        65      2008
 MINIMUM TEMPERATURE (F)   23        -3      1968


SUNRISE AND SUNSET
JANUARY  9 2017.......SUNRISE   718 AM EST   SUNSET   442 PM EST
JANUARY 10 2017.......SUNRISE   717 AM EST   SUNSET   443 PM EST


-  INDICATES NEGATIVE NUMBERS.
R  INDICATES RECORD WAS SET OR TIED.
MM INDICATES DATA IS MISSING.
T  INDICATES TRACE AMOUNT.




$$
