000
CDUS41 KOKX 070628
CLIBDR


CLIMATE REPORT
NATIONAL WEATHER SERVICE NEW YORK NY
128 AM EST TUE FEB 7 2017


...................................

...THE BRIDGEPORT CT CLIMATE SUMMARY FOR FEBRUARY 6 2017...

CLIMATE NORMAL PERIOD 1981 TO 2010
CLIMATE RECORD PERIOD 1948 TO 2017


WEATHER ITEM   OBSERVED TIME   RECORD YEAR NORMAL DEPARTURE LAST
                VALUE   (LST)  VALUE       VALUE  FROM      YEAR
                                                  NORMAL
..................................................................
TEMPERATURE (F)
 YESTERDAY
  MAXIMUM         46    322 PM  53    1991  38      8       39
  MINIMUM         35   1106 PM   4    1995  24     11       16
  AVERAGE         41                        31     10       28

PRECIPITATION (IN)
  YESTERDAY        0.00          1.52 2004   0.09  -0.09     0.00
  MONTH TO DATE    T                         0.55  -0.55     2.06
  SINCE DEC 1      6.71                      6.98  -0.27     9.26
  SINCE JAN 1      3.28                      3.65  -0.37     4.32

SNOWFALL (IN)
  YESTERDAY        0.0          11.7  1978   0.2   -0.2      0.0
  MONTH TO DATE    0.0                       1.6   -1.6      8.0
  SINCE OCT 1     17.0                      15.1    1.9     19.0
  SINCE JUL 1     17.0                      15.1    1.9     19.0
  SNOW DEPTH       0

DEGREE DAYS
 HEATING
  YESTERDAY       24                        34    -10       37
  MONTH TO DATE  178                       205    -27      149
  SINCE DEC 1   1878                      2207   -329     1673
  SINCE JUL 1   2606                      3181   -575     2417

 COOLING
  YESTERDAY        0                         0      0        0
  MONTH TO DATE    0                         0      0        0
  SINCE DEC 1      0                         0      0        0
  SINCE JAN 1      0                         0      0        0
..................................................................


WIND (MPH)
  HIGHEST WIND SPEED    23   HIGHEST WIND DIRECTION     W (290)
  HIGHEST GUST SPEED    29   HIGHEST GUST DIRECTION    NW (310)
  AVERAGE WIND SPEED    10.0


SKY COVER
  AVERAGE SKY COVER 0.3


WEATHER CONDITIONS
 THE FOLLOWING WEATHER WAS RECORDED YESTERDAY.
  NO SIGNIFICANT WEATHER WAS OBSERVED.


RELATIVE HUMIDITY (PERCENT)
 HIGHEST    75          1000 PM
 LOWEST     26           300 PM
 AVERAGE    51

..........................................................


THE BRIDGEPORT CT CLIMATE NORMALS FOR TODAY
                         NORMAL    RECORD    YEAR
 MAXIMUM TEMPERATURE (F)   38        52      1951
 MINIMUM TEMPERATURE (F)   24         3      1993


SUNRISE AND SUNSET
FEBRUARY  7 2017......SUNRISE   657 AM EST   SUNSET   517 PM EST
FEBRUARY  8 2017......SUNRISE   656 AM EST   SUNSET   518 PM EST


-  INDICATES NEGATIVE NUMBERS.
R  INDICATES RECORD WAS SET OR TIED.
MM INDICATES DATA IS MISSING.
T  INDICATES TRACE AMOUNT.




$$
