000
CDUS41 KOKX 020629
CLIBDR


CLIMATE REPORT
NATIONAL WEATHER SERVICE NEW YORK NY
128 AM EST MON MAR 2 2015


...................................

...THE BRIDGEPORT CT CLIMATE SUMMARY FOR MARCH 1 2015...

CLIMATE NORMAL PERIOD 1981 TO 2010
CLIMATE RECORD PERIOD 1948 TO 2015


WEATHER ITEM   OBSERVED TIME   RECORD YEAR NORMAL DEPARTURE LAST
                VALUE   (LST)  VALUE       VALUE  FROM      YEAR
                                                  NORMAL
..................................................................
TEMPERATURE (F)
 YESTERDAY
  MAXIMUM         27   1159 PM  59    1972  43    -16       34
  MINIMUM         12    316 AM   6    1980  28    -16       14
  AVERAGE         20                        35    -15       24

PRECIPITATION (IN)
  YESTERDAY        0.81          1.24 1987   0.12   0.69     0.00
  MONTH TO DATE    0.81                      0.12   0.69     0.00
  SINCE MAR 1      0.81                      0.12   0.69     0.00
  SINCE JAN 1      7.15                      6.01   1.14     6.98

SNOWFALL (IN)
  YESTERDAY        5.0 R         5.0  2005   0.3    4.7      0.0
  MONTH TO DATE    5.0                       0.3    4.7      0.0
  SINCE OCT 1     46.0                      21.9   24.1     56.5
  SINCE JUL 1     46.0                      21.9   24.1     56.5
  SNOW DEPTH      11

DEGREE DAYS
 HEATING
  YESTERDAY       45                        30     15       41
  MONTH TO DATE   45                        30     15       41
  SINCE MAR 1     45                        30     15       41
  SINCE JUL 1   4151                      3917    234     4089

 COOLING
  YESTERDAY        0                         0      0        0
  MONTH TO DATE    0                         0      0        0
  SINCE MAR 1      0                         0      0        0
  SINCE JAN 1      0                         0      0        0
..................................................................


WIND (MPH)
  HIGHEST WIND SPEED     8   HIGHEST WIND DIRECTION     W (270)
  HIGHEST GUST SPEED    10   HIGHEST GUST DIRECTION     W (270)
  AVERAGE WIND SPEED     2.6


SKY COVER
  AVERAGE SKY COVER 0.7


WEATHER CONDITIONS
 THE FOLLOWING WEATHER WAS RECORDED YESTERDAY.
  SNOW
  LIGHT SNOW
  FOG
  FOG W/VISIBILITY <= 1/4 MILE


RELATIVE HUMIDITY (PERCENT)
 HIGHEST   100           400 PM
 LOWEST     61           700 AM
 AVERAGE    81

..........................................................


THE BRIDGEPORT CT CLIMATE NORMALS FOR TODAY
                         NORMAL    RECORD    YEAR
 MAXIMUM TEMPERATURE (F)   43        61      2004
 MINIMUM TEMPERATURE (F)   28         8      1962


SUNRISE AND SUNSET
MARCH  2 2015.........SUNRISE   626 AM EST   SUNSET   544 PM EST
MARCH  3 2015.........SUNRISE   624 AM EST   SUNSET   545 PM EST


-  INDICATES NEGATIVE NUMBERS.
R  INDICATES RECORD WAS SET OR TIED.
MM INDICATES DATA IS MISSING.
T  INDICATES TRACE AMOUNT.




$$
