000
CDUS41 KOKX 222030
CLIBDR


CLIMATE REPORT
NATIONAL WEATHER SERVICE NEW YORK NY
430 PM EDT TUE APR 22 2014


...................................

...THE BRIDGEPORT CT CLIMATE SUMMARY FOR APRIL 22 2014...
VALID TODAY AS OF 0400 PM LOCAL TIME.

CLIMATE NORMAL PERIOD 1981 TO 2010
CLIMATE RECORD PERIOD 1948 TO 2014


WEATHER ITEM   OBSERVED TIME   RECORD YEAR NORMAL DEPARTURE LAST
                VALUE   (LST)  VALUE       VALUE  FROM      YEAR
                                                  NORMAL
..................................................................
TEMPERATURE (F)
 TODAY
  MAXIMUM         65    256 PM  82    1960  60      5       52
  MINIMUM         44    513 AM  29    1975  43      1       39
  AVERAGE         55                        52      3       46

PRECIPITATION (IN)
  TODAY            0.00          1.72 2012   0.13  -0.13     0.00
  MONTH TO DATE    2.25                      3.09  -0.84     1.08
  SINCE MAR 1      7.47                      7.14   0.33     3.62
  SINCE JAN 1     14.45                     13.03   1.42    10.64

SNOWFALL (IN)
  TODAY            0.0           0.0  2002   0.0    0.0      0.0
                                      2001
                                      1972
  MONTH TO DATE    0.1                       0.9   -0.8      0.0
  SINCE OCT 1     57.4                      27.6   29.8     64.3
  SINCE JUL 1     57.4                      27.6   29.8     64.3
  SNOW DEPTH       0

DEGREE DAYS
 HEATING
  TODAY           10                        14     -4       19
  MONTH TO DATE  381                       375      6      354
  SINCE MAR 1   1315                      1172    143     1149
  SINCE JUL 1   5363                      5059    304     4772

 COOLING
  TODAY            0                         0      0        0
  MONTH TO DATE    0                         0      0        0
  SINCE MAR 1      0                         0      0        0
  SINCE JAN 1      0                         0      0        0
..................................................................


WIND (MPH)
  HIGHEST WIND SPEED    16   HIGHEST WIND DIRECTION     S (200)
  HIGHEST GUST SPEED    21   HIGHEST GUST DIRECTION     S (190)
  AVERAGE WIND SPEED     5.6


SKY COVER
  AVERAGE SKY COVER 0.0


WEATHER CONDITIONS
 THE FOLLOWING WEATHER WAS RECORDED TODAY.
  NO SIGNIFICANT WEATHER WAS OBSERVED.


RELATIVE HUMIDITY (PERCENT)
 HIGHEST    93           600 AM
 LOWEST     52           100 PM
 AVERAGE    73

..........................................................


THE BRIDGEPORT CT CLIMATE NORMALS FOR TOMORROW
                         NORMAL    RECORD    YEAR
 MAXIMUM TEMPERATURE (F)   60        79      1952
 MINIMUM TEMPERATURE (F)   43        30      1982


SUNRISE AND SUNSET
APRIL 22 2014.........SUNRISE   603 AM EDT   SUNSET   740 PM EDT
APRIL 23 2014.........SUNRISE   601 AM EDT   SUNSET   741 PM EDT


-  INDICATES NEGATIVE NUMBERS.
R  INDICATES RECORD WAS SET OR TIED.
MM INDICATES DATA IS MISSING.
T  INDICATES TRACE AMOUNT.




$$
