000
CDUS41 KOKX 190622
CLIBDR


CLIMATE REPORT
NATIONAL WEATHER SERVICE NEW YORK NY
222 AM EDT THU OCT 19 2017


...................................

...THE BRIDGEPORT CT CLIMATE SUMMARY FOR OCTOBER 18 2017...

CLIMATE NORMAL PERIOD 1981 TO 2010
CLIMATE RECORD PERIOD 1948 TO 2017


WEATHER ITEM   OBSERVED TIME   RECORD YEAR NORMAL DEPARTURE LAST
                VALUE   (LST)  VALUE       VALUE  FROM      YEAR
                                                  NORMAL
..................................................................
TEMPERATURE (F)
 YESTERDAY
  MAXIMUM         70    341 PM  75    1990  63      7       74
  MINIMUM         48    621 AM  32    1982  46      2       62
                                      1974
  AVERAGE         59                        54      5       68

PRECIPITATION (IN)
  YESTERDAY        0.00          1.86 1975   0.12  -0.12     0.00
  MONTH TO DATE    0.57                      2.16  -1.59     1.18
  SINCE SEP 1      2.30                      5.64  -3.34     3.91
  SINCE JAN 1     30.89                     34.54  -3.65    28.67

SNOWFALL (IN)
  YESTERDAY        0.0           T    2015   0.0    0.0      0.0
                                      1972
  MONTH TO DATE    0.0                       0.0    0.0      0.0
  SINCE OCT 1      0.0                       0.0    0.0      0.0
  SINCE JUL 1      0.0                       0.0    0.0      0.0
  SNOW DEPTH       0

DEGREE DAYS
 HEATING
  YESTERDAY        6                        11     -5        0
  MONTH TO DATE   63                       152    -89       97
  SINCE SEP 1     88                       216   -128      112
  SINCE JUL 1     88                       220   -132      112

 COOLING
  YESTERDAY        0                         0      0        3
  MONTH TO DATE   52                         8     44        9
  SINCE SEP 1    209                       106    103      200
  SINCE JAN 1   1046                       824    222     1252
..................................................................


WIND (MPH)
  HIGHEST WIND SPEED    13   HIGHEST WIND DIRECTION    SW (210)
  HIGHEST GUST SPEED    16   HIGHEST GUST DIRECTION    SW (220)
  AVERAGE WIND SPEED     6.4


SKY COVER
  AVERAGE SKY COVER 0.0


WEATHER CONDITIONS
 THE FOLLOWING WEATHER WAS RECORDED YESTERDAY.
  NO SIGNIFICANT WEATHER WAS OBSERVED.


RELATIVE HUMIDITY (PERCENT)
 HIGHEST    83          1100 PM
 LOWEST     46          1000 AM
 AVERAGE    65

..........................................................


THE BRIDGEPORT CT CLIMATE NORMALS FOR TODAY
                         NORMAL    RECORD    YEAR
 MAXIMUM TEMPERATURE (F)   62        86      2016
 MINIMUM TEMPERATURE (F)   45        30      2015
                                             1974


SUNRISE AND SUNSET
OCTOBER 19 2017.......SUNRISE   709 AM EDT   SUNSET   605 PM EDT
OCTOBER 20 2017.......SUNRISE   710 AM EDT   SUNSET   604 PM EDT


-  INDICATES NEGATIVE NUMBERS.
R  INDICATES RECORD WAS SET OR TIED.
MM INDICATES DATA IS MISSING.
T  INDICATES TRACE AMOUNT.




$$
