000
CDUS41 KOKX 060618
CLIBDR


CLIMATE REPORT
NATIONAL WEATHER SERVICE NEW YORK NY
218 AM EDT MON JUL 6 2015


...................................

...THE BRIDGEPORT CT CLIMATE SUMMARY FOR JULY 5 2015...

CLIMATE NORMAL PERIOD 1981 TO 2010
CLIMATE RECORD PERIOD 1948 TO 2015


WEATHER ITEM   OBSERVED TIME   RECORD YEAR NORMAL DEPARTURE LAST
                VALUE   (LST)  VALUE       VALUE  FROM      YEAR
                                                  NORMAL
..................................................................
TEMPERATURE (F)
 YESTERDAY
  MAXIMUM         82    455 PM 100    1999  82      0       84
  MINIMUM         63    511 AM  53    1982  65     -2       61
  AVERAGE         73                        73      0       73

PRECIPITATION (IN)
  YESTERDAY        0.00          1.55 1956   0.09  -0.09     0.00
  MONTH TO DATE    0.65                      0.44   0.21     1.14
  SINCE JUN 1      5.38                      4.05   1.33     5.15
  SINCE JAN 1     19.68                     21.92  -2.24    26.81

SNOWFALL (IN)
  YESTERDAY        0.0           0.0  2002   0.0    0.0      0.0
                                      2001
  MONTH TO DATE    0.0                       0.0    0.0      0.0
  SINCE OCT 1     59.7                      27.6   32.1     57.4
  SINCE JUL 1      0.0                       0.0    0.0      0.0
  SNOW DEPTH       0

DEGREE DAYS
 HEATING
  YESTERDAY        0                         0      0        0
  MONTH TO DATE    0                         0      0        0
  SINCE JUN 1     52                        32     20        4
  SINCE JUL 1      0                         0      0        0

 COOLING
  YESTERDAY        8                         9     -1        8
  MONTH TO DATE   38                        41     -3       56
  SINCE JUN 1    199                       184     15      202
  SINCE JAN 1    253                       208     45      225
..................................................................


WIND (MPH)
  HIGHEST WIND SPEED    15   HIGHEST WIND DIRECTION    SW (220)
  HIGHEST GUST SPEED    18   HIGHEST GUST DIRECTION    SW (220)
  AVERAGE WIND SPEED     6.6


SKY COVER
  AVERAGE SKY COVER 0.0


WEATHER CONDITIONS
 THE FOLLOWING WEATHER WAS RECORDED YESTERDAY.
  FOG
  HAZE


RELATIVE HUMIDITY (PERCENT)
 HIGHEST    90           500 AM
 LOWEST     51           200 PM
 AVERAGE    71

..........................................................


THE BRIDGEPORT CT CLIMATE NORMALS FOR TODAY
                         NORMAL    RECORD    YEAR
 MAXIMUM TEMPERATURE (F)   82        98      2010
                                             1999
 MINIMUM TEMPERATURE (F)   66        52      1979


SUNRISE AND SUNSET
JULY  6 2015..........SUNRISE   526 AM EDT   SUNSET   828 PM EDT
JULY  7 2015..........SUNRISE   527 AM EDT   SUNSET   828 PM EDT


-  INDICATES NEGATIVE NUMBERS.
R  INDICATES RECORD WAS SET OR TIED.
MM INDICATES DATA IS MISSING.
T  INDICATES TRACE AMOUNT.




$$
