000
CDUS41 KOKX 120624
CLIBDR


CLIMATE REPORT
NATIONAL WEATHER SERVICE NEW YORK NY
124 AM EST TUE DEC 12 2017


...................................

...THE BRIDGEPORT CT CLIMATE SUMMARY FOR DECEMBER 11 2017...

CLIMATE NORMAL PERIOD 1981 TO 2010
CLIMATE RECORD PERIOD 1948 TO 2017


WEATHER ITEM   OBSERVED TIME   RECORD YEAR NORMAL DEPARTURE LAST
                VALUE   (LST)  VALUE       VALUE  FROM      YEAR
                                                  NORMAL
..................................................................
TEMPERATURE (F)
 YESTERDAY
  MAXIMUM         42    301 PM  65    1971  44     -2       37
  MINIMUM         34    748 AM   9    1988  30      4       22
                                      1958
  AVERAGE         38                        37      1       30

PRECIPITATION (IN)
  YESTERDAY        T             1.64 2008   0.11  -0.11     0.03
  MONTH TO DATE    0.82                      1.28  -0.46     0.59
  SINCE DEC 1      0.82                      1.28  -0.46     0.59
  SINCE JAN 1     40.38                     40.69  -0.31    36.56

SNOWFALL (IN)
  YESTERDAY        T             1.6  1957   0.1   -0.1      0.7
  MONTH TO DATE    4.4                       1.2    3.2      0.7
  SINCE OCT 1      4.4                       1.9    2.5      0.7
  SINCE JUL 1      4.4                       1.9    2.5      0.7
  SNOW DEPTH       2

DEGREE DAYS
 HEATING
  YESTERDAY       27                        28     -1       35
  MONTH TO DATE  260                       291    -31      276
  SINCE DEC 1    260                       291    -31      276
  SINCE JUL 1   1015                      1265   -250     1004

 COOLING
  YESTERDAY        0                         0      0        0
  MONTH TO DATE    0                         0      0        0
  SINCE DEC 1      0                         0      0        0
  SINCE JAN 1   1053                       825    228     1270
..................................................................


WIND (MPH)
  HIGHEST WIND SPEED    18   HIGHEST WIND DIRECTION    SW (230)
  HIGHEST GUST SPEED    24   HIGHEST GUST DIRECTION    SW (220)
  AVERAGE WIND SPEED     7.6


SKY COVER
  AVERAGE SKY COVER 0.5


WEATHER CONDITIONS
 THE FOLLOWING WEATHER WAS RECORDED YESTERDAY.
  LIGHT SNOW


RELATIVE HUMIDITY (PERCENT)
 HIGHEST    64           800 AM
 LOWEST     41           200 PM
 AVERAGE    53

..........................................................


THE BRIDGEPORT CT CLIMATE NORMALS FOR TODAY
                         NORMAL    RECORD    YEAR
 MAXIMUM TEMPERATURE (F)   43        61      2015
 MINIMUM TEMPERATURE (F)   30         3      1988


SUNRISE AND SUNSET
DECEMBER 12 2017......SUNRISE   709 AM EST   SUNSET   424 PM EST
DECEMBER 13 2017......SUNRISE   709 AM EST   SUNSET   424 PM EST


-  INDICATES NEGATIVE NUMBERS.
R  INDICATES RECORD WAS SET OR TIED.
MM INDICATES DATA IS MISSING.
T  INDICATES TRACE AMOUNT.




$$
