000
CDUS41 KOKX 122045
CLIBDR


CLIMATE REPORT
NATIONAL WEATHER SERVICE NEW YORK NY
445 PM EDT TUE JUL 12 2016


...................................

...THE BRIDGEPORT CT CLIMATE SUMMARY FOR JULY 12 2016...
VALID TODAY AS OF 0400 PM LOCAL TIME.

CLIMATE NORMAL PERIOD 1981 TO 2010
CLIMATE RECORD PERIOD 1948 TO 2016


WEATHER ITEM   OBSERVED TIME   RECORD YEAR NORMAL DEPARTURE LAST
                VALUE   (LST)  VALUE       VALUE  FROM      YEAR
                                                  NORMAL
..................................................................
TEMPERATURE (F)
 TODAY
  MAXIMUM         83    240 PM  95    2011  82      1       88
  MINIMUM         64    459 AM  56    1999  66     -2       66
  AVERAGE         74                        74      0       77

PRECIPITATION (IN)
  TODAY            0.00          1.70 1982   0.11  -0.11     0.00
  MONTH TO DATE    2.63                      1.16   1.47     0.82
  SINCE JUN 1      3.89                      4.77  -0.88     5.55
  SINCE JAN 1     19.43                     22.64  -3.21    19.85

SNOWFALL (IN)
  TODAY            0.0           0.0  2002   0.0    0.0      0.0
                                      2001
  MONTH TO DATE    0.0                       0.0    0.0      0.0
  SINCE OCT 1     27.3                      27.6   -0.3     59.7
  SINCE JUL 1      0.0                       0.0    0.0      0.0
  SNOW DEPTH       0

DEGREE DAYS
 HEATING
  TODAY            0                         0      0        0
  MONTH TO DATE    0                         0      0        0
  SINCE JUN 1      4                        32    -28       52
  SINCE JUL 1      0                         0      0        0

 COOLING
  TODAY            9                         9      0       12
  MONTH TO DATE  109                       104      5      119
  SINCE JUN 1    281                       247     34      280
  SINCE JAN 1    339                       271     68      334
..................................................................


WIND (MPH)
  HIGHEST WIND SPEED    16   HIGHEST WIND DIRECTION     S (200)
  HIGHEST GUST SPEED    20   HIGHEST GUST DIRECTION     S (190)
  AVERAGE WIND SPEED     6.3


SKY COVER
  AVERAGE SKY COVER 0.0


WEATHER CONDITIONS
 THE FOLLOWING WEATHER WAS RECORDED TODAY.
  NO SIGNIFICANT WEATHER WAS OBSERVED.


RELATIVE HUMIDITY (PERCENT)
 HIGHEST    87           300 AM
 LOWEST     40           300 PM
 AVERAGE    64

..........................................................


THE BRIDGEPORT CT CLIMATE NORMALS FOR TOMORROW
                         NORMAL    RECORD    YEAR
 MAXIMUM TEMPERATURE (F)   82        94      1994
 MINIMUM TEMPERATURE (F)   66        57      2009
                                             1990


SUNRISE AND SUNSET
JULY 12 2016..........SUNRISE   531 AM EDT   SUNSET   825 PM EDT
JULY 13 2016..........SUNRISE   532 AM EDT   SUNSET   825 PM EDT


-  INDICATES NEGATIVE NUMBERS.
R  INDICATES RECORD WAS SET OR TIED.
MM INDICATES DATA IS MISSING.
T  INDICATES TRACE AMOUNT.




$$
