000
CDUS41 KOKX 130624
CLIBDR


CLIMATE REPORT
NATIONAL WEATHER SERVICE NEW YORK NY
224 AM EDT WED APR 13 2016


...................................

...THE BRIDGEPORT CT CLIMATE SUMMARY FOR APRIL 12 2016...

CLIMATE NORMAL PERIOD 1981 TO 2010
CLIMATE RECORD PERIOD 1948 TO 2016


WEATHER ITEM   OBSERVED TIME   RECORD YEAR NORMAL DEPARTURE LAST
                VALUE   (LST)  VALUE       VALUE  FROM      YEAR
                                                  NORMAL
..................................................................
TEMPERATURE (F)
 YESTERDAY
  MAXIMUM         58    523 PM  86    1977  57      1       62
  MINIMUM         40   1159 PM  25    1976  40      0       34
  AVERAGE         49                        48      1       48

PRECIPITATION (IN)
  YESTERDAY        0.27          1.27 1997   0.15   0.12     0.00
  MONTH TO DATE    2.00                      1.72   0.28     0.40
  SINCE MAR 1      4.17                      5.77  -1.60     5.12
  SINCE JAN 1     11.33                     11.66  -0.33    11.46

SNOWFALL (IN)
  YESTERDAY        0.0           0.3  1959   0.0    0.0      0.0
  MONTH TO DATE    0.1                       0.6   -0.5      0.0
  SINCE OCT 1     27.3                      27.3    0.0     59.7
  SINCE JUL 1     27.3                      27.3    0.0     59.7
  SNOW DEPTH       0

DEGREE DAYS
 HEATING
  YESTERDAY       16                        17     -1       17
  MONTH TO DATE  252                       226     26      245
  SINCE MAR 1    875                      1023   -148     1205
  SINCE JUL 1   4010                      4910   -900     5311

 COOLING
  YESTERDAY        0                         0      0        0
  MONTH TO DATE    0                         0      0        0
  SINCE MAR 1      0                         0      0        0
  SINCE JAN 1      0                         0      0        0
..................................................................


WIND (MPH)
  HIGHEST WIND SPEED    20   HIGHEST WIND DIRECTION     N (360)
  HIGHEST GUST SPEED    26   HIGHEST GUST DIRECTION    SW (220)
  AVERAGE WIND SPEED    10.4


SKY COVER
  AVERAGE SKY COVER 0.5


WEATHER CONDITIONS
 THE FOLLOWING WEATHER WAS RECORDED YESTERDAY.
  RAIN
  LIGHT RAIN
  FOG


RELATIVE HUMIDITY (PERCENT)
 HIGHEST    93           800 AM
 LOWEST     35           600 PM
 AVERAGE    64

..........................................................


THE BRIDGEPORT CT CLIMATE NORMALS FOR TODAY
                         NORMAL    RECORD    YEAR
 MAXIMUM TEMPERATURE (F)   57        74      1968
 MINIMUM TEMPERATURE (F)   40        28      1967


SUNRISE AND SUNSET
APRIL 13 2016.........SUNRISE   616 AM EDT   SUNSET   731 PM EDT
APRIL 14 2016.........SUNRISE   614 AM EDT   SUNSET   732 PM EDT


-  INDICATES NEGATIVE NUMBERS.
R  INDICATES RECORD WAS SET OR TIED.
MM INDICATES DATA IS MISSING.
T  INDICATES TRACE AMOUNT.




$$
