944
CDUS41 KOKX 310617
CLIBDR


CLIMATE REPORT
NATIONAL WEATHER SERVICE NEW YORK NY
117 AM EST SUN JAN 31 2016


...................................

...THE BRIDGEPORT CT CLIMATE SUMMARY FOR JANUARY 30 2016...

CLIMATE NORMAL PERIOD 1981 TO 2010
CLIMATE RECORD PERIOD 1948 TO 2016


WEATHER ITEM   OBSERVED TIME   RECORD YEAR NORMAL DEPARTURE LAST
                VALUE   (LST)  VALUE       VALUE  FROM      YEAR
                                                  NORMAL
..................................................................
TEMPERATURE (F)
 YESTERDAY
  MAXIMUM         40   1137 PM  57    2002  37      3       36
  MINIMUM         26    734 AM   2    1952  23      3       17
  AVERAGE         33                        30      3       27

PRECIPITATION (IN)
  YESTERDAY        0.00          0.68 1969   0.09  -0.09     0.10
  MONTH TO DATE    2.26                      3.00  -0.74     4.11
  SINCE DEC 1      7.20                      6.33   0.87     9.76
  SINCE JAN 1      2.26                      3.00  -0.74     4.11

SNOWFALL (IN)
  YESTERDAY        0.0           5.0  1966   0.2   -0.2      1.8
  MONTH TO DATE   10.3                       7.4    2.9     18.7
  SINCE OCT 1     11.0                      13.2   -2.2     19.6
  SINCE JUL 1     11.0                      13.2   -2.2     19.6
  SNOW DEPTH       1

DEGREE DAYS
 HEATING
  YESTERDAY       32                        35     -3       38
  MONTH TO DATE  958                      1046    -88     1097
  SINCE DEC 1   1502                      1965   -463     1895
  SINCE JUL 1   2246                      2939   -693     2801

 COOLING
  YESTERDAY        0                         0      0        0
  MONTH TO DATE    0                         0      0        0
  SINCE DEC 1      0                         0      0        0
  SINCE JAN 1      0                         0      0        0
..................................................................


WIND (MPH)
  HIGHEST WIND SPEED    22   HIGHEST WIND DIRECTION    NW (310)
  HIGHEST GUST SPEED    29   HIGHEST GUST DIRECTION    NW (310)
  AVERAGE WIND SPEED    11.5


SKY COVER
  AVERAGE SKY COVER 0.0


WEATHER CONDITIONS
 THE FOLLOWING WEATHER WAS RECORDED YESTERDAY.
  NO SIGNIFICANT WEATHER WAS OBSERVED.


RELATIVE HUMIDITY (PERCENT)
 HIGHEST    82           900 PM
 LOWEST     51          1000 AM
 AVERAGE    67

..........................................................


THE BRIDGEPORT CT CLIMATE NORMALS FOR TODAY
                         NORMAL    RECORD    YEAR
 MAXIMUM TEMPERATURE (F)   37        58      2013
 MINIMUM TEMPERATURE (F)   23         5      1965


SUNRISE AND SUNSET
JANUARY 31 2016.......SUNRISE   705 AM EST   SUNSET   507 PM EST
FEBRUARY  1 2016......SUNRISE   704 AM EST   SUNSET   509 PM EST


-  INDICATES NEGATIVE NUMBERS.
R  INDICATES RECORD WAS SET OR TIED.
MM INDICATES DATA IS MISSING.
T  INDICATES TRACE AMOUNT.




$$
