000
CDUS41 KOKX 072135
CLIBDR


CLIMATE REPORT
NATIONAL WEATHER SERVICE NEW YORK NY
435 PM EST TUE MAR 7 2017


...................................

...THE BRIDGEPORT CT CLIMATE SUMMARY FOR MARCH 7 2017...
VALID TODAY AS OF 0400 PM LOCAL TIME.

CLIMATE NORMAL PERIOD 1981 TO 2010
CLIMATE RECORD PERIOD 1948 TO 2017


WEATHER ITEM   OBSERVED TIME   RECORD YEAR NORMAL DEPARTURE LAST
                VALUE   (LST)  VALUE       VALUE  FROM      YEAR
                                                  NORMAL
..................................................................
TEMPERATURE (F)
 TODAY
  MAXIMUM         48    359 PM  67    1987  44      4       50
  MINIMUM         39    540 AM  10    2007  29     10       28
                                      2003
                                      1990
  AVERAGE         44                        37      7       39

PRECIPITATION (IN)
  TODAY            0.06          1.94 1967   0.14  -0.08     0.00
  MONTH TO DATE    0.35                      0.87  -0.52     0.34
  SINCE MAR 1      0.35                      0.87  -0.52     0.34
  SINCE JAN 1      5.54                      6.76  -1.22     7.50

SNOWFALL (IN)
  TODAY            0.0           1.2  1969   0.2   -0.2      0.0
  MONTH TO DATE    T                         1.7   -1.7      0.3
  SINCE OCT 1     29.8                      23.3    6.5     25.2
  SINCE JUL 1     29.8                      23.3    6.5     25.2
  SNOW DEPTH       0

DEGREE DAYS
 HEATING
  TODAY           21                        28     -7       26
  MONTH TO DATE  201                       204     -3      203
  SINCE MAR 1    201                       204     -3      203
  SINCE JUL 1   3368                      4091   -723     3338

 COOLING
  TODAY            0                         0      0        0
  MONTH TO DATE    0                         0      0        0
  SINCE MAR 1      0                         0      0        0
  SINCE JAN 1      0                         0      0        0
..................................................................


WIND (MPH)
  HIGHEST WIND SPEED    12   HIGHEST WIND DIRECTION     S (190)
  HIGHEST GUST SPEED    14   HIGHEST GUST DIRECTION     S (190)
  AVERAGE WIND SPEED     5.6


SKY COVER
  AVERAGE SKY COVER 1.0


WEATHER CONDITIONS
 THE FOLLOWING WEATHER WAS RECORDED TODAY.
  LIGHT RAIN
  FOG


RELATIVE HUMIDITY (PERCENT)
 HIGHEST    93           200 PM
 LOWEST     64          1200 AM
 AVERAGE    79

..........................................................


THE BRIDGEPORT CT CLIMATE NORMALS FOR TOMORROW
                         NORMAL    RECORD    YEAR
 MAXIMUM TEMPERATURE (F)   45        69      1987
 MINIMUM TEMPERATURE (F)   29        11      1986


SUNRISE AND SUNSET
MARCH  7 2017.........SUNRISE   617 AM EST   SUNSET   551 PM EST
MARCH  8 2017.........SUNRISE   615 AM EST   SUNSET   552 PM EST


-  INDICATES NEGATIVE NUMBERS.
R  INDICATES RECORD WAS SET OR TIED.
MM INDICATES DATA IS MISSING.
T  INDICATES TRACE AMOUNT.




$$
