000
CDUS41 KOKX 010636
CLIBDR


CLIMATE REPORT
NATIONAL WEATHER SERVICE NEW YORK NY
236 AM EDT SUN OCT 1 2017


...................................

...THE BRIDGEPORT CT CLIMATE SUMMARY FOR SEPTEMBER 30 2017...

CLIMATE NORMAL PERIOD 1981 TO 2010
CLIMATE RECORD PERIOD 1948 TO 2017


WEATHER ITEM   OBSERVED TIME   RECORD YEAR NORMAL DEPARTURE LAST
                VALUE   (LST)  VALUE       VALUE  FROM      YEAR
                                                  NORMAL
..................................................................
TEMPERATURE (F)
 YESTERDAY
  MAXIMUM         63    318 PM  82    1986  69     -6       65
  MINIMUM         53   1159 PM  37    1951  53      0       56
  AVERAGE         58                        61     -3       61

PRECIPITATION (IN)
  YESTERDAY        T             0.91 2015   0.13  -0.13     0.05
  MONTH TO DATE    1.73                      3.48  -1.75     2.73
  SINCE SEP 1      1.73                      3.48  -1.75     2.73
  SINCE JAN 1     30.32                     32.38  -2.06    27.49

SNOWFALL (IN)
  YESTERDAY        0.0           0.0  2002   0.0    0.0      0.0
                                      2001
  MONTH TO DATE    0.0                       0.0    0.0      0.0
  SINCE OCT 1     40.9                      27.6   13.3     27.3
  SINCE JUL 1      0.0                       0.0    0.0      0.0
  SNOW DEPTH       0

DEGREE DAYS
 HEATING
  YESTERDAY        7                         5      2        4
  MONTH TO DATE   25                        64    -39       15
  SINCE SEP 1     25                        64    -39       15
  SINCE JUL 1     25                        68    -43       15

 COOLING
  YESTERDAY        0                         1     -1        0
  MONTH TO DATE  157                        98     59      191
  SINCE SEP 1    157                        98     59      191
  SINCE JAN 1    994                       816    178     1243
..................................................................


WIND (MPH)
  HIGHEST WIND SPEED    23   HIGHEST WIND DIRECTION     N (360)
  HIGHEST GUST SPEED    30   HIGHEST GUST DIRECTION     N (10)
  AVERAGE WIND SPEED    11.9


SKY COVER
  AVERAGE SKY COVER 0.8


WEATHER CONDITIONS
 THE FOLLOWING WEATHER WAS RECORDED YESTERDAY.
  LIGHT RAIN


RELATIVE HUMIDITY (PERCENT)
 HIGHEST    83           400 AM
 LOWEST     60           200 PM
 AVERAGE    72

..........................................................


THE BRIDGEPORT CT CLIMATE NORMALS FOR TODAY
                         NORMAL    RECORD    YEAR
 MAXIMUM TEMPERATURE (F)   69        83      1986
 MINIMUM TEMPERATURE (F)   52        35      1992


SUNRISE AND SUNSET
OCTOBER  1 2017.......SUNRISE   649 AM EDT   SUNSET   634 PM EDT
OCTOBER  2 2017.......SUNRISE   650 AM EDT   SUNSET   632 PM EDT


-  INDICATES NEGATIVE NUMBERS.
R  INDICATES RECORD WAS SET OR TIED.
MM INDICATES DATA IS MISSING.
T  INDICATES TRACE AMOUNT.




$$
