000
CDUS41 KOKX 280616
CLIBDR


CLIMATE REPORT
NATIONAL WEATHER SERVICE NEW YORK NY
115 AM EST TUE NOV 28 2017


...................................

...THE BRIDGEPORT CT CLIMATE SUMMARY FOR NOVEMBER 27 2017...

CLIMATE NORMAL PERIOD 1981 TO 2010
CLIMATE RECORD PERIOD 1948 TO 2017


WEATHER ITEM   OBSERVED TIME   RECORD YEAR NORMAL DEPARTURE LAST
                VALUE   (LST)  VALUE       VALUE  FROM      YEAR
                                                  NORMAL
..................................................................
TEMPERATURE (F)
 YESTERDAY
  MAXIMUM         51    254 PM  62    2013  49      2       51
                                      1999
                                      1960
  MINIMUM         33   1154 PM  18    1949  35     -2       36
  AVERAGE         42                        42      0       44

PRECIPITATION (IN)
  YESTERDAY        0.00          1.42 2013   0.12  -0.12     0.00
  MONTH TO DATE    1.86                      3.02  -1.16     1.56
  SINCE SEP 1     10.96                     10.14   0.82     8.54
  SINCE JAN 1     39.55                     39.04   0.51    33.30

SNOWFALL (IN)
  YESTERDAY        0.0           5.0  2002   0.0    0.0      0.0
  MONTH TO DATE    0.0                       0.5   -0.5       T
  SINCE OCT 1      0.0                       0.5   -0.5       T
  SINCE JUL 1      0.0                       0.5   -0.5       T
  SNOW DEPTH       0

DEGREE DAYS
 HEATING
  YESTERDAY       23                        23      0       21
  MONTH TO DATE  531                       511     20      438
  SINCE SEP 1    690                       897   -207      680
  SINCE JUL 1    690                       901   -211      680

 COOLING
  YESTERDAY        0                         0      0        0
  MONTH TO DATE    0                         0      0        0
  SINCE SEP 1    216                       107    109      218
  SINCE JAN 1   1053                       825    228     1270
..................................................................


WIND (MPH)
  HIGHEST WIND SPEED    24   HIGHEST WIND DIRECTION    NW (300)
  HIGHEST GUST SPEED    32   HIGHEST GUST DIRECTION     W (290)
  AVERAGE WIND SPEED    10.4


SKY COVER
  AVERAGE SKY COVER 0.1


WEATHER CONDITIONS
 THE FOLLOWING WEATHER WAS RECORDED YESTERDAY.
  NO SIGNIFICANT WEATHER WAS OBSERVED.


RELATIVE HUMIDITY (PERCENT)
 HIGHEST    64           700 AM
 LOWEST     33          1200 PM
 AVERAGE    49

..........................................................


THE BRIDGEPORT CT CLIMATE NORMALS FOR TODAY
                         NORMAL    RECORD    YEAR
 MAXIMUM TEMPERATURE (F)   49        65      2001
 MINIMUM TEMPERATURE (F)   34        16      1951


SUNRISE AND SUNSET
NOVEMBER 28 2017......SUNRISE   656 AM EST   SUNSET   425 PM EST
NOVEMBER 29 2017......SUNRISE   657 AM EST   SUNSET   425 PM EST


-  INDICATES NEGATIVE NUMBERS.
R  INDICATES RECORD WAS SET OR TIED.
MM INDICATES DATA IS MISSING.
T  INDICATES TRACE AMOUNT.




$$
