000
CDUS41 KOKX 100624
CLIBDR


CLIMATE REPORT
NATIONAL WEATHER SERVICE NEW YORK NY
224 AM EDT SAT JUN 10 2017


...................................

...THE BRIDGEPORT CT CLIMATE SUMMARY FOR JUNE 9 2017...

CLIMATE NORMAL PERIOD 1981 TO 2010
CLIMATE RECORD PERIOD 1948 TO 2017


WEATHER ITEM   OBSERVED TIME   RECORD YEAR NORMAL DEPARTURE LAST
                VALUE   (LST)  VALUE       VALUE  FROM      YEAR
                                                  NORMAL
..................................................................
TEMPERATURE (F)
 YESTERDAY
  MAXIMUM         83    448 PM  97    2008  75      8       74
  MINIMUM         50    455 AM  48    1980  59     -9       55
  AVERAGE         67                        67      0       65

PRECIPITATION (IN)
  YESTERDAY        0.00          1.25 1989   0.14  -0.14     0.00
  MONTH TO DATE    0.38                      1.30  -0.92     1.06
  SINCE JUN 1      0.38                      1.30  -0.92     1.06
  SINCE JAN 1     20.22                     19.17   1.05    16.60

SNOWFALL (IN)
  YESTERDAY        0.0           T    1952   0.0    0.0      0.0
  MONTH TO DATE    0.0                       0.0    0.0      0.0
  SINCE OCT 1     40.9                      27.6   13.3     27.3
  SINCE JUL 1     40.9                      27.6   13.3     27.3
  SNOW DEPTH       0

DEGREE DAYS
 HEATING
  YESTERDAY        0                         2     -2        0
  MONTH TO DATE   25                        20      5        1
  SINCE JUN 1     25                        20      5        1
  SINCE JUL 1   4565                      5380   -815     4418

 COOLING
  YESTERDAY        2                         3     -1        0
  MONTH TO DATE    7                        24    -17       36
  SINCE JUN 1      7                        24    -17       36
  SINCE JAN 1     51                        48      3       94
..................................................................


WIND (MPH)
  HIGHEST WIND SPEED    18   HIGHEST WIND DIRECTION    NW (300)
  HIGHEST GUST SPEED    26   HIGHEST GUST DIRECTION    NW (320)
  AVERAGE WIND SPEED     7.0


SKY COVER
  AVERAGE SKY COVER 0.1


WEATHER CONDITIONS
 THE FOLLOWING WEATHER WAS RECORDED YESTERDAY.
  NO SIGNIFICANT WEATHER WAS OBSERVED.


RELATIVE HUMIDITY (PERCENT)
 HIGHEST    84          1100 PM
 LOWEST     31           500 PM
 AVERAGE    58

..........................................................


THE BRIDGEPORT CT CLIMATE NORMALS FOR TODAY
                         NORMAL    RECORD    YEAR
 MAXIMUM TEMPERATURE (F)   76        96      2008
                                             1974
 MINIMUM TEMPERATURE (F)   59        47      1983
                                             1957


SUNRISE AND SUNSET
JUNE 10 2017..........SUNRISE   520 AM EDT   SUNSET   825 PM EDT
JUNE 11 2017..........SUNRISE   519 AM EDT   SUNSET   825 PM EDT


-  INDICATES NEGATIVE NUMBERS.
R  INDICATES RECORD WAS SET OR TIED.
MM INDICATES DATA IS MISSING.
T  INDICATES TRACE AMOUNT.




$$
