000
CDUS41 KOKX 060619
CLIBDR


CLIMATE REPORT
NATIONAL WEATHER SERVICE NEW YORK NY
119 AM EST TUE FEB 6 2018


...................................

...THE BRIDGEPORT CT CLIMATE SUMMARY FOR FEBRUARY 5 2018...

CLIMATE NORMAL PERIOD 1981 TO 2010
CLIMATE RECORD PERIOD 1948 TO 2018


WEATHER ITEM   OBSERVED TIME   RECORD YEAR NORMAL DEPARTURE LAST
                VALUE   (LST)  VALUE       VALUE  FROM      YEAR
                                                  NORMAL
..................................................................
TEMPERATURE (F)
 YESTERDAY
  MAXIMUM         45   1251 AM  60    1991  38      7       41
  MINIMUM         23   1159 PM   2    1996  24     -1       30
  AVERAGE         34                        31      3       36

PRECIPITATION (IN)
  YESTERDAY        0.05          1.35 1997   0.10  -0.05     0.00
  MONTH TO DATE    1.44                      0.46   0.98      T
  SINCE DEC 1      5.63                      6.89  -1.26     6.71
  SINCE JAN 1      3.94                      3.56   0.38     3.28

SNOWFALL (IN)
  YESTERDAY        0.0          11.0  2001   0.3   -0.3      0.0
  MONTH TO DATE    T                         1.4   -1.4      0.0
  SINCE OCT 1     20.1                      14.9    5.2     17.0
  SINCE JUL 1     20.1                      14.9    5.2     17.0
  SNOW DEPTH       0

DEGREE DAYS
 HEATING
  YESTERDAY       31                        34     -3       29
  MONTH TO DATE  167                       171     -4      154
  SINCE DEC 1   2261                      2173     88     1854
  SINCE JUL 1   3016                      3147   -131     2582

 COOLING
  YESTERDAY        0                         0      0        0
  MONTH TO DATE    0                         0      0        0
  SINCE DEC 1      0                         0      0        0
  SINCE JAN 1      0                         0      0        0
..................................................................


WIND (MPH)
  HIGHEST WIND SPEED    25   HIGHEST WIND DIRECTION    NW (300)
  HIGHEST GUST SPEED    33   HIGHEST GUST DIRECTION    NW (300)
  AVERAGE WIND SPEED    10.4


SKY COVER
  AVERAGE SKY COVER 0.3


WEATHER CONDITIONS
 THE FOLLOWING WEATHER WAS RECORDED YESTERDAY.
  RAIN
  LIGHT RAIN
  FOG


RELATIVE HUMIDITY (PERCENT)
 HIGHEST    92          1200 AM
 LOWEST     32           400 PM
 AVERAGE    62

..........................................................


THE BRIDGEPORT CT CLIMATE NORMALS FOR TODAY
                         NORMAL    RECORD    YEAR
 MAXIMUM TEMPERATURE (F)   38        53      1991
 MINIMUM TEMPERATURE (F)   24         4      1995


SUNRISE AND SUNSET
FEBRUARY  6 2018......SUNRISE   658 AM EST   SUNSET   516 PM EST
FEBRUARY  7 2018......SUNRISE   657 AM EST   SUNSET   517 PM EST


-  INDICATES NEGATIVE NUMBERS.
R  INDICATES RECORD WAS SET OR TIED.
MM INDICATES DATA IS MISSING.
T  INDICATES TRACE AMOUNT.




$$
