000
CDUS41 KOKX 242032
CLIBDR


CLIMATE REPORT
NATIONAL WEATHER SERVICE NEW YORK NY
432 PM EDT FRI JUL 24 2015


...................................

...THE BRIDGEPORT CT CLIMATE SUMMARY FOR JULY 24 2015...
VALID TODAY AS OF 0400 PM LOCAL TIME.

CLIMATE NORMAL PERIOD 1981 TO 2010
CLIMATE RECORD PERIOD 1948 TO 2015


WEATHER ITEM   OBSERVED TIME   RECORD YEAR NORMAL DEPARTURE LAST
                VALUE   (LST)  VALUE       VALUE  FROM      YEAR
                                                  NORMAL
..................................................................
TEMPERATURE (F)
 TODAY
  MAXIMUM         82    259 PM  95    2010  83     -1       82
  MINIMUM         64    516 AM  57    1985  67     -3       70
                                      1950
  AVERAGE         73                        75     -2       76

PRECIPITATION (IN)
  TODAY            0.00          1.76 1988   0.12  -0.12     0.00
  MONTH TO DATE    1.77                      2.55  -0.78     3.28
  SINCE JUN 1      6.50                      6.16   0.34     7.29
  SINCE JAN 1     20.80                     24.03  -3.23    28.95

SNOWFALL (IN)
  TODAY            0.0           0.0  2002   0.0    0.0      0.0
                                      2001
  MONTH TO DATE    0.0                       0.0    0.0      0.0
  SINCE OCT 1     59.7                      27.6   32.1     57.4
  SINCE JUL 1      0.0                       0.0    0.0      0.0
  SNOW DEPTH       0

DEGREE DAYS
 HEATING
  TODAY            0                         0      0        0
  MONTH TO DATE    0                         0      0        0
  SINCE JUN 1     52                        32     20        4
  SINCE JUL 1      0                         0      0        0

 COOLING
  TODAY            8                        10     -2       11
  MONTH TO DATE  254                       222     32      262
  SINCE JUN 1    415                       365     50      408
  SINCE JAN 1    469                       389     80      431
..................................................................


WIND (MPH)
  HIGHEST WIND SPEED    15   HIGHEST WIND DIRECTION     S (200)
  HIGHEST GUST SPEED    20   HIGHEST GUST DIRECTION     N (20)
  AVERAGE WIND SPEED     5.4


SKY COVER
  AVERAGE SKY COVER 0.3


WEATHER CONDITIONS
 THE FOLLOWING WEATHER WAS RECORDED TODAY.
  NO SIGNIFICANT WEATHER WAS OBSERVED.


RELATIVE HUMIDITY (PERCENT)
 HIGHEST    68           100 AM
 LOWEST     37           300 PM
 AVERAGE    53

..........................................................


THE BRIDGEPORT CT CLIMATE NORMALS FOR TOMORROW
                         NORMAL    RECORD    YEAR
 MAXIMUM TEMPERATURE (F)   83        93      2001
 MINIMUM TEMPERATURE (F)   67        56      1953


SUNRISE AND SUNSET
JULY 24 2015..........SUNRISE   540 AM EDT   SUNSET   817 PM EDT
JULY 25 2015..........SUNRISE   541 AM EDT   SUNSET   816 PM EDT


-  INDICATES NEGATIVE NUMBERS.
R  INDICATES RECORD WAS SET OR TIED.
MM INDICATES DATA IS MISSING.
T  INDICATES TRACE AMOUNT.




$$
