000
CDUS41 KOKX 140617
CLIBDR


CLIMATE REPORT
NATIONAL WEATHER SERVICE NEW YORK NY
217 AM EDT SUN SEP 14 2014


...................................

...THE BRIDGEPORT CT CLIMATE SUMMARY FOR SEPTEMBER 13 2014...

CLIMATE NORMAL PERIOD 1981 TO 2010
CLIMATE RECORD PERIOD 1948 TO 2014


WEATHER ITEM   OBSERVED TIME   RECORD YEAR NORMAL DEPARTURE LAST
                VALUE   (LST)  VALUE       VALUE  FROM      YEAR
                                                  NORMAL
..................................................................
TEMPERATURE (F)
 YESTERDAY
  MAXIMUM         69    154 PM  89    1957  75     -6       79
                                      1952
  MINIMUM         56    606 AM  46    1985  60     -4       58
                                      1954
  AVERAGE         63                        67     -4       69

PRECIPITATION (IN)
  YESTERDAY        0.30          2.12 1971   0.11   0.19     0.11
  MONTH TO DATE    1.04                      1.48  -0.44     1.57
  SINCE SEP 1      1.04                      1.48  -0.44     1.57
  SINCE JAN 1     32.28                     30.38   1.90    28.35

SNOWFALL (IN)
  YESTERDAY        0.0           0.0  2002   0.0    0.0      0.0
                                      2001
  MONTH TO DATE    0.0                       0.0    0.0      0.0
  SINCE OCT 1     57.4                      27.6   29.8     64.3
  SINCE JUL 1      0.0                       0.0    0.0      0.0
  SNOW DEPTH       0

DEGREE DAYS
 HEATING
  YESTERDAY        2                         1      1        0
  MONTH TO DATE    2                         9     -7        8
  SINCE SEP 1      2                         9     -7        8
  SINCE JUL 1      2                        13    -11        8

 COOLING
  YESTERDAY        0                         4     -4        4
  MONTH TO DATE  106                        64     42       91
  SINCE SEP 1    106                        64     42       91
  SINCE JAN 1    840                       782     58      976
..................................................................


WIND (MPH)
  HIGHEST WIND SPEED    20   HIGHEST WIND DIRECTION     E (90)
  HIGHEST GUST SPEED    23   HIGHEST GUST DIRECTION     E (100)
  AVERAGE WIND SPEED     9.3


SKY COVER
  AVERAGE SKY COVER 0.7


WEATHER CONDITIONS
 THE FOLLOWING WEATHER WAS RECORDED YESTERDAY.
  HEAVY RAIN
  RAIN
  LIGHT RAIN
  FOG


RELATIVE HUMIDITY (PERCENT)
 HIGHEST    93           400 PM
 LOWEST     61           200 PM
 AVERAGE    77

..........................................................


THE BRIDGEPORT CT CLIMATE NORMALS FOR TODAY
                         NORMAL    RECORD    YEAR
 MAXIMUM TEMPERATURE (F)   75        86      2011
 MINIMUM TEMPERATURE (F)   59        44      1963


SUNRISE AND SUNSET
SEPTEMBER 14 2014.....SUNRISE   632 AM EDT   SUNSET   703 PM EDT
SEPTEMBER 15 2014.....SUNRISE   633 AM EDT   SUNSET   702 PM EDT


-  INDICATES NEGATIVE NUMBERS.
R  INDICATES RECORD WAS SET OR TIED.
MM INDICATES DATA IS MISSING.
T  INDICATES TRACE AMOUNT.




$$
