000
CDUS41 KOKX 230624
CLIBDR


CLIMATE REPORT
NATIONAL WEATHER SERVICE NEW YORK NY
124 AM EST MON FEB 23 2015


...................................

...THE BRIDGEPORT CT CLIMATE SUMMARY FOR FEBRUARY 22 2015...

CLIMATE NORMAL PERIOD 1981 TO 2010
CLIMATE RECORD PERIOD 1948 TO 2015


WEATHER ITEM   OBSERVED TIME   RECORD YEAR NORMAL DEPARTURE LAST
                VALUE   (LST)  VALUE       VALUE  FROM      YEAR
                                                  NORMAL
..................................................................
TEMPERATURE (F)
 YESTERDAY
  MAXIMUM         37   1219 PM  64    1991  41     -4       45
  MINIMUM         25   1059 PM   6    1963  26     -1       31
  AVERAGE         31                        34     -3       38

PRECIPITATION (IN)
  YESTERDAY        0.24          1.45 2003   0.11   0.13     0.00
  MONTH TO DATE    2.22                      2.11   0.11     4.18
  SINCE DEC 1     11.98                      8.54   3.44    11.29
  SINCE JAN 1      6.33                      5.21   1.12     6.96

SNOWFALL (IN)
  YESTERDAY        0.2           7.0  2008   0.3   -0.1      0.0
  MONTH TO DATE   21.2                       6.4   14.8     32.1
  SINCE OCT 1     40.8                      19.9   20.9     56.5
  SINCE JUL 1     40.8                      19.9   20.9     56.5
  SNOW DEPTH      14

DEGREE DAYS
 HEATING
  YESTERDAY       34                        31      3       27
  MONTH TO DATE  983                       728    255      779
  SINCE DEC 1   2926                      2730    196     2870
  SINCE JUL 1   3832                      3704    128     3823

 COOLING
  YESTERDAY        0                         0      0        0
  MONTH TO DATE    0                         0      0        0
  SINCE DEC 1      0                         0      0        0
  SINCE JAN 1      0                         0      0        0
..................................................................


WIND (MPH)
  HIGHEST WIND SPEED     7   HIGHEST WIND DIRECTION    SW (230)
  HIGHEST GUST SPEED     9   HIGHEST GUST DIRECTION    SW (230)
  AVERAGE WIND SPEED     2.7


SKY COVER
  AVERAGE SKY COVER 0.5


WEATHER CONDITIONS
 THE FOLLOWING WEATHER WAS RECORDED YESTERDAY.
  FREEZING RAIN
  LT FREEZING RAIN
  LIGHT SNOW
  FOG


RELATIVE HUMIDITY (PERCENT)
 HIGHEST   100          1200 AM
 LOWEST     82          1200 PM
 AVERAGE    91

..........................................................


THE BRIDGEPORT CT CLIMATE NORMALS FOR TODAY
                         NORMAL    RECORD    YEAR
 MAXIMUM TEMPERATURE (F)   41        60      2012
 MINIMUM TEMPERATURE (F)   26         7      1972


SUNRISE AND SUNSET
FEBRUARY 23 2015......SUNRISE   636 AM EST   SUNSET   536 PM EST
FEBRUARY 24 2015......SUNRISE   635 AM EST   SUNSET   537 PM EST


-  INDICATES NEGATIVE NUMBERS.
R  INDICATES RECORD WAS SET OR TIED.
MM INDICATES DATA IS MISSING.
T  INDICATES TRACE AMOUNT.




$$
