000
CDUS41 KOKX 190917
CLIBDR


CLIMATE REPORT
NATIONAL WEATHER SERVICE NEW YORK NY
407 AM EST MON JAN 19 2015


...................................

...THE BRIDGEPORT CT CLIMATE SUMMARY FOR JANUARY 18 2015...

CLIMATE NORMAL PERIOD 1981 TO 2010
CLIMATE RECORD PERIOD 1948 TO 2015


WEATHER ITEM   OBSERVED TIME   RECORD YEAR NORMAL DEPARTURE LAST
                VALUE   (LST)  VALUE       VALUE  FROM      YEAR
                                                  NORMAL
..................................................................
TEMPERATURE (F)
 YESTERDAY
  MAXIMUM         45    456 PM  60    2006  37      8       43
  MINIMUM         24    438 AM  -5    1982  23      1       30
  AVERAGE         35                        30      5       37

PRECIPITATION (IN)
  YESTERDAY        1.28R         1.28 2015   0.09   1.19     0.06
  MONTH TO DATE    2.88                      1.87   1.01     2.42
  SINCE DEC 1      8.53                      5.20   3.33     6.75
  SINCE JAN 1      2.88                      1.87   1.01     2.42

SNOWFALL (IN)
  YESTERDAY        0.0           6.5  2004   0.2   -0.2       T
  MONTH TO DATE    4.2                       4.6   -0.4      5.2
  SINCE OCT 1      5.1                      10.4   -5.3     16.2
  SINCE JUL 1      5.1                      10.4   -5.3     16.2
  SNOW DEPTH       0

DEGREE DAYS
 HEATING
  YESTERDAY       30                        35     -5       28
  MONTH TO DATE  659                       626     33      625
  SINCE DEC 1   1457                      1545    -88     1546
  SINCE JUL 1   2363                      2519   -156     2499

 COOLING
  YESTERDAY        0                         0      0        0
  MONTH TO DATE    0                         0      0        0
  SINCE DEC 1      0                         0      0        0
  SINCE JAN 1      0                         0      0        0
..................................................................


WIND (MPH)
  HIGHEST WIND SPEED    20   HIGHEST WIND DIRECTION     W (290)
  HIGHEST GUST SPEED    26   HIGHEST GUST DIRECTION     W (290)
  AVERAGE WIND SPEED     5.3


SKY COVER
  AVERAGE SKY COVER 0.8


WEATHER CONDITIONS
 THE FOLLOWING WEATHER WAS RECORDED YESTERDAY.
  HEAVY RAIN
  RAIN
  LIGHT RAIN
  FOG
  FOG W/VISIBILITY <= 1/4 MILE


RELATIVE HUMIDITY (PERCENT)
 HIGHEST   100          1100 AM
 LOWEST     69          1200 AM
 AVERAGE    85

..........................................................


THE BRIDGEPORT CT CLIMATE NORMALS FOR TODAY
                         NORMAL    RECORD    YEAR
 MAXIMUM TEMPERATURE (F)   37        56      1951
 MINIMUM TEMPERATURE (F)   23        -2      1994


SUNRISE AND SUNSET
JANUARY 19 2015.......SUNRISE   714 AM EST   SUNSET   453 PM EST
JANUARY 20 2015.......SUNRISE   713 AM EST   SUNSET   454 PM EST


-  INDICATES NEGATIVE NUMBERS.
R  INDICATES RECORD WAS SET OR TIED.
MM INDICATES DATA IS MISSING.
T  INDICATES TRACE AMOUNT.




$$
