000
CDUS41 KOKX 020619
CLIBDR


CLIMATE REPORT
NATIONAL WEATHER SERVICE NEW YORK NY
119 AM EST TUE FEB 2 2016


...................................

...THE BRIDGEPORT CT CLIMATE SUMMARY FOR FEBRUARY 1 2016...

CLIMATE NORMAL PERIOD 1981 TO 2010
CLIMATE RECORD PERIOD 1948 TO 2016


WEATHER ITEM   OBSERVED TIME   RECORD YEAR NORMAL DEPARTURE LAST
                VALUE   (LST)  VALUE       VALUE  FROM      YEAR
                                                  NORMAL
..................................................................
TEMPERATURE (F)
 YESTERDAY
  MAXIMUM         60    119 PM  62    2012  38     22       35
  MINIMUM         33    248 AM   0    1961  24      9       11
  AVERAGE         47                        30     17       23

PRECIPITATION (IN)
  YESTERDAY        T             1.79 2008   0.09  -0.09     0.01
  MONTH TO DATE    T                         0.09  -0.09     0.01
  SINCE DEC 1      7.20                      6.52   0.68     9.77
  SINCE JAN 1      2.26                      3.19  -0.93     4.12

SNOWFALL (IN)
  YESTERDAY        0.0           4.4  1957   0.3   -0.3      0.7
  MONTH TO DATE    0.0                       0.3   -0.3      0.7
  SINCE OCT 1     11.0                      13.8   -2.8     20.3
  SINCE JUL 1     11.0                      13.8   -2.8     20.3
  SNOW DEPTH       1

DEGREE DAYS
 HEATING
  YESTERDAY       18                        35    -17       42
  MONTH TO DATE   18                        35    -17       42
  SINCE DEC 1   1542                      2037   -495     1985
  SINCE JUL 1   2286                      3011   -725     2891

 COOLING
  YESTERDAY        0                         0      0        0
  MONTH TO DATE    0                         0      0        0
  SINCE DEC 1      0                         0      0        0
  SINCE JAN 1      0                         0      0        0
..................................................................


WIND (MPH)
  HIGHEST WIND SPEED    16   HIGHEST WIND DIRECTION     N (350)
  HIGHEST GUST SPEED    22   HIGHEST GUST DIRECTION     W (290)
  AVERAGE WIND SPEED     7.3


SKY COVER
  AVERAGE SKY COVER 0.3


WEATHER CONDITIONS
 THE FOLLOWING WEATHER WAS RECORDED YESTERDAY.
  FOG


RELATIVE HUMIDITY (PERCENT)
 HIGHEST    92           700 AM
 LOWEST     38           500 PM
 AVERAGE    65

..........................................................


THE BRIDGEPORT CT CLIMATE NORMALS FOR TODAY
                         NORMAL    RECORD    YEAR
 MAXIMUM TEMPERATURE (F)   38        52      1983
                                             1973
 MINIMUM TEMPERATURE (F)   24        -3      1961


SUNRISE AND SUNSET
FEBRUARY  2 2016......SUNRISE   703 AM EST   SUNSET   510 PM EST
FEBRUARY  3 2016......SUNRISE   702 AM EST   SUNSET   511 PM EST


-  INDICATES NEGATIVE NUMBERS.
R  INDICATES RECORD WAS SET OR TIED.
MM INDICATES DATA IS MISSING.
T  INDICATES TRACE AMOUNT.




$$
