000
CDUS41 KOKX 140620
CLIBDR


CLIMATE REPORT
NATIONAL WEATHER SERVICE NEW YORK NY
220 AM EDT THU APR 14 2016


...................................

...THE BRIDGEPORT CT CLIMATE SUMMARY FOR APRIL 13 2016...

CLIMATE NORMAL PERIOD 1981 TO 2010
CLIMATE RECORD PERIOD 1948 TO 2016


WEATHER ITEM   OBSERVED TIME   RECORD YEAR NORMAL DEPARTURE LAST
                VALUE   (LST)  VALUE       VALUE  FROM      YEAR
                                                  NORMAL
..................................................................
TEMPERATURE (F)
 YESTERDAY
  MAXIMUM         54    406 PM  74    1968  57     -3       64
  MINIMUM         31    449 AM  28    1967  40     -9       36
  AVERAGE         43                        49     -6       50

PRECIPITATION (IN)
  YESTERDAY        0.00          3.08 2004   0.15  -0.15     0.00
  MONTH TO DATE    2.00                      1.87   0.13     0.40
  SINCE MAR 1      4.17                      5.92  -1.75     5.12
  SINCE JAN 1     11.33                     11.81  -0.48    11.46

SNOWFALL (IN)
  YESTERDAY        0.0           0.0  2002   0.0    0.0      0.0
                                      2001
                                      1961
  MONTH TO DATE    0.1                       0.6   -0.5      0.0
  SINCE OCT 1     27.3                      27.3    0.0     59.7
  SINCE JUL 1     27.3                      27.3    0.0     59.7
  SNOW DEPTH       0

DEGREE DAYS
 HEATING
  YESTERDAY       22                        16      6       15
  MONTH TO DATE  274                       242     32      260
  SINCE MAR 1    897                      1039   -142     1220
  SINCE JUL 1   4032                      4926   -894     5326

 COOLING
  YESTERDAY        0                         0      0        0
  MONTH TO DATE    0                         0      0        0
  SINCE MAR 1      0                         0      0        0
  SINCE JAN 1      0                         0      0        0
..................................................................


WIND (MPH)
  HIGHEST WIND SPEED    16   HIGHEST WIND DIRECTION     N (20)
  HIGHEST GUST SPEED    20   HIGHEST GUST DIRECTION     N (20)
  AVERAGE WIND SPEED     6.1


SKY COVER
  AVERAGE SKY COVER 0.0


WEATHER CONDITIONS
 THE FOLLOWING WEATHER WAS RECORDED YESTERDAY.
  NO SIGNIFICANT WEATHER WAS OBSERVED.


RELATIVE HUMIDITY (PERCENT)
 HIGHEST    78           500 AM
 LOWEST     35           400 PM
 AVERAGE    57

..........................................................


THE BRIDGEPORT CT CLIMATE NORMALS FOR TODAY
                         NORMAL    RECORD    YEAR
 MAXIMUM TEMPERATURE (F)   57        73      1949
 MINIMUM TEMPERATURE (F)   41        26      1950


SUNRISE AND SUNSET
APRIL 14 2016.........SUNRISE   614 AM EDT   SUNSET   732 PM EDT
APRIL 15 2016.........SUNRISE   613 AM EDT   SUNSET   733 PM EDT


-  INDICATES NEGATIVE NUMBERS.
R  INDICATES RECORD WAS SET OR TIED.
MM INDICATES DATA IS MISSING.
T  INDICATES TRACE AMOUNT.




$$
