000
CDUS41 KOKX 030617
CLIBDR


CLIMATE REPORT
NATIONAL WEATHER SERVICE NEW YORK NY
217 AM EDT TUE OCT 3 2017


...................................

...THE BRIDGEPORT CT CLIMATE SUMMARY FOR OCTOBER 2 2017...

CLIMATE NORMAL PERIOD 1981 TO 2010
CLIMATE RECORD PERIOD 1948 TO 2017


WEATHER ITEM   OBSERVED TIME   RECORD YEAR NORMAL DEPARTURE LAST
                VALUE   (LST)  VALUE       VALUE  FROM      YEAR
                                                  NORMAL
..................................................................
TEMPERATURE (F)
 YESTERDAY
  MAXIMUM         68    414 PM  83    2013  68      0       64
                                      1954
  MINIMUM         46    428 AM  37    1997  52     -6       56
  AVERAGE         57                        60     -3       60

PRECIPITATION (IN)
  YESTERDAY        0.00          0.89 2015   0.12  -0.12      T
  MONTH TO DATE    0.00                      0.24  -0.24      T
  SINCE SEP 1      1.73                      3.72  -1.99     2.73
  SINCE JAN 1     30.32                     32.62  -2.30    27.49

SNOWFALL (IN)
  YESTERDAY        0.0           0.0  2002   0.0    0.0      0.0
                                      2001
  MONTH TO DATE    0.0                       0.0    0.0      0.0
  SINCE OCT 1      0.0                       0.0    0.0      0.0
  SINCE JUL 1      0.0                       0.0    0.0      0.0
  SNOW DEPTH       0

DEGREE DAYS
 HEATING
  YESTERDAY        8                         6      2        5
  MONTH TO DATE   13                        12      1       11
  SINCE SEP 1     38                        76    -38       26
  SINCE JUL 1     38                        80    -42       26

 COOLING
  YESTERDAY        0                         1     -1        0
  MONTH TO DATE    0                         2     -2        0
  SINCE SEP 1    157                       100     57      191
  SINCE JAN 1    994                       818    176     1243
..................................................................


WIND (MPH)
  HIGHEST WIND SPEED    12   HIGHEST WIND DIRECTION     N (360)
  HIGHEST GUST SPEED    14   HIGHEST GUST DIRECTION     S (160)
  AVERAGE WIND SPEED     4.1


SKY COVER
  AVERAGE SKY COVER 0.0


WEATHER CONDITIONS
 THE FOLLOWING WEATHER WAS RECORDED YESTERDAY.
  NO SIGNIFICANT WEATHER WAS OBSERVED.


RELATIVE HUMIDITY (PERCENT)
 HIGHEST    86           600 AM
 LOWEST     35           400 PM
 AVERAGE    61

..........................................................


THE BRIDGEPORT CT CLIMATE NORMALS FOR TODAY
                         NORMAL    RECORD    YEAR
 MAXIMUM TEMPERATURE (F)   68        80      2000
 MINIMUM TEMPERATURE (F)   51        37      2003


SUNRISE AND SUNSET
OCTOBER  3 2017.......SUNRISE   651 AM EDT   SUNSET   631 PM EDT
OCTOBER  4 2017.......SUNRISE   653 AM EDT   SUNSET   629 PM EDT


-  INDICATES NEGATIVE NUMBERS.
R  INDICATES RECORD WAS SET OR TIED.
MM INDICATES DATA IS MISSING.
T  INDICATES TRACE AMOUNT.




$$
