000
CDUS41 KOKX 202033
CLIBDR


CLIMATE REPORT
NATIONAL WEATHER SERVICE NEW YORK NY
433 PM EDT WED MAY 20 2015


...................................

...THE BRIDGEPORT CT CLIMATE SUMMARY FOR MAY 20 2015...
VALID TODAY AS OF 0400 PM LOCAL TIME.

CLIMATE NORMAL PERIOD 1981 TO 2010
CLIMATE RECORD PERIOD 1948 TO 2015


WEATHER ITEM   OBSERVED TIME   RECORD YEAR NORMAL DEPARTURE LAST
                VALUE   (LST)  VALUE       VALUE  FROM      YEAR
                                                  NORMAL
..................................................................
TEMPERATURE (F)
 TODAY
  MAXIMUM         65    123 PM  97    1996  69     -4       79
  MINIMUM         53    504 AM  39    2002  52      1       54
  AVERAGE         59                        60     -1       67

PRECIPITATION (IN)
  TODAY            0.00          1.60 1973   0.13  -0.13     0.00
  MONTH TO DATE    0.50                      2.32  -1.82     3.19
  SINCE MAR 1      7.31                     10.50  -3.19    13.87
  SINCE JAN 1     13.65                     16.39  -2.74    20.85

SNOWFALL (IN)
  TODAY            0.0           0.0  2002   0.0    0.0      0.0
                                      2001
  MONTH TO DATE    0.0                       0.0    0.0      0.0
  SINCE OCT 1     59.7                      27.6   32.1     57.4
  SINCE JUL 1     59.7                      27.6   32.1     57.4
  SNOW DEPTH       0

DEGREE DAYS
 HEATING
  TODAY            6                         5      1        0
  MONTH TO DATE   84                       160    -76       96
  SINCE MAR 1   1495                      1428     67     1528
  SINCE JUL 1   5601                      5315    286     5576

 COOLING
  TODAY            0                         1     -1        2
  MONTH TO DATE   22                         6     16       11
  SINCE MAR 1     22                         8     14       11
  SINCE JAN 1     22                         8     14       11
..................................................................


WIND (MPH)
  HIGHEST WIND SPEED    23   HIGHEST WIND DIRECTION    NW (320)
  HIGHEST GUST SPEED    30   HIGHEST GUST DIRECTION    NW (320)
  AVERAGE WIND SPEED    11.5


SKY COVER
  AVERAGE SKY COVER 0.5


WEATHER CONDITIONS
 THE FOLLOWING WEATHER WAS RECORDED TODAY.
  NO SIGNIFICANT WEATHER WAS OBSERVED.


RELATIVE HUMIDITY (PERCENT)
 HIGHEST    72           300 AM
 LOWEST     36           300 PM
 AVERAGE    54

..........................................................


THE BRIDGEPORT CT CLIMATE NORMALS FOR TOMORROW
                         NORMAL    RECORD    YEAR
 MAXIMUM TEMPERATURE (F)   69        88      1959
 MINIMUM TEMPERATURE (F)   52        38      2002


SUNRISE AND SUNSET
MAY 20 2015...........SUNRISE   530 AM EDT   SUNSET   809 PM EDT
MAY 21 2015...........SUNRISE   529 AM EDT   SUNSET   809 PM EDT


-  INDICATES NEGATIVE NUMBERS.
R  INDICATES RECORD WAS SET OR TIED.
MM INDICATES DATA IS MISSING.
T  INDICATES TRACE AMOUNT.




$$
