349
CDUS41 KOKX 140617
CLIBDR


CLIMATE REPORT
NATIONAL WEATHER SERVICE NEW YORK NY
217 AM EDT FRI APR 14 2017


...................................

...THE BRIDGEPORT CT CLIMATE SUMMARY FOR APRIL 13 2017...

CLIMATE NORMAL PERIOD 1981 TO 2010
CLIMATE RECORD PERIOD 1948 TO 2017


WEATHER ITEM   OBSERVED TIME   RECORD YEAR NORMAL DEPARTURE LAST
                VALUE   (LST)  VALUE       VALUE  FROM      YEAR
                                                  NORMAL
..................................................................
TEMPERATURE (F)
 YESTERDAY
  MAXIMUM         64    358 PM  74    1968  57      7       54
  MINIMUM         44    533 AM  28    1967  40      4       31
  AVERAGE         54                        49      5       43

PRECIPITATION (IN)
  YESTERDAY        0.00          3.08 2004   0.15  -0.15     0.00
  MONTH TO DATE    3.11                      1.87   1.24     2.00
  SINCE MAR 1      7.45                      5.92   1.53     4.17
  SINCE JAN 1     12.64                     11.81   0.83    11.33

SNOWFALL (IN)
  YESTERDAY        0.0           0.0  2002   0.0    0.0      0.0
                                      2001
                                      1961
  MONTH TO DATE    0.0                       0.6   -0.6      0.1
  SINCE OCT 1     40.9                      27.3   13.6     27.3
  SINCE JUL 1     40.9                      27.3   13.6     27.3
  SNOW DEPTH       0

DEGREE DAYS
 HEATING
  YESTERDAY       11                        16     -5       22
  MONTH TO DATE  186                       242    -56      274
  SINCE MAR 1   1034                      1039     -5      897
  SINCE JUL 1   4201                      4926   -725     4032

 COOLING
  YESTERDAY        0                         0      0        0
  MONTH TO DATE    0                         0      0        0
  SINCE MAR 1      0                         0      0        0
  SINCE JAN 1      0                         0      0        0
..................................................................


WIND (MPH)
  HIGHEST WIND SPEED    23   HIGHEST WIND DIRECTION     N (360)
  HIGHEST GUST SPEED    29   HIGHEST GUST DIRECTION     N (360)
  AVERAGE WIND SPEED     9.3


SKY COVER
  AVERAGE SKY COVER 0.0


WEATHER CONDITIONS
 THE FOLLOWING WEATHER WAS RECORDED YESTERDAY.
  NO SIGNIFICANT WEATHER WAS OBSERVED.


RELATIVE HUMIDITY (PERCENT)
 HIGHEST    71           600 AM
 LOWEST     25           400 PM
 AVERAGE    48

..........................................................


THE BRIDGEPORT CT CLIMATE NORMALS FOR TODAY
                         NORMAL    RECORD    YEAR
 MAXIMUM TEMPERATURE (F)   57        73      1949
 MINIMUM TEMPERATURE (F)   41        26      1950


SUNRISE AND SUNSET
APRIL 14 2017.........SUNRISE   614 AM EDT   SUNSET   732 PM EDT
APRIL 15 2017.........SUNRISE   613 AM EDT   SUNSET   733 PM EDT


-  INDICATES NEGATIVE NUMBERS.
R  INDICATES RECORD WAS SET OR TIED.
MM INDICATES DATA IS MISSING.
T  INDICATES TRACE AMOUNT.




$$
