065
CDUS41 KOKX 010620
CLIBDR


CLIMATE REPORT
NATIONAL WEATHER SERVICE NEW YORK NY
120 AM EST THU DEC 1 2016


...................................

...THE BRIDGEPORT CT CLIMATE SUMMARY FOR NOVEMBER 30 2016...

CLIMATE NORMAL PERIOD 1981 TO 2010
CLIMATE RECORD PERIOD 1948 TO 2016


WEATHER ITEM   OBSERVED TIME   RECORD YEAR NORMAL DEPARTURE LAST
                VALUE   (LST)  VALUE       VALUE  FROM      YEAR
                                                  NORMAL
..................................................................
TEMPERATURE (F)
 YESTERDAY
  MAXIMUM         59    853 AM  63    2001  48     11       45
  MINIMUM         48    701 AM  17    1958  34     14       33
  AVERAGE         54                        41     13       39

PRECIPITATION (IN)
  YESTERDAY        0.98          1.03 1957   0.13   0.85     0.00
  MONTH TO DATE    4.23                      3.39   0.84     1.23
  SINCE SEP 1     11.21                     10.51   0.70     6.52
  SINCE JAN 1     35.97                     39.41  -3.44    30.11

SNOWFALL (IN)
  YESTERDAY        0.0           2.1  1967   0.1   -0.1      0.0
  MONTH TO DATE    T                         0.7   -0.7      0.0
  SINCE OCT 1      T                         0.7   -0.7       T
  SINCE JUL 1      T                         0.7   -0.7       T
  SNOW DEPTH       0

DEGREE DAYS
 HEATING
  YESTERDAY       11                        24    -13       26
  MONTH TO DATE  486                       583    -97      454
  SINCE SEP 1    728                       970   -242      744
  SINCE JUL 1    728                       974   -246      744

 COOLING
  YESTERDAY        0                         0      0        0
  MONTH TO DATE    0                         0      0        2
  SINCE SEP 1    218                       107    111      202
  SINCE JAN 1   1270                       825    445     1122
..................................................................


WIND (MPH)
  HIGHEST WIND SPEED    25   HIGHEST WIND DIRECTION    NE (60)
  HIGHEST GUST SPEED    32   HIGHEST GUST DIRECTION    NE (60)
  AVERAGE WIND SPEED    11.5


SKY COVER
  AVERAGE SKY COVER 0.6


WEATHER CONDITIONS
 THE FOLLOWING WEATHER WAS RECORDED YESTERDAY.
  HEAVY RAIN
  RAIN
  LIGHT RAIN
  FOG
  FOG W/VISIBILITY <= 1/4 MILE
  HAZE


RELATIVE HUMIDITY (PERCENT)
 HIGHEST    96           800 AM
 LOWEST     75           900 AM
 AVERAGE    86

..........................................................


THE BRIDGEPORT CT CLIMATE NORMALS FOR TODAY
                         NORMAL    RECORD    YEAR
 MAXIMUM TEMPERATURE (F)   47        64      2006
                                             2001
 MINIMUM TEMPERATURE (F)   33        15      1967


SUNRISE AND SUNSET
DECEMBER  1 2016......SUNRISE   659 AM EST   SUNSET   424 PM EST
DECEMBER  2 2016......SUNRISE   700 AM EST   SUNSET   424 PM EST


-  INDICATES NEGATIVE NUMBERS.
R  INDICATES RECORD WAS SET OR TIED.
MM INDICATES DATA IS MISSING.
T  INDICATES TRACE AMOUNT.




$$
