000
CDUS41 KOKX 102136
CLIBDR


CLIMATE REPORT
NATIONAL WEATHER SERVICE NEW YORK NY
436 PM EST FRI FEB 10 2017


...................................

...THE BRIDGEPORT CT CLIMATE SUMMARY FOR FEBRUARY 10 2017...
VALID TODAY AS OF 0400 PM LOCAL TIME.

CLIMATE NORMAL PERIOD 1981 TO 2010
CLIMATE RECORD PERIOD 1948 TO 2017


WEATHER ITEM   OBSERVED TIME   RECORD YEAR NORMAL DEPARTURE LAST
                VALUE   (LST)  VALUE       VALUE  FROM      YEAR
                                                  NORMAL
..................................................................
TEMPERATURE (F)
 TODAY
  MAXIMUM         32    359 PM  54    2001  39     -7       40
  MINIMUM         16   1219 AM   4    1994  25     -9       26
                                      1983
  AVERAGE         24                        32     -8       33

PRECIPITATION (IN)
  TODAY            0.00          1.95 1970   0.09  -0.09     0.03
  MONTH TO DATE    0.99                      0.90   0.09     2.47
  SINCE DEC 1      7.70                      7.33   0.37     9.67
  SINCE JAN 1      4.27                      4.00   0.27     4.73

SNOWFALL (IN)
  TODAY            0.0           4.8  2010   0.2   -0.2      0.5
  MONTH TO DATE   10.3                       2.7    7.6     12.2
  SINCE OCT 1     27.3                      16.2   11.1     23.2
  SINCE JUL 1     27.3                      16.2   11.1     23.2
  SNOW DEPTH       9

DEGREE DAYS
 HEATING
  TODAY           41                        33      8       32
  MONTH TO DATE  297                       340    -43      283
  SINCE DEC 1   1997                      2342   -345     1807
  SINCE JUL 1   2725                      3316   -591     2551

 COOLING
  TODAY            0                         0      0        0
  MONTH TO DATE    0                         0      0        0
  SINCE DEC 1      0                         0      0        0
  SINCE JAN 1      0                         0      0        0
..................................................................


WIND (MPH)
  HIGHEST WIND SPEED    23   HIGHEST WIND DIRECTION     W (290)
  HIGHEST GUST SPEED    32   HIGHEST GUST DIRECTION     W (290)
  AVERAGE WIND SPEED    11.2


SKY COVER
  AVERAGE SKY COVER 0.1


WEATHER CONDITIONS
 THE FOLLOWING WEATHER WAS RECORDED TODAY.
  HAZE


RELATIVE HUMIDITY (PERCENT)
 HIGHEST    62           400 AM
 LOWEST     36           400 PM
 AVERAGE    49

..........................................................


THE BRIDGEPORT CT CLIMATE NORMALS FOR TOMORROW
                         NORMAL    RECORD    YEAR
 MAXIMUM TEMPERATURE (F)   39        59      2009
 MINIMUM TEMPERATURE (F)   25        -2      1962


SUNRISE AND SUNSET
FEBRUARY 10 2017......SUNRISE   653 AM EST   SUNSET   521 PM EST
FEBRUARY 11 2017......SUNRISE   652 AM EST   SUNSET   522 PM EST


-  INDICATES NEGATIVE NUMBERS.
R  INDICATES RECORD WAS SET OR TIED.
MM INDICATES DATA IS MISSING.
T  INDICATES TRACE AMOUNT.




$$
