000
CDUS41 KOKX 130615
CLIBDR


CLIMATE REPORT
NATIONAL WEATHER SERVICE NEW YORK NY
215 AM EDT MON OCT 13 2014


...................................

...THE BRIDGEPORT CT CLIMATE SUMMARY FOR OCTOBER 12 2014...

CLIMATE NORMAL PERIOD 1981 TO 2010
CLIMATE RECORD PERIOD 1948 TO 2014


WEATHER ITEM   OBSERVED TIME   RECORD YEAR NORMAL DEPARTURE LAST
                VALUE   (LST)  VALUE       VALUE  FROM      YEAR
                                                  NORMAL
..................................................................
TEMPERATURE (F)
 YESTERDAY
  MAXIMUM         62   1122 AM  81    1954  65     -3       71
  MINIMUM         45    625 AM  31    1964  48     -3       57
  AVERAGE         54                        56     -2       64

PRECIPITATION (IN)
  YESTERDAY        0.00          2.40 2005   0.12  -0.12     0.00
  MONTH TO DATE    1.30                      1.44  -0.14     0.26
  SINCE SEP 1      3.40                      4.92  -1.52     2.98
  SINCE JAN 1     34.64                     33.82   0.82    29.76

SNOWFALL (IN)
  YESTERDAY        0.0           0.0  2002   0.0    0.0      0.0
                                      2001
  MONTH TO DATE    0.0                       0.0    0.0      0.0
  SINCE OCT 1      0.0                       0.0    0.0      0.0
  SINCE JUL 1      0.0                       0.0    0.0      0.0
  SNOW DEPTH       0

DEGREE DAYS
 HEATING
  YESTERDAY       11                         9      2        1
  MONTH TO DATE   78                        90    -12       22
  SINCE SEP 1    118                       154    -36      103
  SINCE JUL 1    118                       158    -40      103

 COOLING
  YESTERDAY        0                         0      0        0
  MONTH TO DATE    6                         8     -2       20
  SINCE SEP 1    137                       106     31      116
  SINCE JAN 1    871                       824     47     1001
..................................................................


WIND (MPH)
  HIGHEST WIND SPEED    14   HIGHEST WIND DIRECTION     N (20)
  HIGHEST GUST SPEED    19   HIGHEST GUST DIRECTION     N (340)
  AVERAGE WIND SPEED     7.2


SKY COVER
  AVERAGE SKY COVER 0.0


WEATHER CONDITIONS
 THE FOLLOWING WEATHER WAS RECORDED YESTERDAY.
  NO SIGNIFICANT WEATHER WAS OBSERVED.


RELATIVE HUMIDITY (PERCENT)
 HIGHEST    93          1200 AM
 LOWEST     35           500 PM
 AVERAGE    64

..........................................................


THE BRIDGEPORT CT CLIMATE NORMALS FOR TODAY
                         NORMAL    RECORD    YEAR
 MAXIMUM TEMPERATURE (F)   64        81      1954
 MINIMUM TEMPERATURE (F)   47        33      2012


SUNRISE AND SUNSET
OCTOBER 13 2014.......SUNRISE   702 AM EDT   SUNSET   615 PM EDT
OCTOBER 14 2014.......SUNRISE   703 AM EDT   SUNSET   613 PM EDT


-  INDICATES NEGATIVE NUMBERS.
R  INDICATES RECORD WAS SET OR TIED.
MM INDICATES DATA IS MISSING.
T  INDICATES TRACE AMOUNT.




$$
