993
CDUS41 KOKX 230616
CLIBDR


CLIMATE REPORT
NATIONAL WEATHER SERVICE NEW YORK NY
116 AM EST THU FEB 23 2017


...................................

...THE BRIDGEPORT CT CLIMATE SUMMARY FOR FEBRUARY 22 2017...

CLIMATE NORMAL PERIOD 1981 TO 2010
CLIMATE RECORD PERIOD 1948 TO 2017


WEATHER ITEM   OBSERVED TIME   RECORD YEAR NORMAL DEPARTURE LAST
                VALUE   (LST)  VALUE       VALUE  FROM      YEAR
                                                  NORMAL
..................................................................
TEMPERATURE (F)
 YESTERDAY
  MAXIMUM         52        MM  64    1991  41     11       49
  MINIMUM         39   1100 PM   6    1963  26     13       35
  AVERAGE         46                        34     12       42

PRECIPITATION (IN)
  YESTERDAY        T             1.45 2003   0.11  -0.11     0.00
  MONTH TO DATE    1.52                      2.11  -0.59     3.35
  SINCE DEC 1      8.23                      8.54  -0.31    10.55
  SINCE JAN 1      4.80                      5.21  -0.41     5.61

SNOWFALL (IN)
  YESTERDAY        0.0           7.0  2008   0.3   -0.3      0.0
  MONTH TO DATE   12.8                       6.4    6.4     13.9
  SINCE OCT 1     29.8                      19.9    9.9     24.9
  SINCE JUL 1     29.8                      19.9    9.9     24.9
  SNOW DEPTH       0

DEGREE DAYS
 HEATING
  YESTERDAY       19                        31    -12       23
  MONTH TO DATE  624                       728   -104      707
  SINCE DEC 1   2324                      2730   -406     2231
  SINCE JUL 1   3052                      3704   -652     2975

 COOLING
  YESTERDAY        0                         0      0        0
  MONTH TO DATE    0                         0      0        0
  SINCE DEC 1      0                         0      0        0
  SINCE JAN 1      0                         0      0        0
..................................................................


WIND (MPH)
  HIGHEST WIND SPEED     8   HIGHEST WIND DIRECTION    SW (220)
  HIGHEST GUST SPEED    MM   HIGHEST GUST DIRECTION    MM
  AVERAGE WIND SPEED     4.1


SKY COVER
  AVERAGE SKY COVER 0.7


WEATHER CONDITIONS
 THE FOLLOWING WEATHER WAS RECORDED YESTERDAY.
  NO SIGNIFICANT WEATHER WAS OBSERVED.


RELATIVE HUMIDITY (PERCENT)
 HIGHEST    85          1100 PM
 LOWEST     59           400 PM
 AVERAGE    72

..........................................................


THE BRIDGEPORT CT CLIMATE NORMALS FOR TODAY
                         NORMAL    RECORD    YEAR
 MAXIMUM TEMPERATURE (F)   41        60      2012
 MINIMUM TEMPERATURE (F)   26         5      2015


SUNRISE AND SUNSET
FEBRUARY 23 2017......SUNRISE   636 AM EST   SUNSET   537 PM EST
FEBRUARY 24 2017......SUNRISE   634 AM EST   SUNSET   538 PM EST


-  INDICATES NEGATIVE NUMBERS.
R  INDICATES RECORD WAS SET OR TIED.
MM INDICATES DATA IS MISSING.
T  INDICATES TRACE AMOUNT.




$$
