828
CDUS41 KOKX 250618
CLIBDR


CLIMATE REPORT
NATIONAL WEATHER SERVICE NEW YORK NY
218 AM EDT SUN JUN 25 2017


...................................

...THE BRIDGEPORT CT CLIMATE SUMMARY FOR JUNE 24 2017...

CLIMATE NORMAL PERIOD 1981 TO 2010
CLIMATE RECORD PERIOD 1948 TO 2017


WEATHER ITEM   OBSERVED TIME   RECORD YEAR NORMAL DEPARTURE LAST
                VALUE   (LST)  VALUE       VALUE  FROM      YEAR
                                                  NORMAL
..................................................................
TEMPERATURE (F)
 YESTERDAY
  MAXIMUM         90    103 PM  94    1966  80     10       81
  MINIMUM         70   1104 PM  55    2007  63      7       64
                                      1988
                                      1987
  AVERAGE         80                        71      9       73

PRECIPITATION (IN)
  YESTERDAY        0.79          0.85 1985   0.10   0.69     0.00
  MONTH TO DATE    2.16                      3.04  -0.88     1.13
  SINCE JUN 1      2.16                      3.04  -0.88     1.13
  SINCE JAN 1     22.00                     20.91   1.09    16.67

SNOWFALL (IN)
  YESTERDAY        0.0           T    1955   0.0    0.0      0.0
  MONTH TO DATE    0.0                       0.0    0.0      0.0
  SINCE OCT 1     40.9                      27.6   13.3     27.3
  SINCE JUL 1     40.9                      27.6   13.3     27.3
  SNOW DEPTH       0

DEGREE DAYS
 HEATING
  YESTERDAY        0                         0      0        0
  MONTH TO DATE   25                        30     -5        4
  SINCE JUN 1     25                        30     -5        4
  SINCE JUL 1   4565                      5390   -825     4421

 COOLING
  YESTERDAY       15                         6      9        8
  MONTH TO DATE  164                        99     65      120
  SINCE JUN 1    164                        99     65      120
  SINCE JAN 1    208                       123     85      178
..................................................................


WIND (MPH)
  HIGHEST WIND SPEED    22   HIGHEST WIND DIRECTION    NW (310)
  HIGHEST GUST SPEED    28   HIGHEST GUST DIRECTION     W (290)
  AVERAGE WIND SPEED     9.6


SKY COVER
  AVERAGE SKY COVER 0.4


WEATHER CONDITIONS
 THE FOLLOWING WEATHER WAS RECORDED YESTERDAY.
  HEAVY RAIN
  RAIN
  LIGHT RAIN
  FOG


RELATIVE HUMIDITY (PERCENT)
 HIGHEST    93           700 AM
 LOWEST     31           500 PM
 AVERAGE    62

..........................................................


THE BRIDGEPORT CT CLIMATE NORMALS FOR TODAY
                         NORMAL    RECORD    YEAR
 MAXIMUM TEMPERATURE (F)   80        94      1952
 MINIMUM TEMPERATURE (F)   63        50      1986


SUNRISE AND SUNSET
JUNE 25 2017..........SUNRISE   521 AM EDT   SUNSET   829 PM EDT
JUNE 26 2017..........SUNRISE   522 AM EDT   SUNSET   829 PM EDT


-  INDICATES NEGATIVE NUMBERS.
R  INDICATES RECORD WAS SET OR TIED.
MM INDICATES DATA IS MISSING.
T  INDICATES TRACE AMOUNT.




$$
