000
CDUS41 KOKX 280644
CLIBDR


CLIMATE REPORT
NATIONAL WEATHER SERVICE NEW YORK NY
144 AM EST WED JAN 28 2015


...................................

...THE BRIDGEPORT CT CLIMATE SUMMARY FOR JANUARY 27 2015...

CLIMATE NORMAL PERIOD 1981 TO 2010
CLIMATE RECORD PERIOD 1948 TO 2015


WEATHER ITEM   OBSERVED TIME   RECORD YEAR NORMAL DEPARTURE LAST
                VALUE   (LST)  VALUE       VALUE  FROM      YEAR
                                                  NORMAL
..................................................................
TEMPERATURE (F)
 YESTERDAY
  MAXIMUM         23    111 AM  65    1974  37    -14       43
  MINIMUM         15   1157 PM  -1    1994  23     -8       21
  AVERAGE         19                        30    -11       32

PRECIPITATION (IN)
  YESTERDAY        0.22          1.75 1976   0.09   0.13     0.00
  MONTH TO DATE    4.01                      2.72   1.29     2.73
  SINCE DEC 1      9.66                      6.05   3.61     7.06
  SINCE JAN 1      4.01                      2.72   1.29     2.73

SNOWFALL (IN)
  YESTERDAY        3.7           7.0  2011   0.2    3.5      0.0
  MONTH TO DATE   16.9                       6.7   10.2     12.9
  SINCE OCT 1     17.8                      12.5    5.3     23.9
  SINCE JUL 1     17.8                      12.5    5.3     23.9
  SNOW DEPTH       6

DEGREE DAYS
 HEATING
  YESTERDAY       46                        35     11       33
  MONTH TO DATE  972                       941     31     1000
  SINCE DEC 1   1770                      1860    -90     1921
  SINCE JUL 1   2676                      2834   -158     2874

 COOLING
  YESTERDAY        0                         0      0        0
  MONTH TO DATE    0                         0      0        0
  SINCE DEC 1      0                         0      0        0
  SINCE JAN 1      0                         0      0        0
..................................................................


WIND (MPH)
  HIGHEST WIND SPEED    33   HIGHEST WIND DIRECTION     N (10)
  HIGHEST GUST SPEED    42   HIGHEST GUST DIRECTION     N (360)
  AVERAGE WIND SPEED    18.5


SKY COVER
  AVERAGE SKY COVER 0.8


WEATHER CONDITIONS
 THE FOLLOWING WEATHER WAS RECORDED YESTERDAY.
  SNOW
  LIGHT SNOW
  FOG
  HAZE


RELATIVE HUMIDITY (PERCENT)
 HIGHEST    96          1200 AM
 LOWEST     62           300 PM
 AVERAGE    79

..........................................................


THE BRIDGEPORT CT CLIMATE NORMALS FOR TODAY
                         NORMAL    RECORD    YEAR
 MAXIMUM TEMPERATURE (F)   37        55      2006
 MINIMUM TEMPERATURE (F)   23         3      2003


SUNRISE AND SUNSET
JANUARY 28 2015.......SUNRISE   707 AM EST   SUNSET   504 PM EST
JANUARY 29 2015.......SUNRISE   707 AM EST   SUNSET   505 PM EST


-  INDICATES NEGATIVE NUMBERS.
R  INDICATES RECORD WAS SET OR TIED.
MM INDICATES DATA IS MISSING.
T  INDICATES TRACE AMOUNT.




$$
