000
CDUS41 KOKX 012134
CLIBDR


CLIMATE REPORT
NATIONAL WEATHER SERVICE NEW YORK NY
434 PM EST THU FEB 1 2018


...................................

...THE BRIDGEPORT CT CLIMATE SUMMARY FOR FEBRUARY 1 2018...
VALID TODAY AS OF 0400 PM LOCAL TIME.

CLIMATE NORMAL PERIOD 1981 TO 2010
CLIMATE RECORD PERIOD 1948 TO 2018


WEATHER ITEM   OBSERVED TIME   RECORD YEAR NORMAL DEPARTURE LAST
                VALUE   (LST)  VALUE       VALUE  FROM      YEAR
                                                  NORMAL
..................................................................
TEMPERATURE (F)
 TODAY
  MAXIMUM         40    348 PM  62    2012  38      2       47
  MINIMUM         33    655 AM   0    1961  24      9       28
  AVERAGE         37                        30      7       38

PRECIPITATION (IN)
  TODAY            0.00          1.79 2008   0.09  -0.09      T
  MONTH TO DATE    0.00                      0.09  -0.09      T
  SINCE DEC 1      4.19                      6.52  -2.33     6.71
  SINCE JAN 1      2.50                      3.19  -0.69     3.28

SNOWFALL (IN)
  TODAY            0.0           4.4  1957   0.3   -0.3      0.0
  MONTH TO DATE    0.0                       0.3   -0.3      0.0
  SINCE OCT 1     20.1                      13.8    6.3     17.0
  SINCE JUL 1     20.1                      13.8    6.3     17.0
  SNOW DEPTH       1

DEGREE DAYS
 HEATING
  TODAY           28                        35     -7       27
  MONTH TO DATE   28                        35     -7       27
  SINCE DEC 1   2122                      2037     85     1727
  SINCE JUL 1   2877                      3011   -134     2455

 COOLING
  TODAY            0                         0      0        0
  MONTH TO DATE    0                         0      0        0
  SINCE DEC 1      0                         0      0        0
  SINCE JAN 1      0                         0      0        0
..................................................................


WIND (MPH)
  HIGHEST WIND SPEED    18   HIGHEST WIND DIRECTION    SW (230)
  HIGHEST GUST SPEED    23   HIGHEST GUST DIRECTION    SW (230)
  AVERAGE WIND SPEED     7.9


SKY COVER
  AVERAGE SKY COVER 0.4


WEATHER CONDITIONS
 THE FOLLOWING WEATHER WAS RECORDED TODAY.
  NO SIGNIFICANT WEATHER WAS OBSERVED.


RELATIVE HUMIDITY (PERCENT)
 HIGHEST    75           600 AM
 LOWEST     61          1200 AM
 AVERAGE    68

..........................................................


THE BRIDGEPORT CT CLIMATE NORMALS FOR TOMORROW
                         NORMAL    RECORD    YEAR
 MAXIMUM TEMPERATURE (F)   38        52      1983
                                             1973
 MINIMUM TEMPERATURE (F)   24        -3      1961


SUNRISE AND SUNSET
FEBRUARY  1 2018......SUNRISE   703 AM EST   SUNSET   509 PM EST
FEBRUARY  2 2018......SUNRISE   702 AM EST   SUNSET   510 PM EST


-  INDICATES NEGATIVE NUMBERS.
R  INDICATES RECORD WAS SET OR TIED.
MM INDICATES DATA IS MISSING.
T  INDICATES TRACE AMOUNT.




$$
