000
CDUS41 KOKX 172034
CLIBDR


CLIMATE REPORT
NATIONAL WEATHER SERVICE NEW YORK NY
434 PM EDT WED MAY 17 2017


...................................

...THE BRIDGEPORT CT CLIMATE SUMMARY FOR MAY 17 2017...
VALID TODAY AS OF 0400 PM LOCAL TIME.

CLIMATE NORMAL PERIOD 1981 TO 2010
CLIMATE RECORD PERIOD 1948 TO 2017


WEATHER ITEM   OBSERVED TIME   RECORD YEAR NORMAL DEPARTURE LAST
                VALUE   (LST)  VALUE       VALUE  FROM      YEAR
                                                  NORMAL
..................................................................
TEMPERATURE (F)
 TODAY
  MAXIMUM         83    128 PM  85    1974  68     15       68
  MINIMUM         55    459 AM  37    1983  51      4       52
                                      1956
  AVERAGE         69                        59     10       60

PRECIPITATION (IN)
  TODAY            0.00          1.26 2011   0.12  -0.12     0.00
  MONTH TO DATE    2.72                      1.95   0.77     1.86
  SINCE MAR 1     11.88                     10.13   1.75     6.74
  SINCE JAN 1     17.07                     16.02   1.05    13.90

SNOWFALL (IN)
  TODAY            0.0           0.0  2002   0.0    0.0      0.0
                                      2001
  MONTH TO DATE    0.0                       0.0    0.0      0.0
  SINCE OCT 1     40.9                      27.6   13.3     27.3
  SINCE JUL 1     40.9                      27.6   13.3     27.3
  SNOW DEPTH       0

DEGREE DAYS
 HEATING
  TODAY            0                         6     -6        5
  MONTH TO DATE  145                       143      2      168
  SINCE MAR 1   1324                      1411    -87     1252
  SINCE JUL 1   4491                      5298   -807     4387

 COOLING
  TODAY            4                         1      3        0
  MONTH TO DATE    7                         3      4        0
  SINCE MAR 1     15                         5     10        0
  SINCE JAN 1     15                         5     10        0
..................................................................


WIND (MPH)
  HIGHEST WIND SPEED    18   HIGHEST WIND DIRECTION    SW (220)
  HIGHEST GUST SPEED    24   HIGHEST GUST DIRECTION     S (200)
  AVERAGE WIND SPEED     8.1


SKY COVER
  AVERAGE SKY COVER 0.0


WEATHER CONDITIONS
 THE FOLLOWING WEATHER WAS RECORDED TODAY.
  NO SIGNIFICANT WEATHER WAS OBSERVED.


RELATIVE HUMIDITY (PERCENT)
 HIGHEST    86           500 AM
 LOWEST     46           100 PM
 AVERAGE    66

..........................................................


THE BRIDGEPORT CT CLIMATE NORMALS FOR TOMORROW
                         NORMAL    RECORD    YEAR
 MAXIMUM TEMPERATURE (F)   68        84      1998
 MINIMUM TEMPERATURE (F)   51        41      1984
                                             1983


SUNRISE AND SUNSET
MAY 17 2017...........SUNRISE   532 AM EDT   SUNSET   806 PM EDT
MAY 18 2017...........SUNRISE   531 AM EDT   SUNSET   807 PM EDT


-  INDICATES NEGATIVE NUMBERS.
R  INDICATES RECORD WAS SET OR TIED.
MM INDICATES DATA IS MISSING.
T  INDICATES TRACE AMOUNT.




$$
