000
CDUS41 KOKX 090624
CLIBDR


CLIMATE REPORT
NATIONAL WEATHER SERVICE NEW YORK NY
123 AM EST TUE DEC 9 2014


...................................

...THE BRIDGEPORT CT CLIMATE SUMMARY FOR DECEMBER 8 2014...

CLIMATE NORMAL PERIOD 1981 TO 2010
CLIMATE RECORD PERIOD 1948 TO 2014


WEATHER ITEM   OBSERVED TIME   RECORD YEAR NORMAL DEPARTURE LAST
                VALUE   (LST)  VALUE       VALUE  FROM      YEAR
                                                  NORMAL
..................................................................
TEMPERATURE (F)
 YESTERDAY
  MAXIMUM         33   1159 PM  63    1951  45    -12       33
  MINIMUM         21    725 AM  13    1976  31    -10       24
  AVERAGE         27                        38    -11       29

PRECIPITATION (IN)
  YESTERDAY        0.00          1.42 1969   0.12  -0.12     0.01
  MONTH TO DATE    2.04                      0.94   1.10     0.81
  SINCE DEC 1      2.04                      0.94   1.10     0.81
  SINCE JAN 1     42.60                     40.35   2.25    33.14

SNOWFALL (IN)
  YESTERDAY        0.0           0.5  2001   0.1   -0.1       T
                                      1958
  MONTH TO DATE    T                         0.8   -0.8       T
  SINCE OCT 1      0.2                       1.5   -1.3      0.1
  SINCE JUL 1      0.2                       1.5   -1.3      0.1
  SNOW DEPTH       0

DEGREE DAYS
 HEATING
  YESTERDAY       38                        27     11       36
  MONTH TO DATE  203                       207     -4      194
  SINCE DEC 1    203                       207     -4      194
  SINCE JUL 1   1109                      1181    -72     1147

 COOLING
  YESTERDAY        0                         0      0        0
  MONTH TO DATE    0                         0      0        0
  SINCE DEC 1      0                         0      0        0
  SINCE JAN 1    884                       825     59     1003
..................................................................


WIND (MPH)
  HIGHEST WIND SPEED    21   HIGHEST WIND DIRECTION    NE (40)
  HIGHEST GUST SPEED    26   HIGHEST GUST DIRECTION    NE (50)
  AVERAGE WIND SPEED    13.9


SKY COVER
  AVERAGE SKY COVER 0.7


WEATHER CONDITIONS
 THE FOLLOWING WEATHER WAS RECORDED YESTERDAY.
  NO SIGNIFICANT WEATHER WAS OBSERVED.


RELATIVE HUMIDITY (PERCENT)
 HIGHEST    72          1000 PM
 LOWEST     37          1200 AM
 AVERAGE    55

..........................................................


THE BRIDGEPORT CT CLIMATE NORMALS FOR TODAY
                         NORMAL    RECORD    YEAR
 MAXIMUM TEMPERATURE (F)   44        63      1991
 MINIMUM TEMPERATURE (F)   31        10      1968


SUNRISE AND SUNSET
DECEMBER  9 2014......SUNRISE   706 AM EST   SUNSET   424 PM EST
DECEMBER 10 2014......SUNRISE   707 AM EST   SUNSET   424 PM EST


-  INDICATES NEGATIVE NUMBERS.
R  INDICATES RECORD WAS SET OR TIED.
MM INDICATES DATA IS MISSING.
T  INDICATES TRACE AMOUNT.




$$
