000
CDUS41 KOKX 100616
CLIBDR


CLIMATE REPORT
NATIONAL WEATHER SERVICE NEW YORK NY
216 AM EDT SAT SEP 10 2016


...................................

...THE BRIDGEPORT CT CLIMATE SUMMARY FOR SEPTEMBER 9 2016...

CLIMATE NORMAL PERIOD 1981 TO 2010
CLIMATE RECORD PERIOD 1948 TO 2016


WEATHER ITEM   OBSERVED TIME   RECORD YEAR NORMAL DEPARTURE LAST
                VALUE   (LST)  VALUE       VALUE  FROM      YEAR
                                                  NORMAL
..................................................................
TEMPERATURE (F)
 YESTERDAY
  MAXIMUM         90R   402 PM  89    1959  76     14       87
  MINIMUM         75    418 AM  48    1986  61     14       76
                                      1956
  AVERAGE         83                        69     14       82

PRECIPITATION (IN)
  YESTERDAY        T             0.53 2008   0.12  -0.12     0.00
  MONTH TO DATE    0.75                      1.03  -0.28     0.00
  SINCE SEP 1      0.75                      1.03  -0.28     0.00
  SINCE JAN 1     25.51                     29.93  -4.42    23.59

SNOWFALL (IN)
  YESTERDAY        0.0           0.0  2002   0.0    0.0      0.0
                                      2001
  MONTH TO DATE    0.0                       0.0    0.0      0.0
  SINCE OCT 1     27.3                      27.6   -0.3     59.7
  SINCE JUL 1      0.0                       0.0    0.0      0.0
  SNOW DEPTH       0

DEGREE DAYS
 HEATING
  YESTERDAY        0                         1     -1        0
  MONTH TO DATE    0                         5     -5        0
  SINCE SEP 1      0                         5     -5        0
  SINCE JUL 1      0                         9     -9        0

 COOLING
  YESTERDAY       18                         4     14       17
  MONTH TO DATE   90                        48     42      110
  SINCE SEP 1     90                        48     42      110
  SINCE JAN 1   1142                       766    376     1030
..................................................................


WIND (MPH)
  HIGHEST WIND SPEED    15   HIGHEST WIND DIRECTION    SW (220)
  HIGHEST GUST SPEED    17   HIGHEST GUST DIRECTION    SW (220)
  AVERAGE WIND SPEED     5.8


SKY COVER
  AVERAGE SKY COVER 0.4


WEATHER CONDITIONS
 THE FOLLOWING WEATHER WAS RECORDED YESTERDAY.
  LIGHT RAIN
  FOG


RELATIVE HUMIDITY (PERCENT)
 HIGHEST    94           500 AM
 LOWEST     56           300 PM
 AVERAGE    75

..........................................................


THE BRIDGEPORT CT CLIMATE NORMALS FOR TODAY
                         NORMAL    RECORD    YEAR
 MAXIMUM TEMPERATURE (F)   76        93      1983
 MINIMUM TEMPERATURE (F)   61        46      1973
                                             1956


SUNRISE AND SUNSET
SEPTEMBER 10 2016.....SUNRISE   628 AM EDT   SUNSET   709 PM EDT
SEPTEMBER 11 2016.....SUNRISE   629 AM EDT   SUNSET   708 PM EDT


-  INDICATES NEGATIVE NUMBERS.
R  INDICATES RECORD WAS SET OR TIED.
MM INDICATES DATA IS MISSING.
T  INDICATES TRACE AMOUNT.




$$
