000
CDUS41 KOKX 180747
CLIBDR


CLIMATE REPORT
NATIONAL WEATHER SERVICE NEW YORK NY
347 AM EDT THU AUG 18 2016


...................................

...THE BRIDGEPORT CT CLIMATE SUMMARY FOR AUGUST 17 2016...

CLIMATE NORMAL PERIOD 1981 TO 2010
CLIMATE RECORD PERIOD 1948 TO 2016


WEATHER ITEM   OBSERVED TIME   RECORD YEAR NORMAL DEPARTURE LAST
                VALUE   (LST)  VALUE       VALUE  FROM      YEAR
                                                  NORMAL
..................................................................
TEMPERATURE (F)
 YESTERDAY
  MAXIMUM         86    414 PM  92    1959  81      5       90
  MINIMUM         75   1159 PM  53    1981  66      9       71
  AVERAGE         81                        74      7       81

PRECIPITATION (IN)
  YESTERDAY        T             1.25 1977   0.13  -0.13     0.00
  MONTH TO DATE    2.77                      2.25   0.52     1.51
  SINCE JUN 1      8.83                      9.32  -0.49     8.91
  SINCE JAN 1     24.37                     27.19  -2.82    23.21

SNOWFALL (IN)
  YESTERDAY        0.0           0.0  2002   0.0    0.0      0.0
                                      2001
  MONTH TO DATE    0.0                       0.0    0.0      0.0
  SINCE OCT 1     27.3                      27.6   -0.3     59.7
  SINCE JUL 1      0.0                       0.0    0.0      0.0
  SNOW DEPTH       0

DEGREE DAYS
 HEATING
  YESTERDAY        0                         0      0        0
  MONTH TO DATE    0                         0      0        0
  SINCE JUN 1      4                        33    -29       52
  SINCE JUL 1      0                         1     -1        0

 COOLING
  YESTERDAY       16                         9      7       16
  MONTH TO DATE  245                       158     87      190
  SINCE JUN 1    814                       590    224      704
  SINCE JAN 1    872                       614    258      758
..................................................................


WIND (MPH)
  HIGHEST WIND SPEED    22   HIGHEST WIND DIRECTION    SW (230)
  HIGHEST GUST SPEED    32   HIGHEST GUST DIRECTION    SW (220)
  AVERAGE WIND SPEED     9.9


SKY COVER
  AVERAGE SKY COVER 0.1


WEATHER CONDITIONS
 THE FOLLOWING WEATHER WAS RECORDED YESTERDAY.
  THUNDERSTORM


RELATIVE HUMIDITY (PERCENT)
 HIGHEST    79          1200 AM
 LOWEST     48           100 PM
 AVERAGE    64

..........................................................


THE BRIDGEPORT CT CLIMATE NORMALS FOR TODAY
                         NORMAL    RECORD    YEAR
 MAXIMUM TEMPERATURE (F)   81        93      2002
                                             1956
 MINIMUM TEMPERATURE (F)   66        53      1981


SUNRISE AND SUNSET
AUGUST 18 2016........SUNRISE   605 AM EDT   SUNSET   746 PM EDT
AUGUST 19 2016........SUNRISE   606 AM EDT   SUNSET   745 PM EDT


-  INDICATES NEGATIVE NUMBERS.
R  INDICATES RECORD WAS SET OR TIED.
MM INDICATES DATA IS MISSING.
T  INDICATES TRACE AMOUNT.




$$
