000
CDUS41 KOKX 120618
CLIBDR


CLIMATE REPORT
NATIONAL WEATHER SERVICE NEW YORK NY
117 AM EST SUN NOV 12 2017


...................................

...THE BRIDGEPORT CT CLIMATE SUMMARY FOR NOVEMBER 11 2017...

CLIMATE NORMAL PERIOD 1981 TO 2010
CLIMATE RECORD PERIOD 1948 TO 2017


WEATHER ITEM   OBSERVED TIME   RECORD YEAR NORMAL DEPARTURE LAST
                VALUE   (LST)  VALUE       VALUE  FROM      YEAR
                                                  NORMAL
..................................................................
TEMPERATURE (F)
 YESTERDAY
  MAXIMUM         40    336 PM  69    1977  55    -15       64
                                      1949
  MINIMUM         22R   437 AM  22    1956  39    -17       41
  AVERAGE         31                        47    -16       53

PRECIPITATION (IN)
  YESTERDAY        0.00          0.92 1984   0.10  -0.10     0.00
  MONTH TO DATE    0.78                      1.16  -0.38      T
  SINCE SEP 1      9.88                      8.28   1.60     6.98
  SINCE JAN 1     38.47                     37.18   1.29    31.74

SNOWFALL (IN)
  YESTERDAY        0.0           0.1  1987   0.0    0.0      0.0
  MONTH TO DATE    0.0                       0.1   -0.1      0.0
  SINCE OCT 1      0.0                       0.1   -0.1       T
  SINCE JUL 1      0.0                       0.1   -0.1       T
  SNOW DEPTH       0

DEGREE DAYS
 HEATING
  YESTERDAY       34                        18     16       12
  MONTH TO DATE  180                       182     -2      146
  SINCE SEP 1    339                       568   -229      388
  SINCE JUL 1    339                       572   -233      388

 COOLING
  YESTERDAY        0                         0      0        0
  MONTH TO DATE    0                         0      0        0
  SINCE SEP 1    216                       107    109      218
  SINCE JAN 1   1053                       825    228     1270
..................................................................


WIND (MPH)
  HIGHEST WIND SPEED    14   HIGHEST WIND DIRECTION    NW (320)
  HIGHEST GUST SPEED    17   HIGHEST GUST DIRECTION    NW (320)
  AVERAGE WIND SPEED     6.5


SKY COVER
  AVERAGE SKY COVER 0.0


WEATHER CONDITIONS
 THE FOLLOWING WEATHER WAS RECORDED YESTERDAY.
  NO SIGNIFICANT WEATHER WAS OBSERVED.


RELATIVE HUMIDITY (PERCENT)
 HIGHEST    55           300 AM
 LOWEST     24           400 PM
 AVERAGE    40

..........................................................


THE BRIDGEPORT CT CLIMATE NORMALS FOR TODAY
                         NORMAL    RECORD    YEAR
 MAXIMUM TEMPERATURE (F)   54        65      2010
                                             1955
 MINIMUM TEMPERATURE (F)   39        28      2013
                                             1957


SUNRISE AND SUNSET
NOVEMBER 12 2017......SUNRISE   637 AM EST   SUNSET   436 PM EST
NOVEMBER 13 2017......SUNRISE   638 AM EST   SUNSET   435 PM EST


-  INDICATES NEGATIVE NUMBERS.
R  INDICATES RECORD WAS SET OR TIED.
MM INDICATES DATA IS MISSING.
T  INDICATES TRACE AMOUNT.




$$
