000
CDUS41 KOKX 282133
CLIBDR


CLIMATE REPORT
NATIONAL WEATHER SERVICE NEW YORK NY
432 PM EST WED DEC 28 2016


...................................

...THE BRIDGEPORT CT CLIMATE SUMMARY FOR DECEMBER 28 2016...
VALID TODAY AS OF 0400 PM LOCAL TIME.

CLIMATE NORMAL PERIOD 1981 TO 2010
CLIMATE RECORD PERIOD 1948 TO 2016


WEATHER ITEM   OBSERVED TIME   RECORD YEAR NORMAL DEPARTURE LAST
                VALUE   (LST)  VALUE       VALUE  FROM      YEAR
                                                  NORMAL
..................................................................
TEMPERATURE (F)
 TODAY
  MAXIMUM         44    226 PM  59    2008  39      5       44
  MINIMUM         35    243 AM   5    1950  25     10       32
  AVERAGE         40                        32      8       38

PRECIPITATION (IN)
  TODAY            0.00          1.32 1967   0.09  -0.09     0.06
  MONTH TO DATE    2.77                      3.04  -0.27     4.12
  SINCE DEC 1      2.77                      3.04  -0.27     4.12
  SINCE JAN 1     38.74                     42.45  -3.71    34.23

SNOWFALL (IN)
  TODAY            0.0           7.1  1990   0.3   -0.3       T
  MONTH TO DATE    6.0                       4.4    1.6       T
  SINCE OCT 1      6.0                       5.1    0.9       T
  SINCE JUL 1      6.0                       5.1    0.9       T
  SNOW DEPTH       0

DEGREE DAYS
 HEATING
  TODAY           25                        33     -8       27
  MONTH TO DATE  755                       820    -65      470
  SINCE DEC 1    755                       820    -65      470
  SINCE JUL 1   1483                      1794   -311     1214

 COOLING
  TODAY            0                         0      0        0
  MONTH TO DATE    0                         0      0        0
  SINCE DEC 1      0                         0      0        0
  SINCE JAN 1   1270                       825    445     1122
..................................................................


WIND (MPH)
  HIGHEST WIND SPEED    17   HIGHEST WIND DIRECTION    NW (310)
  HIGHEST GUST SPEED    21   HIGHEST GUST DIRECTION    NW (310)
  AVERAGE WIND SPEED     6.3


SKY COVER
  AVERAGE SKY COVER 0.9


WEATHER CONDITIONS
 THE FOLLOWING WEATHER WAS RECORDED TODAY.
  NO SIGNIFICANT WEATHER WAS OBSERVED.


RELATIVE HUMIDITY (PERCENT)
 HIGHEST    70           100 AM
 LOWEST     38           200 PM
 AVERAGE    54

..........................................................


THE BRIDGEPORT CT CLIMATE NORMALS FOR TOMORROW
                         NORMAL    RECORD    YEAR
 MAXIMUM TEMPERATURE (F)   39        58      1984
 MINIMUM TEMPERATURE (F)   25        10      1993


SUNRISE AND SUNSET
DECEMBER 28 2016......SUNRISE   717 AM EST   SUNSET   432 PM EST
DECEMBER 29 2016......SUNRISE   718 AM EST   SUNSET   432 PM EST


-  INDICATES NEGATIVE NUMBERS.
R  INDICATES RECORD WAS SET OR TIED.
MM INDICATES DATA IS MISSING.
T  INDICATES TRACE AMOUNT.




$$
