000
CDUS41 KOKX 082041
CLIBDR


CLIMATE REPORT
NATIONAL WEATHER SERVICE NEW YORK NY
440 PM EDT THU JUN 8 2017


...................................

...THE BRIDGEPORT CT CLIMATE SUMMARY FOR JUNE 8 2017...
VALID TODAY AS OF 0400 PM LOCAL TIME.

CLIMATE NORMAL PERIOD 1981 TO 2010
CLIMATE RECORD PERIOD 1948 TO 2017


WEATHER ITEM   OBSERVED TIME   RECORD YEAR NORMAL DEPARTURE LAST
                VALUE   (LST)  VALUE       VALUE  FROM      YEAR
                                                  NORMAL
..................................................................
TEMPERATURE (F)
 TODAY
  MAXIMUM         66   1247 PM  93    1999  75     -9       71
                                      1984
  MINIMUM         53    454 AM  48    1977  58     -5       58
  AVERAGE         60                        66     -6       65

PRECIPITATION (IN)
  TODAY            0.00          0.27 2008   0.14  -0.14     0.07
  MONTH TO DATE    0.38                      1.16  -0.78     1.06
  SINCE JUN 1      0.38                      1.16  -0.78     1.06
  SINCE JAN 1     20.22                     19.03   1.19    16.60

SNOWFALL (IN)
  TODAY            0.0           0.0  2002   0.0    0.0      0.0
                                      2001
  MONTH TO DATE    0.0                       0.0    0.0      0.0
  SINCE OCT 1     40.9                      27.6   13.3     27.3
  SINCE JUL 1     40.9                      27.6   13.3     27.3
  SNOW DEPTH       0

DEGREE DAYS
 HEATING
  TODAY            5                         2      3        0
  MONTH TO DATE   25                        18      7        1
  SINCE JUN 1     25                        18      7        1
  SINCE JUL 1   4565                      5378   -813     4418

 COOLING
  TODAY            0                         3     -3        0
  MONTH TO DATE    5                        21    -16       36
  SINCE JUN 1      5                        21    -16       36
  SINCE JAN 1     49                        45      4       94
..................................................................


WIND (MPH)
  HIGHEST WIND SPEED    13   HIGHEST WIND DIRECTION     E (80)
  HIGHEST GUST SPEED    16   HIGHEST GUST DIRECTION     E (90)
  AVERAGE WIND SPEED     6.5


SKY COVER
  AVERAGE SKY COVER 0.1


WEATHER CONDITIONS
 THE FOLLOWING WEATHER WAS RECORDED TODAY.
  HAZE


RELATIVE HUMIDITY (PERCENT)
 HIGHEST    89           300 AM
 LOWEST     67          1000 AM
 AVERAGE    78

..........................................................


THE BRIDGEPORT CT CLIMATE NORMALS FOR TOMORROW
                         NORMAL    RECORD    YEAR
 MAXIMUM TEMPERATURE (F)   75        97      2008
 MINIMUM TEMPERATURE (F)   59        48      1980


SUNRISE AND SUNSET
JUNE  8 2017..........SUNRISE   520 AM EDT   SUNSET   824 PM EDT
JUNE  9 2017..........SUNRISE   520 AM EDT   SUNSET   824 PM EDT


-  INDICATES NEGATIVE NUMBERS.
R  INDICATES RECORD WAS SET OR TIED.
MM INDICATES DATA IS MISSING.
T  INDICATES TRACE AMOUNT.




$$
