000
CDUS41 KOKX 312045
CLIBDR


CLIMATE REPORT
NATIONAL WEATHER SERVICE NEW YORK NY
445 PM EDT THU AUG 31 2017


...................................

...THE BRIDGEPORT CT CLIMATE SUMMARY FOR AUGUST 31 2017...
VALID TODAY AS OF 0400 PM LOCAL TIME.

CLIMATE NORMAL PERIOD 1981 TO 2010
CLIMATE RECORD PERIOD 1948 TO 2017


WEATHER ITEM   OBSERVED TIME   RECORD YEAR NORMAL DEPARTURE LAST
                VALUE   (LST)  VALUE       VALUE  FROM      YEAR
                                                  NORMAL
..................................................................
TEMPERATURE (F)
 TODAY
  MAXIMUM         83   1258 PM  94    2010  79      4       86
                                      1953
  MINIMUM         61    434 AM  50    1976  64     -3       74
                                      1965
  AVERAGE         72                        71      1       80

PRECIPITATION (IN)
  TODAY            T             1.62 1954   0.11  -0.11     0.00
  MONTH TO DATE    3.81                      3.96  -0.15     3.16
  SINCE JUN 1      8.75                     11.03  -2.28     9.22
  SINCE JAN 1     28.59                     28.90  -0.31    24.76

SNOWFALL (IN)
  TODAY            0.0           0.0  2002   0.0    0.0      0.0
                                      2001
  MONTH TO DATE    0.0                       0.0    0.0      0.0
  SINCE OCT 1     40.9                      27.6   13.3     27.3
  SINCE JUL 1      0.0                       0.0    0.0      0.0
  SNOW DEPTH       0

DEGREE DAYS
 HEATING
  TODAY            0                         0      0        0
  MONTH TO DATE    0                         0      0        0
  SINCE JUN 1     25                        36    -11        4
  SINCE JUL 1      0                         4     -4        0

 COOLING
  TODAY            7                         6      1       15
  MONTH TO DATE  256                       262     -6      425
  SINCE JUN 1    793                       694     99      994
  SINCE JAN 1    837                       718    119     1052
..................................................................


WIND (MPH)
  HIGHEST WIND SPEED    18   HIGHEST WIND DIRECTION    NW (310)
  HIGHEST GUST SPEED    24   HIGHEST GUST DIRECTION     W (280)
  AVERAGE WIND SPEED     6.8


SKY COVER
  AVERAGE SKY COVER 0.2


WEATHER CONDITIONS
 THE FOLLOWING WEATHER WAS RECORDED TODAY.
  LIGHT RAIN


RELATIVE HUMIDITY (PERCENT)
 HIGHEST    84           300 AM
 LOWEST     43          1200 PM
 AVERAGE    64

..........................................................


THE BRIDGEPORT CT CLIMATE NORMALS FOR TOMORROW
                         NORMAL    RECORD    YEAR
 MAXIMUM TEMPERATURE (F)   78        93      2010
 MINIMUM TEMPERATURE (F)   63        52      1970


SUNRISE AND SUNSET
AUGUST 31 2017........SUNRISE   618 AM EDT   SUNSET   726 PM EDT
SEPTEMBER  1 2017.....SUNRISE   619 AM EDT   SUNSET   725 PM EDT


-  INDICATES NEGATIVE NUMBERS.
R  INDICATES RECORD WAS SET OR TIED.
MM INDICATES DATA IS MISSING.
T  INDICATES TRACE AMOUNT.




$$
