000
CDUS41 KOKX 200623
CLIBDR


CLIMATE REPORT
NATIONAL WEATHER SERVICE NEW YORK NY
223 AM EDT WED MAY 20 2015


...................................

...THE BRIDGEPORT CT CLIMATE SUMMARY FOR MAY 19 2015...

CLIMATE NORMAL PERIOD 1981 TO 2010
CLIMATE RECORD PERIOD 1948 TO 2015


WEATHER ITEM   OBSERVED TIME   RECORD YEAR NORMAL DEPARTURE LAST
                VALUE   (LST)  VALUE       VALUE  FROM      YEAR
                                                  NORMAL
..................................................................
TEMPERATURE (F)
 YESTERDAY
  MAXIMUM         66   1107 PM  86    1998  69     -3       72
  MINIMUM         53    533 AM  38    2002  52      1       50
  AVERAGE         60                        60      0       61

PRECIPITATION (IN)
  YESTERDAY        0.04          1.59 1966   0.12  -0.08     0.00
  MONTH TO DATE    0.50                      2.19  -1.69     3.19
  SINCE MAR 1      7.31                     10.37  -3.06    13.87
  SINCE JAN 1     13.65                     16.26  -2.61    20.85

SNOWFALL (IN)
  YESTERDAY        0.0           0.0  2002   0.0    0.0      0.0
                                      2001
  MONTH TO DATE    0.0                       0.0    0.0      0.0
  SINCE OCT 1     59.7                      27.6   32.1     57.4
  SINCE JUL 1     59.7                      27.6   32.1     57.4
  SNOW DEPTH       0

DEGREE DAYS
 HEATING
  YESTERDAY        5                         6     -1        4
  MONTH TO DATE   78                       155    -77       96
  SINCE MAR 1   1489                      1423     66     1528
  SINCE JUL 1   5595                      5310    285     5576

 COOLING
  YESTERDAY        0                         1     -1        0
  MONTH TO DATE   22                         5     17        9
  SINCE MAR 1     22                         7     15        9
  SINCE JAN 1     22                         7     15        9
..................................................................


WIND (MPH)
  HIGHEST WIND SPEED    18   HIGHEST WIND DIRECTION     N (350)
  HIGHEST GUST SPEED    26   HIGHEST GUST DIRECTION     N (340)
  AVERAGE WIND SPEED     6.6


SKY COVER
  AVERAGE SKY COVER 0.7


WEATHER CONDITIONS
 THE FOLLOWING WEATHER WAS RECORDED YESTERDAY.
  LIGHT RAIN
  FOG


RELATIVE HUMIDITY (PERCENT)
 HIGHEST   100           400 AM
 LOWEST     73          1100 PM
 AVERAGE    87

..........................................................


THE BRIDGEPORT CT CLIMATE NORMALS FOR TODAY
                         NORMAL    RECORD    YEAR
 MAXIMUM TEMPERATURE (F)   69        97      1996
 MINIMUM TEMPERATURE (F)   52        39      2002


SUNRISE AND SUNSET
MAY 20 2015...........SUNRISE   530 AM EDT   SUNSET   809 PM EDT
MAY 21 2015...........SUNRISE   529 AM EDT   SUNSET   809 PM EDT


-  INDICATES NEGATIVE NUMBERS.
R  INDICATES RECORD WAS SET OR TIED.
MM INDICATES DATA IS MISSING.
T  INDICATES TRACE AMOUNT.




$$
