000
CDUS41 KOKX 090638
CLIBDR


CLIMATE REPORT
NATIONAL WEATHER SERVICE NEW YORK NY
138 AM EST THU MAR 9 2017


...................................

...THE BRIDGEPORT CT CLIMATE SUMMARY FOR MARCH 8 2017...

CLIMATE NORMAL PERIOD 1981 TO 2010
CLIMATE RECORD PERIOD 1948 TO 2017


WEATHER ITEM   OBSERVED TIME   RECORD YEAR NORMAL DEPARTURE LAST
                VALUE   (LST)  VALUE       VALUE  FROM      YEAR
                                                  NORMAL
..................................................................
TEMPERATURE (F)
 YESTERDAY
  MAXIMUM         59    134 PM  69    1987  45     14       54
  MINIMUM         44   1022 PM  11    1986  29     15       36
  AVERAGE         52                        37     15       45

PRECIPITATION (IN)
  YESTERDAY        0.05          0.91 1995   0.13  -0.08     0.00
  MONTH TO DATE    0.40                      1.00  -0.60     0.34
  SINCE MAR 1      0.40                      1.00  -0.60     0.34
  SINCE JAN 1      5.59                      6.89  -1.30     7.50

SNOWFALL (IN)
  YESTERDAY        0.0           9.0  2013   0.2   -0.2      0.0
  MONTH TO DATE    T                         1.9   -1.9      0.3
  SINCE OCT 1     29.8                      23.5    6.3     25.2
  SINCE JUL 1     29.8                      23.5    6.3     25.2
  SNOW DEPTH       0

DEGREE DAYS
 HEATING
  YESTERDAY       13                        28    -15       20
  MONTH TO DATE  214                       232    -18      223
  SINCE MAR 1    214                       232    -18      223
  SINCE JUL 1   3381                      4119   -738     3358

 COOLING
  YESTERDAY        0                         0      0        0
  MONTH TO DATE    0                         0      0        0
  SINCE MAR 1      0                         0      0        0
  SINCE JAN 1      0                         0      0        0
..................................................................


WIND (MPH)
  HIGHEST WIND SPEED    24   HIGHEST WIND DIRECTION     W (290)
  HIGHEST GUST SPEED    34   HIGHEST GUST DIRECTION    NW (300)
  AVERAGE WIND SPEED    11.8


SKY COVER
  AVERAGE SKY COVER 0.5


WEATHER CONDITIONS
 THE FOLLOWING WEATHER WAS RECORDED YESTERDAY.
  LIGHT RAIN
  FOG


RELATIVE HUMIDITY (PERCENT)
 HIGHEST    86          1200 AM
 LOWEST     30           100 PM
 AVERAGE    58

..........................................................


THE BRIDGEPORT CT CLIMATE NORMALS FOR TODAY
                         NORMAL    RECORD    YEAR
 MAXIMUM TEMPERATURE (F)   45        60      2016
                                             2002
                                             1987
 MINIMUM TEMPERATURE (F)   29         9      2007


SUNRISE AND SUNSET
MARCH  9 2017.........SUNRISE   614 AM EST   SUNSET   553 PM EST
MARCH 10 2017.........SUNRISE   612 AM EST   SUNSET   554 PM EST


-  INDICATES NEGATIVE NUMBERS.
R  INDICATES RECORD WAS SET OR TIED.
MM INDICATES DATA IS MISSING.
T  INDICATES TRACE AMOUNT.




$$
