000
CDUS41 KOKX 010616
CLIBDR


CLIMATE REPORT
NATIONAL WEATHER SERVICE NEW YORK NY
216 AM EDT TUE JUL 1 2014


...................................

...THE BRIDGEPORT CT CLIMATE SUMMARY FOR JUNE 30 2014...

CLIMATE NORMAL PERIOD 1981 TO 2010
CLIMATE RECORD PERIOD 1948 TO 2014


WEATHER ITEM   OBSERVED TIME   RECORD YEAR NORMAL DEPARTURE LAST
                VALUE   (LST)  VALUE       VALUE  FROM      YEAR
                                                  NORMAL
..................................................................
TEMPERATURE (F)
 YESTERDAY
  MAXIMUM         83    212 PM  94    1959  81      2       78
  MINIMUM         67    108 AM  51    1988  64      3       70
  AVERAGE         75                        73      2       74

PRECIPITATION (IN)
  YESTERDAY        0.00          2.03 1972   0.10  -0.10      T
  MONTH TO DATE    4.01                      3.61   0.40     9.48
  SINCE JUN 1      4.01                      3.61   0.40     9.48
  SINCE JAN 1     25.67                     21.48   4.19    23.08

SNOWFALL (IN)
  YESTERDAY        0.0           0.0  2002   0.0    0.0      0.0
                                      2001
  MONTH TO DATE    0.0                       0.0    0.0      0.0
  SINCE OCT 1     57.4                      27.6   29.8     64.3
  SINCE JUL 1     57.4                      27.6   29.8     64.3
  SNOW DEPTH       0

DEGREE DAYS
 HEATING
  YESTERDAY        0                         0      0        0
  MONTH TO DATE    4                        30    -26       18
  SINCE JUN 1      4                        32    -28       18
  SINCE JUL 1   5618                      5392    226     5094

 COOLING
  YESTERDAY       10                         8      2        9
  MONTH TO DATE  146                       143      3      175
  SINCE JUN 1    146                       143      3      175
  SINCE JAN 1    169                       167      2      213
..................................................................


WIND (MPH)
  HIGHEST WIND SPEED    16   HIGHEST WIND DIRECTION     S (190)
  HIGHEST GUST SPEED    22   HIGHEST GUST DIRECTION     S (180)
  AVERAGE WIND SPEED     9.3


SKY COVER
  AVERAGE SKY COVER 0.0


WEATHER CONDITIONS
 THE FOLLOWING WEATHER WAS RECORDED YESTERDAY.
  NO SIGNIFICANT WEATHER WAS OBSERVED.


RELATIVE HUMIDITY (PERCENT)
 HIGHEST    90           200 AM
 LOWEST     51          1200 PM
 AVERAGE    71

..........................................................


THE BRIDGEPORT CT CLIMATE NORMALS FOR TODAY
                         NORMAL    RECORD    YEAR
 MAXIMUM TEMPERATURE (F)   81        95      1963
 MINIMUM TEMPERATURE (F)   65        49      1988


SUNRISE AND SUNSET
JULY  1 2014..........SUNRISE   524 AM EDT   SUNSET   829 PM EDT
JULY  2 2014..........SUNRISE   524 AM EDT   SUNSET   829 PM EDT


-  INDICATES NEGATIVE NUMBERS.
R  INDICATES RECORD WAS SET OR TIED.
MM INDICATES DATA IS MISSING.
T  INDICATES TRACE AMOUNT.




$$
