000
CDUS41 KOKX 110618
CLIBDR


CLIMATE REPORT
NATIONAL WEATHER SERVICE NEW YORK NY
217 AM EDT WED MAY 11 2016


...................................

...THE BRIDGEPORT CT CLIMATE SUMMARY FOR MAY 10 2016...

CLIMATE NORMAL PERIOD 1981 TO 2010
CLIMATE RECORD PERIOD 1948 TO 2016


WEATHER ITEM   OBSERVED TIME   RECORD YEAR NORMAL DEPARTURE LAST
                VALUE   (LST)  VALUE       VALUE  FROM      YEAR
                                                  NORMAL
..................................................................
TEMPERATURE (F)
 YESTERDAY
  MAXIMUM         66    145 PM  87    1987  66      0       78
  MINIMUM         44    506 AM  31    1966  49     -5       55
  AVERAGE         55                        57     -2       67

PRECIPITATION (IN)
  YESTERDAY        0.00          2.07 1990   0.11  -0.11     0.00
  MONTH TO DATE    1.65                      1.15   0.50     0.01
  SINCE MAR 1      6.53                      9.33  -2.80     6.82
  SINCE JAN 1     13.69                     15.22  -1.53    13.16

SNOWFALL (IN)
  YESTERDAY        0.0           0.0  2002   0.0    0.0      0.0
                                      2001
  MONTH TO DATE    0.0                       0.0    0.0      0.0
  SINCE OCT 1     27.3                      27.6   -0.3     59.7
  SINCE JUL 1     27.3                      27.6   -0.3     59.7
  SNOW DEPTH       0

DEGREE DAYS
 HEATING
  YESTERDAY       10                         8      2        0
  MONTH TO DATE  122                        94     28       53
  SINCE MAR 1   1206                      1362   -156     1467
  SINCE JUL 1   4341                      5249   -908     5573

 COOLING
  YESTERDAY        0                         0      0        2
  MONTH TO DATE    0                         0      0        5
  SINCE MAR 1      0                         2     -2        5
  SINCE JAN 1      0                         2     -2        5
..................................................................


WIND (MPH)
  HIGHEST WIND SPEED    16   HIGHEST WIND DIRECTION    SW (220)
  HIGHEST GUST SPEED    21   HIGHEST GUST DIRECTION    SW (230)
  AVERAGE WIND SPEED     7.7


SKY COVER
  AVERAGE SKY COVER 0.0


WEATHER CONDITIONS
 THE FOLLOWING WEATHER WAS RECORDED YESTERDAY.
  NO SIGNIFICANT WEATHER WAS OBSERVED.


RELATIVE HUMIDITY (PERCENT)
 HIGHEST    77          1000 PM
 LOWEST     30           100 PM
 AVERAGE    54

..........................................................


THE BRIDGEPORT CT CLIMATE NORMALS FOR TODAY
                         NORMAL    RECORD    YEAR
 MAXIMUM TEMPERATURE (F)   66        86      1953
 MINIMUM TEMPERATURE (F)   49        32      1966


SUNRISE AND SUNSET
MAY 11 2016...........SUNRISE   538 AM EDT   SUNSET   800 PM EDT
MAY 12 2016...........SUNRISE   537 AM EDT   SUNSET   801 PM EDT


-  INDICATES NEGATIVE NUMBERS.
R  INDICATES RECORD WAS SET OR TIED.
MM INDICATES DATA IS MISSING.
T  INDICATES TRACE AMOUNT.




$$
