000
CDUS41 KOKX 190630
CLIBDR


CLIMATE REPORT
NATIONAL WEATHER SERVICE NEW YORK NY
230 AM EDT THU MAR 19 2015


...................................

...THE BRIDGEPORT CT CLIMATE SUMMARY FOR MARCH 18 2015...

CLIMATE NORMAL PERIOD 1981 TO 2010
CLIMATE RECORD PERIOD 1948 TO 2015


WEATHER ITEM   OBSERVED TIME   RECORD YEAR NORMAL DEPARTURE LAST
                VALUE   (LST)  VALUE       VALUE  FROM      YEAR
                                                  NORMAL
..................................................................
TEMPERATURE (F)
 YESTERDAY
  MAXIMUM         38   1235 PM  76    2011  48    -10       37
  MINIMUM         26   1159 PM   9    1967  32     -6       24
  AVERAGE         32                        40     -8       31

PRECIPITATION (IN)
  YESTERDAY        T             2.75 1983   0.13  -0.13     0.00
  MONTH TO DATE    3.56                      2.27   1.29     0.34
  SINCE MAR 1      3.56                      2.27   1.29     0.34
  SINCE JAN 1      9.90                      8.16   1.74     7.32

SNOWFALL (IN)
  YESTERDAY        T             3.7  1949   0.1   -0.1      0.0
  MONTH TO DATE   11.4                       3.7    7.7      0.1
  SINCE OCT 1     52.5                      25.3   27.2     56.6
  SINCE JUL 1     52.5                      25.3   27.2     56.6
  SNOW DEPTH       0

DEGREE DAYS
 HEATING
  YESTERDAY       33                        25      8       34
  MONTH TO DATE  575                       498     77      590
  SINCE MAR 1    575                       498     77      590
  SINCE JUL 1   4681                      4385    296     4638

 COOLING
  YESTERDAY        0                         0      0        0
  MONTH TO DATE    0                         0      0        0
  SINCE MAR 1      0                         0      0        0
  SINCE JAN 1      0                         0      0        0
..................................................................


WIND (MPH)
  HIGHEST WIND SPEED    29   HIGHEST WIND DIRECTION    NW (310)
  HIGHEST GUST SPEED    40   HIGHEST GUST DIRECTION    NW (300)
  AVERAGE WIND SPEED    16.6


SKY COVER
  AVERAGE SKY COVER 0.5


WEATHER CONDITIONS
 THE FOLLOWING WEATHER WAS RECORDED YESTERDAY.
  LIGHT SNOW


RELATIVE HUMIDITY (PERCENT)
 HIGHEST    69           500 AM
 LOWEST     25           100 PM
 AVERAGE    47

..........................................................


THE BRIDGEPORT CT CLIMATE NORMALS FOR TODAY
                         NORMAL    RECORD    YEAR
 MAXIMUM TEMPERATURE (F)   48        68      2012
 MINIMUM TEMPERATURE (F)   32         4      1967


SUNRISE AND SUNSET
MARCH 19 2015.........SUNRISE   658 AM EDT   SUNSET   703 PM EDT
MARCH 20 2015.........SUNRISE   656 AM EDT   SUNSET   704 PM EDT


-  INDICATES NEGATIVE NUMBERS.
R  INDICATES RECORD WAS SET OR TIED.
MM INDICATES DATA IS MISSING.
T  INDICATES TRACE AMOUNT.




$$
