000
CDUS41 KOKX 180622
CLIBDR


CLIMATE REPORT
NATIONAL WEATHER SERVICE NEW YORK NY
122 AM EST SUN JAN 18 2015


...................................

...THE BRIDGEPORT CT CLIMATE SUMMARY FOR JANUARY 17 2015...

CLIMATE NORMAL PERIOD 1981 TO 2010
CLIMATE RECORD PERIOD 1948 TO 2015


WEATHER ITEM   OBSERVED TIME   RECORD YEAR NORMAL DEPARTURE LAST
                VALUE   (LST)  VALUE       VALUE  FROM      YEAR
                                                  NORMAL
..................................................................
TEMPERATURE (F)
 YESTERDAY
  MAXIMUM         31   1149 PM  55    1949  37     -6       43
  MINIMUM         12    718 AM  -3    1982  23    -11       25
  AVERAGE         22                        30     -8       34

PRECIPITATION (IN)
  YESTERDAY        0.00          0.77 1994   0.11  -0.11     0.00
  MONTH TO DATE    1.60                      1.78  -0.18     2.36
  SINCE DEC 1      7.25                      5.11   2.14     6.69
  SINCE JAN 1      1.60                      1.78  -0.18     2.36

SNOWFALL (IN)
  YESTERDAY        0.0           5.2  1985   0.3   -0.3      0.0
  MONTH TO DATE    4.2                       4.4   -0.2      5.2
  SINCE OCT 1      5.1                      10.2   -5.1     16.2
  SINCE JUL 1      5.1                      10.2   -5.1     16.2
  SNOW DEPTH       0

DEGREE DAYS
 HEATING
  YESTERDAY       43                        35      8       31
  MONTH TO DATE  629                       591     38      597
  SINCE DEC 1   1427                      1510    -83     1518
  SINCE JUL 1   2333                      2484   -151     2471

 COOLING
  YESTERDAY        0                         0      0        0
  MONTH TO DATE    0                         0      0        0
  SINCE DEC 1      0                         0      0        0
  SINCE JAN 1      0                         0      0        0
..................................................................


WIND (MPH)
  HIGHEST WIND SPEED    16   HIGHEST WIND DIRECTION    NW (320)
  HIGHEST GUST SPEED    21   HIGHEST GUST DIRECTION    NW (320)
  AVERAGE WIND SPEED     8.4


SKY COVER
  AVERAGE SKY COVER 0.0


WEATHER CONDITIONS
 THE FOLLOWING WEATHER WAS RECORDED YESTERDAY.
  NO SIGNIFICANT WEATHER WAS OBSERVED.


RELATIVE HUMIDITY (PERCENT)
 HIGHEST    78          1100 PM
 LOWEST     29           100 PM
 AVERAGE    54

..........................................................


THE BRIDGEPORT CT CLIMATE NORMALS FOR TODAY
                         NORMAL    RECORD    YEAR
 MAXIMUM TEMPERATURE (F)   37        60      2006
 MINIMUM TEMPERATURE (F)   23        -5      1982


SUNRISE AND SUNSET
JANUARY 18 2015.......SUNRISE   714 AM EST   SUNSET   452 PM EST
JANUARY 19 2015.......SUNRISE   714 AM EST   SUNSET   453 PM EST


-  INDICATES NEGATIVE NUMBERS.
R  INDICATES RECORD WAS SET OR TIED.
MM INDICATES DATA IS MISSING.
T  INDICATES TRACE AMOUNT.




$$
