000
CDUS41 KOKX 240633
CLIBDR


CLIMATE REPORT
NATIONAL WEATHER SERVICE NEW YORK NY
233 AM EDT WED JUN 24 2015


...................................

...THE BRIDGEPORT CT CLIMATE SUMMARY FOR JUNE 23 2015...

CLIMATE NORMAL PERIOD 1981 TO 2010
CLIMATE RECORD PERIOD 1948 TO 2015


WEATHER ITEM   OBSERVED TIME   RECORD YEAR NORMAL DEPARTURE LAST
                VALUE   (LST)  VALUE       VALUE  FROM      YEAR
                                                  NORMAL
..................................................................
TEMPERATURE (F)
 YESTERDAY
  MAXIMUM         87   1138 AM  91    2010  79      8       77
  MINIMUM         68    434 AM  49    1992  63      5       60
  AVERAGE         78                        71      7       69

PRECIPITATION (IN)
  YESTERDAY        0.26          2.41 2011   0.10   0.16     0.00
  MONTH TO DATE    3.47                      2.94   0.53     3.98
  SINCE JUN 1      3.47                      2.94   0.53     3.98
  SINCE JAN 1     17.77                     20.81  -3.04    25.64

SNOWFALL (IN)
  YESTERDAY        0.0           0.0  2002   0.0    0.0      0.0
                                      2001
  MONTH TO DATE    0.0                       0.0    0.0      0.0
  SINCE OCT 1     59.7                      27.6   32.1     57.4
  SINCE JUL 1     59.7                      27.6   32.1     57.4
  SNOW DEPTH       0

DEGREE DAYS
 HEATING
  YESTERDAY        0                         0      0        0
  MONTH TO DATE   52                        30     22        4
  SINCE JUN 1     52                        30     22        4
  SINCE JUL 1   5673                      5390    283     5618

 COOLING
  YESTERDAY       13                         6      7        4
  MONTH TO DATE  126                        93     33       82
  SINCE JUN 1    126                        93     33       82
  SINCE JAN 1    180                       117     63      105
..................................................................


WIND (MPH)
  HIGHEST WIND SPEED    29   HIGHEST WIND DIRECTION    SW (230)
  HIGHEST GUST SPEED    36   HIGHEST GUST DIRECTION     S (200)
  AVERAGE WIND SPEED     7.2


SKY COVER
  AVERAGE SKY COVER 0.2


WEATHER CONDITIONS
 THE FOLLOWING WEATHER WAS RECORDED YESTERDAY.
  HEAVY RAIN
  RAIN
  LIGHT RAIN
  HAZE


RELATIVE HUMIDITY (PERCENT)
 HIGHEST    90           200 AM
 LOWEST     65          1200 PM
 AVERAGE    78

..........................................................


THE BRIDGEPORT CT CLIMATE NORMALS FOR TODAY
                         NORMAL    RECORD    YEAR
 MAXIMUM TEMPERATURE (F)   80        94      1966
 MINIMUM TEMPERATURE (F)   63        55      2007
                                             1988
                                             1987


SUNRISE AND SUNSET
JUNE 24 2015..........SUNRISE   521 AM EDT   SUNSET   829 PM EDT
JUNE 25 2015..........SUNRISE   521 AM EDT   SUNSET   829 PM EDT


-  INDICATES NEGATIVE NUMBERS.
R  INDICATES RECORD WAS SET OR TIED.
MM INDICATES DATA IS MISSING.
T  INDICATES TRACE AMOUNT.




$$
