000
CDUS41 KOKX 300620
CLIBDR


CLIMATE REPORT
NATIONAL WEATHER SERVICE NEW YORK NY
219 AM EDT SUN MAR 30 2014


...................................

...THE BRIDGEPORT CT CLIMATE SUMMARY FOR MARCH 29 2014...

CLIMATE NORMAL PERIOD 1981 TO 2010
CLIMATE RECORD PERIOD 1948 TO 2014


WEATHER ITEM   OBSERVED TIME   RECORD YEAR NORMAL DEPARTURE LAST
                VALUE   (LST)  VALUE       VALUE  FROM      YEAR
                                                  NORMAL
..................................................................
TEMPERATURE (F)
 YESTERDAY
  MAXIMUM         51    248 AM  80    1998  52     -1       55
  MINIMUM         40    554 AM  19    1966  35      5       38
  AVERAGE         46                        43      3       47

PRECIPITATION (IN)
  YESTERDAY        2.15R         2.09 2010   0.14   2.01      T
  MONTH TO DATE    3.49                      3.78  -0.29     2.39
  SINCE MAR 1      3.49                      3.78  -0.29     2.39
  SINCE JAN 1     10.47                      9.67   0.80     9.41

SNOWFALL (IN)
  YESTERDAY        0.0           7.6  1974   0.1   -0.1      0.0
  MONTH TO DATE    0.1                       5.0   -4.9     13.0
  SINCE OCT 1     56.3                      26.6   29.7     64.3
  SINCE JUL 1     56.3                      26.6   29.7     64.3
  SNOW DEPTH       0

DEGREE DAYS
 HEATING
  YESTERDAY       19                        22     -3       18
  MONTH TO DATE  891                       755    136      754
  SINCE MAR 1    891                       755    136      754
  SINCE JUL 1   4939                      4642    297     4377

 COOLING
  YESTERDAY        0                         0      0        0
  MONTH TO DATE    0                         0      0        0
  SINCE MAR 1      0                         0      0        0
  SINCE JAN 1      0                         0      0        0
..................................................................


WIND (MPH)
  HIGHEST WIND SPEED    23   HIGHEST WIND DIRECTION    NE (40)
  HIGHEST GUST SPEED    29   HIGHEST GUST DIRECTION    NE (40)
  AVERAGE WIND SPEED     9.4


SKY COVER
  AVERAGE SKY COVER 0.7


WEATHER CONDITIONS
 THE FOLLOWING WEATHER WAS RECORDED YESTERDAY.
  HEAVY RAIN
  RAIN
  LIGHT RAIN
  FOG


RELATIVE HUMIDITY (PERCENT)
 HIGHEST   100           200 AM
 LOWEST     71          1000 AM
 AVERAGE    86

..........................................................


THE BRIDGEPORT CT CLIMATE NORMALS FOR TODAY
                         NORMAL    RECORD    YEAR
 MAXIMUM TEMPERATURE (F)   52        68      2002
 MINIMUM TEMPERATURE (F)   36        16      1970


SUNRISE AND SUNSET
MARCH 30 2014.........SUNRISE   639 AM EDT   SUNSET   715 PM EDT
MARCH 31 2014.........SUNRISE   638 AM EDT   SUNSET   716 PM EDT


-  INDICATES NEGATIVE NUMBERS.
R  INDICATES RECORD WAS SET OR TIED.
MM INDICATES DATA IS MISSING.
T  INDICATES TRACE AMOUNT.




$$
