000
CDUS41 KOKX 160615
CLIBDR


CLIMATE REPORT
NATIONAL WEATHER SERVICE NEW YORK NY
215 AM EDT FRI JUN 16 2017


...................................

...THE BRIDGEPORT CT CLIMATE SUMMARY FOR JUNE 15 2017...

CLIMATE NORMAL PERIOD 1981 TO 2010
CLIMATE RECORD PERIOD 1948 TO 2017


WEATHER ITEM   OBSERVED TIME   RECORD YEAR NORMAL DEPARTURE LAST
                VALUE   (LST)  VALUE       VALUE  FROM      YEAR
                                                  NORMAL
..................................................................
TEMPERATURE (F)
 YESTERDAY
  MAXIMUM         75    237 PM  94    1987  77     -2       83
  MINIMUM         63   1159 PM  45    1978  60      3       60
  AVERAGE         69                        69      0       72

PRECIPITATION (IN)
  YESTERDAY        0.00          1.55 1963   0.12  -0.12     0.00
  MONTH TO DATE    0.38                      2.08  -1.70     1.09
  SINCE JUN 1      0.38                      2.08  -1.70     1.09
  SINCE JAN 1     20.22                     19.95   0.27    16.63

SNOWFALL (IN)
  YESTERDAY        0.0           0.0  2002   0.0    0.0      0.0
                                      2001
  MONTH TO DATE    0.0                       0.0    0.0      0.0
  SINCE OCT 1     40.9                      27.6   13.3     27.3
  SINCE JUL 1     40.9                      27.6   13.3     27.3
  SNOW DEPTH       0

DEGREE DAYS
 HEATING
  YESTERDAY        0                         1     -1        0
  MONTH TO DATE   25                        26     -1        4
  SINCE JUN 1     25                        26     -1        4
  SINCE JUL 1   4565                      5386   -821     4421

 COOLING
  YESTERDAY        4                         5     -1        7
  MONTH TO DATE   75                        49     26       57
  SINCE JUN 1     75                        49     26       57
  SINCE JAN 1    119                        73     46      115
..................................................................


WIND (MPH)
  HIGHEST WIND SPEED    14   HIGHEST WIND DIRECTION     S (160)
  HIGHEST GUST SPEED    18   HIGHEST GUST DIRECTION     S (160)
  AVERAGE WIND SPEED     8.2


SKY COVER
  AVERAGE SKY COVER 0.4


WEATHER CONDITIONS
 THE FOLLOWING WEATHER WAS RECORDED YESTERDAY.
  NO SIGNIFICANT WEATHER WAS OBSERVED.


RELATIVE HUMIDITY (PERCENT)
 HIGHEST    84          1100 PM
 LOWEST     38           200 PM
 AVERAGE    61

..........................................................


THE BRIDGEPORT CT CLIMATE NORMALS FOR TODAY
                         NORMAL    RECORD    YEAR
 MAXIMUM TEMPERATURE (F)   77        95      1957
 MINIMUM TEMPERATURE (F)   61        50      1961


SUNRISE AND SUNSET
JUNE 16 2017..........SUNRISE   519 AM EDT   SUNSET   827 PM EDT
JUNE 17 2017..........SUNRISE   519 AM EDT   SUNSET   828 PM EDT


-  INDICATES NEGATIVE NUMBERS.
R  INDICATES RECORD WAS SET OR TIED.
MM INDICATES DATA IS MISSING.
T  INDICATES TRACE AMOUNT.




$$
