000
CDUS41 KOKX 200618
CLIBDR


CLIMATE REPORT
NATIONAL WEATHER SERVICE NEW YORK NY
118 AM EST TUE JAN 20 2015


...................................

...THE BRIDGEPORT CT CLIMATE SUMMARY FOR JANUARY 19 2015...

CLIMATE NORMAL PERIOD 1981 TO 2010
CLIMATE RECORD PERIOD 1948 TO 2015


WEATHER ITEM   OBSERVED TIME   RECORD YEAR NORMAL DEPARTURE LAST
                VALUE   (LST)  VALUE       VALUE  FROM      YEAR
                                                  NORMAL
..................................................................
TEMPERATURE (F)
 YESTERDAY
  MAXIMUM         44    126 PM  56    1951  37      7       36
  MINIMUM         34    427 AM  -2    1994  23     11       27
  AVERAGE         39                        30      9       32

PRECIPITATION (IN)
  YESTERDAY        0.00          0.76 1996   0.10  -0.10      T
  MONTH TO DATE    2.88                      1.97   0.91     2.42
  SINCE DEC 1      8.53                      5.30   3.23     6.75
  SINCE JAN 1      2.88                      1.97   0.91     2.42

SNOWFALL (IN)
  YESTERDAY        0.0           4.5  2002   0.3   -0.3       T
  MONTH TO DATE    4.2                       4.9   -0.7      5.2
  SINCE OCT 1      5.1                      10.7   -5.6     16.2
  SINCE JUL 1      5.1                      10.7   -5.6     16.2
  SNOW DEPTH       0

DEGREE DAYS
 HEATING
  YESTERDAY       26                        35     -9       33
  MONTH TO DATE  685                       661     24      658
  SINCE DEC 1   1483                      1580    -97     1579
  SINCE JUL 1   2389                      2554   -165     2532

 COOLING
  YESTERDAY        0                         0      0        0
  MONTH TO DATE    0                         0      0        0
  SINCE DEC 1      0                         0      0        0
  SINCE JAN 1      0                         0      0        0
..................................................................


WIND (MPH)
  HIGHEST WIND SPEED    23   HIGHEST WIND DIRECTION     W (290)
  HIGHEST GUST SPEED    34   HIGHEST GUST DIRECTION     W (290)
  AVERAGE WIND SPEED    10.7


SKY COVER
  AVERAGE SKY COVER 0.7


WEATHER CONDITIONS
 THE FOLLOWING WEATHER WAS RECORDED YESTERDAY.
  FOG


RELATIVE HUMIDITY (PERCENT)
 HIGHEST   100          1200 AM
 LOWEST     48          1000 PM
 AVERAGE    74

..........................................................


THE BRIDGEPORT CT CLIMATE NORMALS FOR TODAY
                         NORMAL    RECORD    YEAR
 MAXIMUM TEMPERATURE (F)   37        54      1991
 MINIMUM TEMPERATURE (F)   23         1      1994


SUNRISE AND SUNSET
JANUARY 20 2015.......SUNRISE   713 AM EST   SUNSET   454 PM EST
JANUARY 21 2015.......SUNRISE   713 AM EST   SUNSET   455 PM EST


-  INDICATES NEGATIVE NUMBERS.
R  INDICATES RECORD WAS SET OR TIED.
MM INDICATES DATA IS MISSING.
T  INDICATES TRACE AMOUNT.




$$
