000
CDUS41 KOKX 180627
CLIBDR


CLIMATE REPORT
NATIONAL WEATHER SERVICE NEW YORK NY
226 AM EDT MON APR 18 2016


...................................

...THE BRIDGEPORT CT CLIMATE SUMMARY FOR APRIL 17 2016...

CLIMATE NORMAL PERIOD 1981 TO 2010
CLIMATE RECORD PERIOD 1948 TO 2016


WEATHER ITEM   OBSERVED TIME   RECORD YEAR NORMAL DEPARTURE LAST
                VALUE   (LST)  VALUE       VALUE  FROM      YEAR
                                                  NORMAL
..................................................................
TEMPERATURE (F)
 YESTERDAY
  MAXIMUM         67    528 PM  89    2002  58      9       66
  MINIMUM         40    550 AM  30    1962  42     -2       46
  AVERAGE         54                        50      4       56

PRECIPITATION (IN)
  YESTERDAY        0.00          1.21 1954   0.13  -0.13     0.21
  MONTH TO DATE    2.00                      2.42  -0.42     0.61
  SINCE MAR 1      4.17                      6.47  -2.30     5.33
  SINCE JAN 1     11.33                     12.36  -1.03    11.67

SNOWFALL (IN)
  YESTERDAY        0.0           T    2010   0.1   -0.1     MM
  MONTH TO DATE    0.1                       0.8   -0.7      0.0
  SINCE OCT 1     27.3                      27.5   -0.2     59.7
  SINCE JUL 1     27.3                      27.5   -0.2     59.7
  SNOW DEPTH       0

DEGREE DAYS
 HEATING
  YESTERDAY       11                        15     -4        9
  MONTH TO DATE  330                       304     26      296
  SINCE MAR 1    953                      1101   -148     1256
  SINCE JUL 1   4088                      4988   -900     5362

 COOLING
  YESTERDAY        0                         0      0        0
  MONTH TO DATE    0                         0      0        0
  SINCE MAR 1      0                         0      0        0
  SINCE JAN 1      0                         0      0        0
..................................................................


WIND (MPH)
  HIGHEST WIND SPEED    13   HIGHEST WIND DIRECTION     E (110)
  HIGHEST GUST SPEED    15   HIGHEST GUST DIRECTION    SE (120)
  AVERAGE WIND SPEED     5.6


SKY COVER
  AVERAGE SKY COVER 0.0


WEATHER CONDITIONS
 THE FOLLOWING WEATHER WAS RECORDED YESTERDAY.
  NO SIGNIFICANT WEATHER WAS OBSERVED.


RELATIVE HUMIDITY (PERCENT)
 HIGHEST    76          1200 AM
 LOWEST     22           400 PM
 AVERAGE    49

..........................................................


THE BRIDGEPORT CT CLIMATE NORMALS FOR TODAY
                         NORMAL    RECORD    YEAR
 MAXIMUM TEMPERATURE (F)   59        85      2002
 MINIMUM TEMPERATURE (F)   42        32      1962


SUNRISE AND SUNSET
APRIL 18 2016.........SUNRISE   608 AM EDT   SUNSET   736 PM EDT
APRIL 19 2016.........SUNRISE   606 AM EDT   SUNSET   737 PM EDT


-  INDICATES NEGATIVE NUMBERS.
R  INDICATES RECORD WAS SET OR TIED.
MM INDICATES DATA IS MISSING.
T  INDICATES TRACE AMOUNT.




$$
