000
CDUS41 KOKX 032033
CLIBDR


CLIMATE REPORT
NATIONAL WEATHER SERVICE NEW YORK NY
433 PM EDT WED AUG 3 2016


...................................

...THE BRIDGEPORT CT CLIMATE SUMMARY FOR AUGUST 3 2016...
VALID TODAY AS OF 0400 PM LOCAL TIME.

CLIMATE NORMAL PERIOD 1981 TO 2010
CLIMATE RECORD PERIOD 1948 TO 2016


WEATHER ITEM   OBSERVED TIME   RECORD YEAR NORMAL DEPARTURE LAST
                VALUE   (LST)  VALUE       VALUE  FROM      YEAR
                                                  NORMAL
..................................................................
TEMPERATURE (F)
 TODAY
  MAXIMUM         78    259 PM  97    2006  82     -4       89
  MINIMUM         64    542 AM  54    1956  67     -3       71
  AVERAGE         71                        75     -4       80

PRECIPITATION (IN)
  TODAY            0.00          0.95 1954   0.14  -0.14     0.00
  MONTH TO DATE    0.17                      0.41  -0.24     0.00
  SINCE JUN 1      6.23                      7.48  -1.25     7.40
  SINCE JAN 1     21.77                     25.35  -3.58    21.70

SNOWFALL (IN)
  TODAY            0.0           0.0  2002   0.0    0.0      0.0
                                      2001
  MONTH TO DATE    0.0                       0.0    0.0      0.0
  SINCE OCT 1     27.3                      27.6   -0.3     59.7
  SINCE JUL 1      0.0                       0.0    0.0      0.0
  SNOW DEPTH       0

DEGREE DAYS
 HEATING
  TODAY            0                         0      0        0
  MONTH TO DATE    0                         0      0        0
  SINCE JUN 1      4                        33    -29       52
  SINCE JUL 1      0                         1     -1        0

 COOLING
  TODAY            6                        10     -4       15
  MONTH TO DATE   23                        30     -7       41
  SINCE JUN 1    592                       462    130      555
  SINCE JAN 1    650                       486    164      609
..................................................................


WIND (MPH)
  HIGHEST WIND SPEED    10   HIGHEST WIND DIRECTION     E (90)
  HIGHEST GUST SPEED    14   HIGHEST GUST DIRECTION     E (90)
  AVERAGE WIND SPEED     7.0


SKY COVER
  AVERAGE SKY COVER 0.0


WEATHER CONDITIONS
 THE FOLLOWING WEATHER WAS RECORDED TODAY.
  NO SIGNIFICANT WEATHER WAS OBSERVED.


RELATIVE HUMIDITY (PERCENT)
 HIGHEST    87           200 AM
 LOWEST     50           100 PM
 AVERAGE    69

..........................................................


THE BRIDGEPORT CT CLIMATE NORMALS FOR TOMORROW
                         NORMAL    RECORD    YEAR
 MAXIMUM TEMPERATURE (F)   82        93      1995
 MINIMUM TEMPERATURE (F)   67        52      1964


SUNRISE AND SUNSET
AUGUST  3 2016........SUNRISE   550 AM EDT   SUNSET   806 PM EDT
AUGUST  4 2016........SUNRISE   551 AM EDT   SUNSET   805 PM EDT


-  INDICATES NEGATIVE NUMBERS.
R  INDICATES RECORD WAS SET OR TIED.
MM INDICATES DATA IS MISSING.
T  INDICATES TRACE AMOUNT.




$$
