000
CDUS41 KOKX 160619
CLIBDR


CLIMATE REPORT
NATIONAL WEATHER SERVICE NEW YORK NY
119 AM EST SUN NOV 16 2014


...................................

...THE BRIDGEPORT CT CLIMATE SUMMARY FOR NOVEMBER 15 2014...

CLIMATE NORMAL PERIOD 1981 TO 2010
CLIMATE RECORD PERIOD 1948 TO 2014


WEATHER ITEM   OBSERVED TIME   RECORD YEAR NORMAL DEPARTURE LAST
                VALUE   (LST)  VALUE       VALUE  FROM      YEAR
                                                  NORMAL
..................................................................
TEMPERATURE (F)
 YESTERDAY
  MAXIMUM         43    236 PM  78    1993  53    -10       55
  MINIMUM         27    457 AM  21    1967  38    -11       35
  AVERAGE         35                        46    -11       45

PRECIPITATION (IN)
  YESTERDAY        0.00          0.70 1983   0.12  -0.12     0.00
                                      1970
  MONTH TO DATE    1.11                      1.60  -0.49     0.26
  SINCE SEP 1      6.19                      8.72  -2.53     3.30
  SINCE JAN 1     37.43                     37.62  -0.19    30.08

SNOWFALL (IN)
  YESTERDAY        0.0           0.1  1972   0.0    0.0      0.0
  MONTH TO DATE    T                         0.1   -0.1      0.1
  SINCE OCT 1      T                         0.1   -0.1      0.1
  SINCE JUL 1      T                         0.1   -0.1      0.1
  SNOW DEPTH       0

DEGREE DAYS
 HEATING
  YESTERDAY       30                        19     11       20
  MONTH TO DATE  272                       257     15      273
  SINCE SEP 1    541                       643   -102      592
  SINCE JUL 1    541                       647   -106      592

 COOLING
  YESTERDAY        0                         0      0        0
  MONTH TO DATE    0                         0      0        0
  SINCE SEP 1    150                       107     43      118
  SINCE JAN 1    884                       825     59     1003
..................................................................


WIND (MPH)
  HIGHEST WIND SPEED    16   HIGHEST WIND DIRECTION    NW (310)
  HIGHEST GUST SPEED    21   HIGHEST GUST DIRECTION    NW (310)
  AVERAGE WIND SPEED     5.1


SKY COVER
  AVERAGE SKY COVER 0.1


WEATHER CONDITIONS
 THE FOLLOWING WEATHER WAS RECORDED YESTERDAY.
  NO SIGNIFICANT WEATHER WAS OBSERVED.


RELATIVE HUMIDITY (PERCENT)
 HIGHEST    75           400 AM
 LOWEST     30           300 PM
 AVERAGE    53

..........................................................


THE BRIDGEPORT CT CLIMATE NORMALS FOR TODAY
                         NORMAL    RECORD    YEAR
 MAXIMUM TEMPERATURE (F)   53        71      2001
 MINIMUM TEMPERATURE (F)   38        21      1996


SUNRISE AND SUNSET
NOVEMBER 16 2014......SUNRISE   642 AM EST   SUNSET   433 PM EST
NOVEMBER 17 2014......SUNRISE   643 AM EST   SUNSET   432 PM EST


-  INDICATES NEGATIVE NUMBERS.
R  INDICATES RECORD WAS SET OR TIED.
MM INDICATES DATA IS MISSING.
T  INDICATES TRACE AMOUNT.




$$
