000
CDUS41 KOKX 022041
CLIBDR


CLIMATE REPORT
NATIONAL WEATHER SERVICE NEW YORK NY
441 PM EDT FRI JUN 2 2017


...................................

...THE BRIDGEPORT CT CLIMATE SUMMARY FOR JUNE 2 2017...
VALID TODAY AS OF 0400 PM LOCAL TIME.

CLIMATE NORMAL PERIOD 1981 TO 2010
CLIMATE RECORD PERIOD 1948 TO 2017


WEATHER ITEM   OBSERVED TIME   RECORD YEAR NORMAL DEPARTURE LAST
                VALUE   (LST)  VALUE       VALUE  FROM      YEAR
                                                  NORMAL
..................................................................
TEMPERATURE (F)
 TODAY
  MAXIMUM         75   1152 AM  88    1989  73      2       68
  MINIMUM         54    502 AM  43    1966  56     -2       62
  AVERAGE         65                        64      1       65

PRECIPITATION (IN)
  TODAY            0.03          1.44 1982   0.14  -0.11     0.00
  MONTH TO DATE    0.15                      0.29  -0.14     0.00
  SINCE JUN 1      0.15                      0.29  -0.14     0.00
  SINCE JAN 1     19.99                     18.16   1.83    15.54

SNOWFALL (IN)
  TODAY            0.0           0.0  2002   0.0    0.0      0.0
                                      2001
  MONTH TO DATE    0.0                       0.0    0.0      0.0
  SINCE OCT 1     40.9                      27.6   13.3     27.3
  SINCE JUL 1     40.9                      27.6   13.3     27.3
  SNOW DEPTH       0

DEGREE DAYS
 HEATING
  TODAY            0                         3     -3        0
  MONTH TO DATE    0                         6     -6        0
  SINCE JUN 1      0                         6     -6        0
  SINCE JUL 1   4540                      5366   -826     4417

 COOLING
  TODAY            0                         2     -2        0
  MONTH TO DATE    5                         4      1        6
  SINCE JUN 1      5                         4      1        6
  SINCE JAN 1     49                        28     21       64
..................................................................


WIND (MPH)
  HIGHEST WIND SPEED    24   HIGHEST WIND DIRECTION     S (190)
  HIGHEST GUST SPEED    32   HIGHEST GUST DIRECTION     S (190)
  AVERAGE WIND SPEED     7.3


SKY COVER
  AVERAGE SKY COVER 0.2


WEATHER CONDITIONS
 THE FOLLOWING WEATHER WAS RECORDED TODAY.
  LIGHT RAIN


RELATIVE HUMIDITY (PERCENT)
 HIGHEST    66           500 AM
 LOWEST     36          1200 PM
 AVERAGE    51

..........................................................


THE BRIDGEPORT CT CLIMATE NORMALS FOR TOMORROW
                         NORMAL    RECORD    YEAR
 MAXIMUM TEMPERATURE (F)   73        85      1999
 MINIMUM TEMPERATURE (F)   57        44      1986


SUNRISE AND SUNSET
JUNE  2 2017..........SUNRISE   522 AM EDT   SUNSET   820 PM EDT
JUNE  3 2017..........SUNRISE   521 AM EDT   SUNSET   821 PM EDT


-  INDICATES NEGATIVE NUMBERS.
R  INDICATES RECORD WAS SET OR TIED.
MM INDICATES DATA IS MISSING.
T  INDICATES TRACE AMOUNT.




$$
