000
CDUS41 KOKX 040620
CLIBDR


CLIMATE REPORT
NATIONAL WEATHER SERVICE NEW YORK NY
219 AM EDT WED MAY 4 2016


...................................

...THE BRIDGEPORT CT CLIMATE SUMMARY FOR MAY 3 2016...

CLIMATE NORMAL PERIOD 1981 TO 2010
CLIMATE RECORD PERIOD 1948 TO 2016


WEATHER ITEM   OBSERVED TIME   RECORD YEAR NORMAL DEPARTURE LAST
                VALUE   (LST)  VALUE       VALUE  FROM      YEAR
                                                  NORMAL
..................................................................
TEMPERATURE (F)
 YESTERDAY
  MAXIMUM         53    240 AM  86    2001  64    -11       73
  MINIMUM         50   1159 PM  34    1966  47      3       46
  AVERAGE         52                        55     -3       60

PRECIPITATION (IN)
  YESTERDAY        0.64          1.26 1949   0.12   0.52     0.00
  MONTH TO DATE    0.77                      0.34   0.43     0.00
  SINCE MAR 1      5.65                      8.52  -2.87     6.81
  SINCE JAN 1     12.81                     14.41  -1.60    13.15

SNOWFALL (IN)
  YESTERDAY        0.0           0.0  2002   0.0    0.0      0.0
                                      2001
  MONTH TO DATE    0.0                       0.0    0.0      0.0
  SINCE OCT 1     27.3                      27.6   -0.3     59.7
  SINCE JUL 1     27.3                      27.6   -0.3     59.7
  SNOW DEPTH       0

DEGREE DAYS
 HEATING
  YESTERDAY       13                        10      3        5
  MONTH TO DATE   45                        31     14       31
  SINCE MAR 1   1129                      1299   -170     1445
  SINCE JUL 1   4264                      5186   -922     5551

 COOLING
  YESTERDAY        0                         0      0        0
  MONTH TO DATE    0                         0      0        0
  SINCE MAR 1      0                         2     -2        0
  SINCE JAN 1      0                         2     -2        0
..................................................................


WIND (MPH)
  HIGHEST WIND SPEED    15   HIGHEST WIND DIRECTION     E (70)
  HIGHEST GUST SPEED    18   HIGHEST GUST DIRECTION     E (70)
  AVERAGE WIND SPEED     7.4


SKY COVER
  AVERAGE SKY COVER 0.9


WEATHER CONDITIONS
 THE FOLLOWING WEATHER WAS RECORDED YESTERDAY.
  RAIN
  LIGHT RAIN
  FOG


RELATIVE HUMIDITY (PERCENT)
 HIGHEST   100           300 AM
 LOWEST     89           800 AM
 AVERAGE    95

..........................................................


THE BRIDGEPORT CT CLIMATE NORMALS FOR TODAY
                         NORMAL    RECORD    YEAR
 MAXIMUM TEMPERATURE (F)   64        87      1965
 MINIMUM TEMPERATURE (F)   47        36      1986
                                             1985
                                             1967


SUNRISE AND SUNSET
MAY  4 2016...........SUNRISE   546 AM EDT   SUNSET   753 PM EDT
MAY  5 2016...........SUNRISE   545 AM EDT   SUNSET   754 PM EDT


-  INDICATES NEGATIVE NUMBERS.
R  INDICATES RECORD WAS SET OR TIED.
MM INDICATES DATA IS MISSING.
T  INDICATES TRACE AMOUNT.




$$
