000
CDUS41 KOKX 080623
CLIBDR


CLIMATE REPORT
NATIONAL WEATHER SERVICE NEW YORK NY
223 AM EDT FRI APR 8 2016


...................................

...THE BRIDGEPORT CT CLIMATE SUMMARY FOR APRIL 7 2016...

CLIMATE NORMAL PERIOD 1981 TO 2010
CLIMATE RECORD PERIOD 1948 TO 2016


WEATHER ITEM   OBSERVED TIME   RECORD YEAR NORMAL DEPARTURE LAST
                VALUE   (LST)  VALUE       VALUE  FROM      YEAR
                                                  NORMAL
..................................................................
TEMPERATURE (F)
 YESTERDAY
  MAXIMUM         57    245 PM  81    2010  55      2       50
  MINIMUM         46    931 PM  18    1982  38      8       41
  AVERAGE         52                        46      6       46

PRECIPITATION (IN)
  YESTERDAY        0.25          1.78 1953   0.14   0.11     0.13
  MONTH TO DATE    1.71                      0.98   0.73     0.26
  SINCE MAR 1      3.88                      5.03  -1.15     4.98
  SINCE JAN 1     11.04                     10.92   0.12    11.32

SNOWFALL (IN)
  YESTERDAY        0.0           2.0  2003   0.1   -0.1      0.0
  MONTH TO DATE    0.1                       0.4   -0.3      0.0
  SINCE OCT 1     27.3                      27.1    0.2     59.7
  SINCE JUL 1     27.3                      27.1    0.2     59.7
  SNOW DEPTH       0

DEGREE DAYS
 HEATING
  YESTERDAY       13                        19     -6       19
  MONTH TO DATE  152                       138     14      144
  SINCE MAR 1    775                       935   -160     1104
  SINCE JUL 1   3910                      4822   -912     5210

 COOLING
  YESTERDAY        0                         0      0        0
  MONTH TO DATE    0                         0      0        0
  SINCE MAR 1      0                         0      0        0
  SINCE JAN 1      0                         0      0        0
..................................................................


WIND (MPH)
  HIGHEST WIND SPEED    29   HIGHEST WIND DIRECTION     S (190)
  HIGHEST GUST SPEED    39   HIGHEST GUST DIRECTION     S (180)
  AVERAGE WIND SPEED    15.4


SKY COVER
  AVERAGE SKY COVER 0.8


WEATHER CONDITIONS
 THE FOLLOWING WEATHER WAS RECORDED YESTERDAY.
  HEAVY RAIN
  LIGHT RAIN
  FOG
  HAZE


RELATIVE HUMIDITY (PERCENT)
 HIGHEST    93          1100 AM
 LOWEST     77           400 AM
 AVERAGE    85

..........................................................


THE BRIDGEPORT CT CLIMATE NORMALS FOR TODAY
                         NORMAL    RECORD    YEAR
 MAXIMUM TEMPERATURE (F)   55        84      1991
 MINIMUM TEMPERATURE (F)   39        23      1982


SUNRISE AND SUNSET
APRIL  8 2016.........SUNRISE   624 AM EDT   SUNSET   726 PM EDT
APRIL  9 2016.........SUNRISE   622 AM EDT   SUNSET   727 PM EDT


-  INDICATES NEGATIVE NUMBERS.
R  INDICATES RECORD WAS SET OR TIED.
MM INDICATES DATA IS MISSING.
T  INDICATES TRACE AMOUNT.




$$
