000
CDUS41 KOKX 282032
CLIBDR


CLIMATE REPORT
NATIONAL WEATHER SERVICE NEW YORK NY
431 PM EDT THU SEP 28 2017


...................................

...THE BRIDGEPORT CT CLIMATE SUMMARY FOR SEPTEMBER 28 2017...
VALID TODAY AS OF 0400 PM LOCAL TIME.

CLIMATE NORMAL PERIOD 1981 TO 2010
CLIMATE RECORD PERIOD 1948 TO 2017


WEATHER ITEM   OBSERVED TIME   RECORD YEAR NORMAL DEPARTURE LAST
                VALUE   (LST)  VALUE       VALUE  FROM      YEAR
                                                  NORMAL
..................................................................
TEMPERATURE (F)
 TODAY
  MAXIMUM         77    146 PM  81    1959  70      7       69
  MINIMUM         70    815 AM  36    1957  53     17       58
  AVERAGE         74                        62     12       64

PRECIPITATION (IN)
  TODAY            0.00          4.80 2012   0.12  -0.12     0.00
  MONTH TO DATE    1.73                      3.22  -1.49     2.68
  SINCE SEP 1      1.73                      3.22  -1.49     2.68
  SINCE JAN 1     30.32                     32.12  -1.80    27.44

SNOWFALL (IN)
  TODAY            0.0          MM      MM   0.0    0.0      0.0
  MONTH TO DATE    0.0                       0.0    0.0      0.0
  SINCE OCT 1     40.9                      27.6   13.3     27.3
  SINCE JUL 1      0.0                       0.0    0.0      0.0
  SNOW DEPTH       0

DEGREE DAYS
 HEATING
  TODAY            0                         5     -5        1
  MONTH TO DATE   12                        54    -42       10
  SINCE SEP 1     12                        54    -42       10
  SINCE JUL 1     12                        58    -46       10

 COOLING
  TODAY            9                         1      8        0
  MONTH TO DATE  163                        96     67      191
  SINCE SEP 1    163                        96     67      191
  SINCE JAN 1   1000                       814    186     1243
..................................................................


WIND (MPH)
  HIGHEST WIND SPEED    26   HIGHEST WIND DIRECTION     N (340)
  HIGHEST GUST SPEED    36   HIGHEST GUST DIRECTION    NW (330)
  AVERAGE WIND SPEED    14.0


SKY COVER
  AVERAGE SKY COVER 0.2


WEATHER CONDITIONS
 THE FOLLOWING WEATHER WAS RECORDED TODAY.
  FOG
  FOG W/VISIBILITY <= 1/4 MILE


RELATIVE HUMIDITY (PERCENT)
 HIGHEST   100          1200 AM
 LOWEST     36           100 PM
 AVERAGE    68

..........................................................


THE BRIDGEPORT CT CLIMATE NORMALS FOR TOMORROW
                         NORMAL    RECORD    YEAR
 MAXIMUM TEMPERATURE (F)   69        83      1959
 MINIMUM TEMPERATURE (F)   53        39      2000
                                             1957


SUNRISE AND SUNSET
SEPTEMBER 28 2017.....SUNRISE   646 AM EDT   SUNSET   639 PM EDT
SEPTEMBER 29 2017.....SUNRISE   647 AM EDT   SUNSET   637 PM EDT


-  INDICATES NEGATIVE NUMBERS.
R  INDICATES RECORD WAS SET OR TIED.
MM INDICATES DATA IS MISSING.
T  INDICATES TRACE AMOUNT.




$$
