000
CDUS41 KOKX 120627
CLIBDR


CLIMATE REPORT
NATIONAL WEATHER SERVICE NEW YORK NY
227 AM EDT TUE MAY 12 2015


...................................

...THE BRIDGEPORT CT CLIMATE SUMMARY FOR MAY 11 2015...

CLIMATE NORMAL PERIOD 1981 TO 2010
CLIMATE RECORD PERIOD 1948 TO 2015


WEATHER ITEM   OBSERVED TIME   RECORD YEAR NORMAL DEPARTURE LAST
                VALUE   (LST)  VALUE       VALUE  FROM      YEAR
                                                  NORMAL
..................................................................
TEMPERATURE (F)
 YESTERDAY
  MAXIMUM         81    143 PM  86    1953  66     15       81
  MINIMUM         60    352 AM  32    1966  49     11       56
  AVERAGE         71                        58     13       69

PRECIPITATION (IN)
  YESTERDAY        T             1.01 1951   0.11  -0.11     0.21
  MONTH TO DATE    0.01                      1.26  -1.25     2.20
  SINCE MAR 1      6.82                      9.44  -2.62    12.88
  SINCE JAN 1     13.16                     15.33  -2.17    19.86

SNOWFALL (IN)
  YESTERDAY        0.0           0.0  2002   0.0    0.0      0.0
                                      2001
  MONTH TO DATE    0.0                       0.0    0.0      0.0
  SINCE OCT 1     59.7                      27.6   32.1     57.4
  SINCE JUL 1     59.7                      27.6   32.1     57.4
  SNOW DEPTH       0

DEGREE DAYS
 HEATING
  YESTERDAY        0                         8     -8        0
  MONTH TO DATE   53                       102    -49       65
  SINCE MAR 1   1464                      1370     94     1497
  SINCE JUL 1   5570                      5257    313     5545

 COOLING
  YESTERDAY        6                         0      6        4
  MONTH TO DATE   11                         0     11        6
  SINCE MAR 1     11                         2      9        6
  SINCE JAN 1     11                         2      9        6
..................................................................


WIND (MPH)
  HIGHEST WIND SPEED    20   HIGHEST WIND DIRECTION     S (200)
  HIGHEST GUST SPEED    26   HIGHEST GUST DIRECTION     S (190)
  AVERAGE WIND SPEED     8.5


SKY COVER
  AVERAGE SKY COVER 0.5


WEATHER CONDITIONS
 THE FOLLOWING WEATHER WAS RECORDED YESTERDAY.
  FOG
  FOG W/VISIBILITY <= 1/4 MILE


RELATIVE HUMIDITY (PERCENT)
 HIGHEST   100           400 AM
 LOWEST     62           200 PM
 AVERAGE    81

..........................................................


THE BRIDGEPORT CT CLIMATE NORMALS FOR TODAY
                         NORMAL    RECORD    YEAR
 MAXIMUM TEMPERATURE (F)   66        88      1991
 MINIMUM TEMPERATURE (F)   49        40      1990


SUNRISE AND SUNSET
MAY 12 2015...........SUNRISE   538 AM EDT   SUNSET   801 PM EDT
MAY 13 2015...........SUNRISE   537 AM EDT   SUNSET   802 PM EDT


-  INDICATES NEGATIVE NUMBERS.
R  INDICATES RECORD WAS SET OR TIED.
MM INDICATES DATA IS MISSING.
T  INDICATES TRACE AMOUNT.




$$
