000
CDUS41 KOKX 280618
CLIBDR


CLIMATE REPORT
NATIONAL WEATHER SERVICE NEW YORK NY
218 AM EDT FRI JUL 28 2017


...................................

...THE BRIDGEPORT CT CLIMATE SUMMARY FOR JULY 27 2017...

CLIMATE NORMAL PERIOD 1981 TO 2010
CLIMATE RECORD PERIOD 1948 TO 2017


WEATHER ITEM   OBSERVED TIME   RECORD YEAR NORMAL DEPARTURE LAST
                VALUE   (LST)  VALUE       VALUE  FROM      YEAR
                                                  NORMAL
..................................................................
TEMPERATURE (F)
 YESTERDAY
  MAXIMUM         77    119 PM  91    2005  83     -6       89
                                      1999
                                      1995
  MINIMUM         65    531 AM  54    1977  67     -2       70
  AVERAGE         71                        75     -4       80

PRECIPITATION (IN)
  YESTERDAY        T             1.53 1960   0.13  -0.13     0.00
  MONTH TO DATE    2.54                      2.92  -0.38     4.26
  SINCE JUN 1      4.94                      6.53  -1.59     5.52
  SINCE JAN 1     24.78                     24.40   0.38    21.06

SNOWFALL (IN)
  YESTERDAY        0.0           0.0  2002   0.0    0.0      0.0
                                      2001
  MONTH TO DATE    0.0                       0.0    0.0      0.0
  SINCE OCT 1     40.9                      27.6   13.3     27.3
  SINCE JUL 1      0.0                       0.0    0.0      0.0
  SNOW DEPTH       0

DEGREE DAYS
 HEATING
  YESTERDAY        0                         0      0        0
  MONTH TO DATE    0                         0      0        0
  SINCE JUN 1     25                        32     -7        4
  SINCE JUL 1      0                         0      0        0

 COOLING
  YESTERDAY        6                        10     -4       15
  MONTH TO DATE  293                       252     41      345
  SINCE JUN 1    507                       395    112      517
  SINCE JAN 1    551                       419    132      575
..................................................................


WIND (MPH)
  HIGHEST WIND SPEED    15   HIGHEST WIND DIRECTION    SW (210)
  HIGHEST GUST SPEED    19   HIGHEST GUST DIRECTION    SW (210)
  AVERAGE WIND SPEED     6.9


SKY COVER
  AVERAGE SKY COVER 0.4


WEATHER CONDITIONS
 THE FOLLOWING WEATHER WAS RECORDED YESTERDAY.
  LIGHT RAIN


RELATIVE HUMIDITY (PERCENT)
 HIGHEST    93          1100 PM
 LOWEST     60          1100 AM
 AVERAGE    77

..........................................................


THE BRIDGEPORT CT CLIMATE NORMALS FOR TODAY
                         NORMAL    RECORD    YEAR
 MAXIMUM TEMPERATURE (F)   83        95      1949
 MINIMUM TEMPERATURE (F)   67        54      1977


SUNRISE AND SUNSET
JULY 28 2017..........SUNRISE   544 AM EDT   SUNSET   813 PM EDT
JULY 29 2017..........SUNRISE   545 AM EDT   SUNSET   812 PM EDT


-  INDICATES NEGATIVE NUMBERS.
R  INDICATES RECORD WAS SET OR TIED.
MM INDICATES DATA IS MISSING.
T  INDICATES TRACE AMOUNT.




$$
