000
CDUS41 KOKX 310617
CLIBDR


CLIMATE REPORT
NATIONAL WEATHER SERVICE NEW YORK NY
117 AM EST SAT DEC 31 2016


...................................

...THE BRIDGEPORT CT CLIMATE SUMMARY FOR DECEMBER 30 2016...

CLIMATE NORMAL PERIOD 1981 TO 2010
CLIMATE RECORD PERIOD 1948 TO 2016


WEATHER ITEM   OBSERVED TIME   RECORD YEAR NORMAL DEPARTURE LAST
                VALUE   (LST)  VALUE       VALUE  FROM      YEAR
                                                  NORMAL
..................................................................
TEMPERATURE (F)
 YESTERDAY
  MAXIMUM         43    213 PM  61    1984  38      5       42
  MINIMUM         34   1159 PM  -1    1962  24     10       35
  AVERAGE         39                        31      8       39

PRECIPITATION (IN)
  YESTERDAY        0.00          1.69 1948   0.10  -0.10     0.23
  MONTH TO DATE    3.43                      3.24   0.19     4.83
  SINCE DEC 1      3.43                      3.24   0.19     4.83
  SINCE JAN 1     39.40                     42.65  -3.25    34.94

SNOWFALL (IN)
  YESTERDAY        0.0          10.0  2000   0.3   -0.3      0.0
  MONTH TO DATE    6.0                       4.9    1.1      0.7
  SINCE OCT 1      6.0                       5.6    0.4      0.7
  SINCE JUL 1      6.0                       5.6    0.4      0.7
  SNOW DEPTH       0

DEGREE DAYS
 HEATING
  YESTERDAY       26                        34     -8       26
  MONTH TO DATE  811                       887    -76      524
  SINCE DEC 1    811                       887    -76      524
  SINCE JUL 1   1539                      1861   -322     1268

 COOLING
  YESTERDAY        0                         0      0        0
  MONTH TO DATE    0                         0      0        0
  SINCE DEC 1      0                         0      0        0
  SINCE JAN 1   1270                       825    445     1122
..................................................................


WIND (MPH)
  HIGHEST WIND SPEED    26   HIGHEST WIND DIRECTION     W (280)
  HIGHEST GUST SPEED    38   HIGHEST GUST DIRECTION     W (270)
  AVERAGE WIND SPEED    13.2


SKY COVER
  AVERAGE SKY COVER 0.2


WEATHER CONDITIONS
 THE FOLLOWING WEATHER WAS RECORDED YESTERDAY.
  NO SIGNIFICANT WEATHER WAS OBSERVED.


RELATIVE HUMIDITY (PERCENT)
 HIGHEST    70          1200 AM
 LOWEST     43           100 PM
 AVERAGE    57

..........................................................


THE BRIDGEPORT CT CLIMATE NORMALS FOR TODAY
                         NORMAL    RECORD    YEAR
 MAXIMUM TEMPERATURE (F)   38        57      1965
 MINIMUM TEMPERATURE (F)   24         0      1962


SUNRISE AND SUNSET
DECEMBER 31 2016......SUNRISE   718 AM EST   SUNSET   434 PM EST
JANUARY  1 2017.......SUNRISE   718 AM EST   SUNSET   435 PM EST


-  INDICATES NEGATIVE NUMBERS.
R  INDICATES RECORD WAS SET OR TIED.
MM INDICATES DATA IS MISSING.
T  INDICATES TRACE AMOUNT.




$$
