000
CDUS41 KOKX 170616
CLIBDR


CLIMATE REPORT
NATIONAL WEATHER SERVICE NEW YORK NY
216 AM EDT FRI MAR 17 2017


...................................

...THE BRIDGEPORT CT CLIMATE SUMMARY FOR MARCH 16 2017...

CLIMATE NORMAL PERIOD 1981 TO 2010
CLIMATE RECORD PERIOD 1948 TO 2017


WEATHER ITEM   OBSERVED TIME   RECORD YEAR NORMAL DEPARTURE LAST
                VALUE   (LST)  VALUE       VALUE  FROM      YEAR
                                                  NORMAL
..................................................................
TEMPERATURE (F)
 YESTERDAY
  MAXIMUM         39    451 PM  65    1990  47     -8       59
  MINIMUM         25    641 AM  15    1992  31     -6       41
  AVERAGE         32                        39     -7       50

PRECIPITATION (IN)
  YESTERDAY        0.00          1.02 1974   0.13  -0.13     0.06
  MONTH TO DATE    1.99                      2.00  -0.01     1.38
  SINCE MAR 1      1.99                      2.00  -0.01     1.38
  SINCE JAN 1      7.18                      7.89  -0.71     8.54

SNOWFALL (IN)
  YESTERDAY        0.0           6.5  1956   0.1   -0.1      0.0
  MONTH TO DATE   11.1                       3.4    7.7      0.3
  SINCE OCT 1     40.9                      25.0   15.9     25.2
  SINCE JUL 1     40.9                      25.0   15.9     25.2
  SNOW DEPTH       0

DEGREE DAYS
 HEATING
  YESTERDAY       33                        26      7       15
  MONTH TO DATE  484                       447     37      337
  SINCE MAR 1    484                       447     37      337
  SINCE JUL 1   3651                      4334   -683     3472

 COOLING
  YESTERDAY        0                         0      0        0
  MONTH TO DATE    0                         0      0        0
  SINCE MAR 1      0                         0      0        0
  SINCE JAN 1      0                         0      0        0
..................................................................


WIND (MPH)
  HIGHEST WIND SPEED    24   HIGHEST WIND DIRECTION     W (290)
  HIGHEST GUST SPEED    31   HIGHEST GUST DIRECTION     W (290)
  AVERAGE WIND SPEED    13.8


SKY COVER
  AVERAGE SKY COVER 0.0


WEATHER CONDITIONS
 THE FOLLOWING WEATHER WAS RECORDED YESTERDAY.
  NO SIGNIFICANT WEATHER WAS OBSERVED.


RELATIVE HUMIDITY (PERCENT)
 HIGHEST    60           400 AM
 LOWEST     29           500 PM
 AVERAGE    45

..........................................................


THE BRIDGEPORT CT CLIMATE NORMALS FOR TODAY
                         NORMAL    RECORD    YEAR
 MAXIMUM TEMPERATURE (F)   47        64      1990
 MINIMUM TEMPERATURE (F)   32        14      1967


SUNRISE AND SUNSET
MARCH 17 2017.........SUNRISE   701 AM EDT   SUNSET   702 PM EDT
MARCH 18 2017.........SUNRISE   659 AM EDT   SUNSET   703 PM EDT


-  INDICATES NEGATIVE NUMBERS.
R  INDICATES RECORD WAS SET OR TIED.
MM INDICATES DATA IS MISSING.
T  INDICATES TRACE AMOUNT.




$$
