172
CDUS41 KOKX 260623
CLIBDR


CLIMATE REPORT
NATIONAL WEATHER SERVICE NEW YORK NY
123 AM EST TUE JAN 26 2016


...................................

...THE BRIDGEPORT CT CLIMATE SUMMARY FOR JANUARY 25 2016...

CLIMATE NORMAL PERIOD 1981 TO 2010
CLIMATE RECORD PERIOD 1948 TO 2016


WEATHER ITEM   OBSERVED TIME   RECORD YEAR NORMAL DEPARTURE LAST
                VALUE   (LST)  VALUE       VALUE  FROM      YEAR
                                                  NORMAL
..................................................................
TEMPERATURE (F)
 YESTERDAY
  MAXIMUM         37    407 PM  55    2010  37      0       40
  MINIMUM         22    826 AM   2    2004  23     -1       24
                                      1961
  AVERAGE         30                        30      0       32

PRECIPITATION (IN)
  YESTERDAY        0.00          1.43 1978   0.09  -0.09     0.00
  MONTH TO DATE    2.26                      2.54  -0.28     3.63
  SINCE DEC 1      7.20                      5.87   1.33     9.28
  SINCE JAN 1      2.26                      2.54  -0.28     3.63

SNOWFALL (IN)
  YESTERDAY        0.0           4.0  2000   0.2   -0.2      0.0
  MONTH TO DATE   10.3                       6.2    4.1      9.7
  SINCE OCT 1     11.0                      12.0   -1.0     10.6
  SINCE JUL 1     11.0                      12.0   -1.0     10.6
  SNOW DEPTH       9

DEGREE DAYS
 HEATING
  YESTERDAY       35                        35      0       33
  MONTH TO DATE  808                       871    -63      883
  SINCE DEC 1   1352                      1790   -438     1681
  SINCE JUL 1   2096                      2764   -668     2587

 COOLING
  YESTERDAY        0                         0      0        0
  MONTH TO DATE    0                         0      0        0
  SINCE DEC 1      0                         0      0        0
  SINCE JAN 1      0                         0      0        0
..................................................................


WIND (MPH)
  HIGHEST WIND SPEED    18   HIGHEST WIND DIRECTION    NW (310)
  HIGHEST GUST SPEED    21   HIGHEST GUST DIRECTION    NW (310)
  AVERAGE WIND SPEED     5.2


SKY COVER
  AVERAGE SKY COVER 0.2


WEATHER CONDITIONS
 THE FOLLOWING WEATHER WAS RECORDED YESTERDAY.
  NO SIGNIFICANT WEATHER WAS OBSERVED.


RELATIVE HUMIDITY (PERCENT)
 HIGHEST    85          1000 PM
 LOWEST     46          1200 AM
 AVERAGE    66

..........................................................


THE BRIDGEPORT CT CLIMATE NORMALS FOR TODAY
                         NORMAL    RECORD    YEAR
 MAXIMUM TEMPERATURE (F)   37        60      1950
 MINIMUM TEMPERATURE (F)   23         5      2007
                                             1994


SUNRISE AND SUNSET
JANUARY 26 2016.......SUNRISE   709 AM EST   SUNSET   501 PM EST
JANUARY 27 2016.......SUNRISE   708 AM EST   SUNSET   502 PM EST


-  INDICATES NEGATIVE NUMBERS.
R  INDICATES RECORD WAS SET OR TIED.
MM INDICATES DATA IS MISSING.
T  INDICATES TRACE AMOUNT.




$$
