000
CDUS41 KOKX 280622
CLIBDR


CLIMATE REPORT
NATIONAL WEATHER SERVICE NEW YORK NY
122 AM EST SAT JAN 28 2017


...................................

...THE BRIDGEPORT CT CLIMATE SUMMARY FOR JANUARY 27 2017...

CLIMATE NORMAL PERIOD 1981 TO 2010
CLIMATE RECORD PERIOD 1948 TO 2017


WEATHER ITEM   OBSERVED TIME   RECORD YEAR NORMAL DEPARTURE LAST
                VALUE   (LST)  VALUE       VALUE  FROM      YEAR
                                                  NORMAL
..................................................................
TEMPERATURE (F)
 YESTERDAY
  MAXIMUM         46   1058 AM  65    1974  37      9       46
  MINIMUM         38   1159 PM  -1    1994  23     15       28
  AVERAGE         42                        30     12       37

PRECIPITATION (IN)
  YESTERDAY        0.00          1.75 1976   0.09  -0.09      T
  MONTH TO DATE    3.16                      2.72   0.44     2.26
  SINCE DEC 1      6.59                      6.05   0.54     7.20
  SINCE JAN 1      3.16                      2.72   0.44     2.26

SNOWFALL (IN)
  YESTERDAY        0.0           7.0  2011   0.2   -0.2      0.0
  MONTH TO DATE    8.5                       6.7    1.8     10.3
  SINCE OCT 1     14.5                      12.5    2.0     11.0
  SINCE JUL 1     14.5                      12.5    2.0     11.0
  SNOW DEPTH       0

DEGREE DAYS
 HEATING
  YESTERDAY       23                        35    -12       28
  MONTH TO DATE  740                       941   -201      867
  SINCE DEC 1   1577                      1860   -283     1411
  SINCE JUL 1   2305                      2834   -529     2155

 COOLING
  YESTERDAY        0                         0      0        0
  MONTH TO DATE    0                         0      0        0
  SINCE DEC 1      0                         0      0        0
  SINCE JAN 1      0                         0      0        0
..................................................................


WIND (MPH)
  HIGHEST WIND SPEED    25   HIGHEST WIND DIRECTION     W (270)
  HIGHEST GUST SPEED    35   HIGHEST GUST DIRECTION     W (270)
  AVERAGE WIND SPEED    12.0


SKY COVER
  AVERAGE SKY COVER 0.7


WEATHER CONDITIONS
 THE FOLLOWING WEATHER WAS RECORDED YESTERDAY.
  NO SIGNIFICANT WEATHER WAS OBSERVED.


RELATIVE HUMIDITY (PERCENT)
 HIGHEST    64           500 AM
 LOWEST     37           200 PM
 AVERAGE    51

..........................................................


THE BRIDGEPORT CT CLIMATE NORMALS FOR TODAY
                         NORMAL    RECORD    YEAR
 MAXIMUM TEMPERATURE (F)   37        55      2006
 MINIMUM TEMPERATURE (F)   23         3      2003


SUNRISE AND SUNSET
JANUARY 28 2017.......SUNRISE   707 AM EST   SUNSET   505 PM EST
JANUARY 29 2017.......SUNRISE   706 AM EST   SUNSET   506 PM EST


-  INDICATES NEGATIVE NUMBERS.
R  INDICATES RECORD WAS SET OR TIED.
MM INDICATES DATA IS MISSING.
T  INDICATES TRACE AMOUNT.




$$
