000
CDUS41 KOKX 080618
CLIBDR


CLIMATE REPORT
NATIONAL WEATHER SERVICE NEW YORK NY
218 AM EDT SUN MAY 8 2016


...................................

...THE BRIDGEPORT CT CLIMATE SUMMARY FOR MAY 7 2016...

CLIMATE NORMAL PERIOD 1981 TO 2010
CLIMATE RECORD PERIOD 1948 TO 2016


WEATHER ITEM   OBSERVED TIME   RECORD YEAR NORMAL DEPARTURE LAST
                VALUE   (LST)  VALUE       VALUE  FROM      YEAR
                                                  NORMAL
..................................................................
TEMPERATURE (F)
 YESTERDAY
  MAXIMUM         55   1138 AM  87    2000  65    -10       77
  MINIMUM         49    554 AM  35    1967  48      1       47
  AVERAGE         52                        56     -4       62

PRECIPITATION (IN)
  YESTERDAY        0.02          1.35 1967   0.12  -0.10     0.00
  MONTH TO DATE    1.44                      0.82   0.62      T
  SINCE MAR 1      6.32                      9.00  -2.68     6.81
  SINCE JAN 1     13.48                     14.89  -1.41    13.15

SNOWFALL (IN)
  YESTERDAY        0.0           0.0  2002   0.0    0.0      0.0
                                      2001
  MONTH TO DATE    0.0                       0.0    0.0      0.0
  SINCE OCT 1     27.3                      27.6   -0.3     59.7
  SINCE JUL 1     27.3                      27.6   -0.3     59.7
  SNOW DEPTH       0

DEGREE DAYS
 HEATING
  YESTERDAY       13                         9      4        3
  MONTH TO DATE  101                        69     32       43
  SINCE MAR 1   1185                      1337   -152     1457
  SINCE JUL 1   4320                      5224   -904     5563

 COOLING
  YESTERDAY        0                         0      0        0
  MONTH TO DATE    0                         0      0        3
  SINCE MAR 1      0                         2     -2        3
  SINCE JAN 1      0                         2     -2        3
..................................................................


WIND (MPH)
  HIGHEST WIND SPEED    20   HIGHEST WIND DIRECTION     E (80)
  HIGHEST GUST SPEED    24   HIGHEST GUST DIRECTION     E (90)
  AVERAGE WIND SPEED     6.9


SKY COVER
  AVERAGE SKY COVER 1.0


WEATHER CONDITIONS
 THE FOLLOWING WEATHER WAS RECORDED YESTERDAY.
  LIGHT RAIN
  FOG


RELATIVE HUMIDITY (PERCENT)
 HIGHEST   100           200 AM
 LOWEST     83          1200 PM
 AVERAGE    92

..........................................................


THE BRIDGEPORT CT CLIMATE NORMALS FOR TODAY
                         NORMAL    RECORD    YEAR
 MAXIMUM TEMPERATURE (F)   65        87      2000
 MINIMUM TEMPERATURE (F)   48        37      1956


SUNRISE AND SUNSET
MAY  8 2016...........SUNRISE   541 AM EDT   SUNSET   757 PM EDT
MAY  9 2016...........SUNRISE   540 AM EDT   SUNSET   758 PM EDT


-  INDICATES NEGATIVE NUMBERS.
R  INDICATES RECORD WAS SET OR TIED.
MM INDICATES DATA IS MISSING.
T  INDICATES TRACE AMOUNT.




$$
