000
CDUS41 KOKX 010618
CLIBDR


CLIMATE REPORT
NATIONAL WEATHER SERVICE NEW YORK NY
218 AM EDT MON AUG 1 2016


...................................

...THE BRIDGEPORT CT CLIMATE SUMMARY FOR JULY 31 2016...

CLIMATE NORMAL PERIOD 1981 TO 2010
CLIMATE RECORD PERIOD 1948 TO 2016


WEATHER ITEM   OBSERVED TIME   RECORD YEAR NORMAL DEPARTURE LAST
                VALUE   (LST)  VALUE       VALUE  FROM      YEAR
                                                  NORMAL
..................................................................
TEMPERATURE (F)
 YESTERDAY
  MAXIMUM         79   1100 AM  94    1954  82     -3       90
  MINIMUM         71   1159 PM  55    1956  67      4       70
  AVERAGE         75                        75      0       80

PRECIPITATION (IN)
  YESTERDAY        0.24          1.61 1985   0.14   0.10     0.00
  MONTH TO DATE    4.80                      3.46   1.34     2.67
  SINCE JUN 1      6.06                      7.07  -1.01     7.40
  SINCE JAN 1     21.60                     24.94  -3.34    21.70

SNOWFALL (IN)
  YESTERDAY        0.0           0.0  2002   0.0    0.0      0.0
                                      2001
  MONTH TO DATE    0.0                       0.0    0.0      0.0
  SINCE OCT 1     27.3                      27.6   -0.3     59.7
  SINCE JUL 1      0.0                       0.0    0.0      0.0
  SNOW DEPTH       0

DEGREE DAYS
 HEATING
  YESTERDAY        0                         0      0        0
  MONTH TO DATE    0                         0      0        0
  SINCE JUN 1      4                        33    -29       52
  SINCE JUL 1      0                         1     -1        0

 COOLING
  YESTERDAY       10                        10      0       15
  MONTH TO DATE  397                       289    108      353
  SINCE JUN 1    569                       432    137      514
  SINCE JAN 1    627                       456    171      568
..................................................................


WIND (MPH)
  HIGHEST WIND SPEED    21   HIGHEST WIND DIRECTION     E (90)
  HIGHEST GUST SPEED    24   HIGHEST GUST DIRECTION     E (90)
  AVERAGE WIND SPEED    12.7


SKY COVER
  AVERAGE SKY COVER 0.9


WEATHER CONDITIONS
 THE FOLLOWING WEATHER WAS RECORDED YESTERDAY.
  RAIN
  LIGHT RAIN
  FOG


RELATIVE HUMIDITY (PERCENT)
 HIGHEST    94           100 AM
 LOWEST     74           300 PM
 AVERAGE    84

..........................................................


THE BRIDGEPORT CT CLIMATE NORMALS FOR TODAY
                         NORMAL    RECORD    YEAR
 MAXIMUM TEMPERATURE (F)   82        95      2006
 MINIMUM TEMPERATURE (F)   67        55      1964


SUNRISE AND SUNSET
AUGUST  1 2016........SUNRISE   549 AM EDT   SUNSET   808 PM EDT
AUGUST  2 2016........SUNRISE   550 AM EDT   SUNSET   807 PM EDT


-  INDICATES NEGATIVE NUMBERS.
R  INDICATES RECORD WAS SET OR TIED.
MM INDICATES DATA IS MISSING.
T  INDICATES TRACE AMOUNT.




$$
